{"id":29,"date":"2018-09-12T15:30:43","date_gmt":"2018-09-12T08:30:43","guid":{"rendered":"http:\/\/demo.bmconnect.vn\/xkld3\/?page_id=29"},"modified":"2018-09-14T23:37:38","modified_gmt":"2018-09-14T16:37:38","slug":"lien-he","status":"publish","type":"page","link":"https:\/\/demo.bmconnect.vn\/xkld3\/lien-he\/","title":{"rendered":"Li\u00ean h\u1ec7"},"content":{"rendered":"\t<section class=\"section\" id=\"section_720855206\">\n\t\t<div class=\"bg section-bg fill bg-fill  \" >\n\n\t\t\t\n\t\t\t<div class=\"section-bg-overlay absolute fill\"><\/div>\n\t\t\t\n\n\t\t<\/div>\n\n\t\t<div class=\"section-content relative\">\n\t\t\t\n<div class=\"row row-small\"  id=\"row-190539699\">\n\n\t<div id=\"col-1209386552\" class=\"col small-12 large-12\"  >\n\t\t\t\t<div class=\"col-inner dark\"  >\n\t\t\t\n\t\t\t\n\t<div id=\"gap-1207073680\" class=\"gap-element clearfix\" style=\"display:block; height:auto;\">\n\t\t\n<style>\n#gap-1207073680 {\n  padding-top: 30px;\n}\n<\/style>\n\t<\/div>\n\t\n<h1><span style=\"font-size: 120%;\">Li\u00ean h\u1ec7 <\/span><\/h1>\n\t\t<\/div>\n\t\t\t\t\t<\/div>\n\n\t\n<\/div>\n\t\t<\/div>\n\n\t\t\n<style>\n#section_720855206 {\n  padding-top: 5px;\n  padding-bottom: 5px;\n}\n#section_720855206 .section-bg-overlay {\n  background-color: rgba(0, 0, 0, 0.34);\n}\n#section_720855206 .section-bg.bg-loaded {\n  background-image: url(https:\/\/demo.bmconnect.vn\/xkld3\/wp-content\/uploads\/2018\/09\/xkld-2.jpg);\n}\n<\/style>\n\t<\/section>\n\t\n\t<section class=\"section noi-dung-gioi-thieu\" id=\"section_1222233429\">\n\t\t<div class=\"bg section-bg fill bg-fill  bg-loaded\" >\n\n\t\t\t\n\t\t\t\n\t\t\t\n\n\t\t<\/div>\n\n\t\t<div class=\"section-content relative\">\n\t\t\t\n<div class=\"row\"  id=\"row-409019814\">\n\n\t<div id=\"col-443695425\" class=\"col medium-9 small-12 large-9\"  >\n\t\t\t\t<div class=\"col-inner\"  >\n\t\t\t\n\t\t\t\n<div role=\"form\" class=\"wpcf7\" id=\"wpcf7-f631-o1\" lang=\"vi\" dir=\"ltr\">\n<div class=\"screen-reader-response\"><p role=\"status\" aria-live=\"polite\" aria-atomic=\"true\"><\/p> <ul><\/ul><\/div>\n<form action=\"\/xkld3\/wp-json\/wp\/v2\/pages\/29#wpcf7-f631-o1\" method=\"post\" class=\"wpcf7-form init\" novalidate=\"novalidate\" data-status=\"init\">\n<div style=\"display: none;\">\n<input type=\"hidden\" name=\"_wpcf7\" value=\"631\" \/>\n<input type=\"hidden\" name=\"_wpcf7_version\" value=\"5.4.2\" \/>\n<input type=\"hidden\" name=\"_wpcf7_locale\" value=\"vi\" \/>\n<input type=\"hidden\" name=\"_wpcf7_unit_tag\" value=\"wpcf7-f631-o1\" \/>\n<input type=\"hidden\" name=\"_wpcf7_container_post\" value=\"0\" \/>\n<input type=\"hidden\" name=\"_wpcf7_posted_data_hash\" value=\"\" \/>\n<\/div>\n<div class=\"form-tu-van\">\n<span class=\"tieu-de\">Li\u00ean h\u1ec7 t\u01b0 v\u1ea5n mi\u1ec5n ph\u00ed<\/span><\/p>\n<table>\n<tr>\n<td><label>H\u1ecd v\u00e0 t\u00ean:<\/label><\/td>\n<td><span class=\"wpcf7-form-control-wrap text-910\"><input type=\"text\" name=\"text-910\" value=\"\" size=\"40\" class=\"wpcf7-form-control wpcf7-text wpcf7-validates-as-required\" aria-required=\"true\" aria-invalid=\"false\" placeholder=\"H\u1ecd v\u00e0 t\u00ean...\" \/><\/span><\/td>\n<\/tr>\n<tr>\n<td><label>\u0110\u1ecba ch\u1ec9 email:<\/label><\/td>\n<td><span class=\"wpcf7-form-control-wrap email-946\"><input type=\"email\" name=\"email-946\" value=\"\" size=\"40\" class=\"wpcf7-form-control wpcf7-text wpcf7-email wpcf7-validates-as-email\" aria-invalid=\"false\" placeholder=\"\u0110\u1ecba ch\u1ec9 email...\" \/><\/span><\/td>\n<\/tr>\n<tr>\n<td><label>Ng\u00e0y th\u00e1ng n\u0103m sinh:<\/label><\/td>\n<td><span class=\"wpcf7-form-control-wrap date-37\"><input type=\"date\" name=\"date-37\" value=\"\" class=\"wpcf7-form-control wpcf7-date wpcf7-validates-as-date\" min=\"1979-01-01\" max=\"2005-01-01\" aria-invalid=\"false\" placeholder=\"Ng\u00e0y sinh\" \/><\/span><\/td>\n<\/tr>\n<tr>\n<td><label>S\u1ed1 \u0111i\u1ec7n tho\u1ea1i:<\/label><\/td>\n<td><span class=\"wpcf7-form-control-wrap tel-65\"><input type=\"tel\" name=\"tel-65\" value=\"\" size=\"40\" class=\"wpcf7-form-control wpcf7-text wpcf7-tel wpcf7-validates-as-required wpcf7-validates-as-tel\" aria-required=\"true\" aria-invalid=\"false\" placeholder=\"S\u1ed1 \u0111i\u1ec7n tho\u1ea1i...\" \/><\/span><\/td>\n<\/tr>\n<tr>\n<td><label>\u0110\u1ecba ch\u1ec9:<\/label><\/td>\n<td><span class=\"wpcf7-form-control-wrap text-913\"><input type=\"text\" name=\"text-913\" value=\"\" size=\"40\" class=\"wpcf7-form-control wpcf7-text\" aria-invalid=\"false\" placeholder=\"\u0110\u1ecba ch\u1ec9...\" \/><\/span><\/td>\n<\/tr>\n<tr>\n<td>\n<div class=\"dang-ky\">\n<input type=\"submit\" value=\"\u0110\u0103ng k\u00fd t\u01b0 v\u1ea5n\" class=\"wpcf7-form-control wpcf7-submit\" \/>\n<\/div>\n<\/td>\n<td>Hotline t\u01b0 v\u1ea5n mi\u1ec5n ph\u00ed: 0972.939.830<\/td>\n<\/tr>\n<\/table>\n<\/div>\n<div class=\"wpcf7-response-output\" aria-hidden=\"true\"><\/div><\/form><\/div>\n<p><iframe loading=\"lazy\" style=\"border: 0;\" src=\"https:\/\/www.google.com\/maps\/embed?pb=!1m18!1m12!1m3!1d931.3032775966547!2d105.7939016291512!3d20.984092851289216!2m3!1f0!2f0!3f0!3m2!1i1024!2i768!4f13.1!3m3!1m2!1s0x3135acc6066cb537%3A0x4fc1c256d7cdb4d!2zR2l1c2VBcnQgLSBUaGnhur90IGvhur8gxJHhu5MgaOG7jWEgdsOgIHdlYnNpdGUgY2h1ecOqbiBuZ2hp4buHcA!5e0!3m2!1svi!2s!4v1536943031714\" width=\"100%\" height=\"250\" frameborder=\"0\" allowfullscreen=\"allowfullscreen\"><\/iframe><\/p>\n\t\t<\/div>\n\t\t\t\t\t<\/div>\n\n\t\n\n\t<div id=\"col-1685137626\" class=\"col cot2 medium-3 small-12 large-3\"  >\n\t\t\t\t<div class=\"col-inner\"  >\n\t\t\t\n\t\t\t\n<div class=\"container section-title-container\" ><h2 class=\"section-title section-title-normal\"><b><\/b><span class=\"section-title-main\" style=\"font-size:80%;color:rgb(255, 100, 0);\">Gi\u1edbi thi\u1ec7u<\/span><b><\/b><\/h2><\/div>\n<p><a href=\"https:\/\/giuseart.com\">Gi\u1edbi thi\u1ec7u<\/a><\/p>\n<p><a href=\"https:\/\/giuseart.com\">Gi\u00e1 tr\u1ecb c\u1ed1t l\u00f5i<\/a><\/p>\n<p><a href=\"https:\/\/giuseart.com\">T\u1ea7m nh\u00ecn &amp; S\u1ee9 m\u1ec7nh<\/a><\/p>\n<p><a href=\"https:\/\/giuseart.com\">L\u1ecbch s\u1eed ph\u00e1t tri\u1ec3n<\/a><\/p>\n<p><a href=\"https:\/\/giuseart.com\">Ban l\u00e3nh \u0111\u1ea1o<\/a><\/p>\n<p><a href=\"https:\/\/giuseart.com\">S\u01a1 \u0111\u1ed3 t\u1ed5 ch\u1ee9c<\/a><\/p>\n<div class=\"container section-title-container\" ><h2 class=\"section-title section-title-normal\"><b><\/b><span class=\"section-title-main\" style=\"font-size:80%;color:rgb(255, 100, 0);\">D\u1ecbch v\u1ee5 CEO's<\/span><b><\/b><\/h2><\/div>\n<p><a href=\"https:\/\/giuseart.com\">Xu\u1ea5t kh\u1ea9u lao \u0111\u1ed9ng<\/a><\/p>\n<p><a href=\"https:\/\/giuseart.com\">Th\u1ef1c t\u1eadp sinh \u0110i\u1ec1u d\u01b0\u1ee1ng<\/a><\/p>\n<p><a href=\"https:\/\/giuseart.com\">Th\u1ef1c t\u1eadp sinh k\u1ef9 n\u0103ng Nh\u1eadt B\u1ea3n<\/a><\/p>\n<p><a href=\"https:\/\/giuseart.com\">K\u1ef9 s\u01b0 Nh\u1eadt B\u1ea3n<\/a><\/p>\n<p><a href=\"https:\/\/giuseart.com\">T\u01b0 v\u1ea5n du h\u1ecdc<\/a><\/p>\n<p><a href=\"https:\/\/giuseart.com\">Du h\u1ecdc ng\u00e0nh \u0111i\u1ec1u d\u01b0\u1ee1ng<\/a><\/p>\n<p><a href=\"https:\/\/giuseart.com\">Du h\u1ecdc Nh\u1eadt B\u1ea3n<\/a><\/p>\n<p><a href=\"https:\/\/giuseart.com\">T\u01b0 v\u1ea5n \u0111\u1ea7u t\u01b0<\/a><\/p>\n<p><a href=\"https:\/\/giuseart.com\">\u0110\u00e0o t\u1ea1o ngo\u1ea1i ng\u1eef<\/a><\/p>\n\t\t<\/div>\n\t\t\t\t\t<\/div>\n\n\t\n<\/div>\n\t\t<\/div>\n\n\t\t\n<style>\n#section_1222233429 {\n  padding-top: 30px;\n  padding-bottom: 30px;\n}\n<\/style>\n\t<\/section>\n\t\n\t<section class=\"section section5\" id=\"section_12302190\">\n\t\t<div class=\"bg section-bg fill bg-fill  bg-loaded\" >\n\n\t\t\t\n\t\t\t\n\t\t\t\n\n\t\t<\/div>\n\n\t\t<div class=\"section-content relative\">\n\t\t\t\n<div class=\"row row-small\"  id=\"row-754052314\">\n\n\t<div id=\"col-506544435\" class=\"col medium-1 small-12 large-1\"  >\n\t\t\t\t<div class=\"col-inner\"  >\n\t\t\t\n\t\t\t\n\t\t<\/div>\n\t\t\t\t\t<\/div>\n\n\t\n\n\t<div id=\"col-336748674\" class=\"col medium-5 small-12 large-5\"  >\n\t\t\t\t<div class=\"col-inner text-right dark\"  >\n\t\t\t\n\t\t\t\n\n\t\t<div class=\"icon-box featured-box icon-box-left text-left\"  >\n\t\t\t\t\t<div class=\"icon-box-img\" style=\"width: 50px\">\n\t\t\t\t<div class=\"icon\">\n\t\t\t\t\t<div class=\"icon-inner\" >\n\t\t\t\t\t\t<img width=\"100\" height=\"100\" src=\"https:\/\/demo.bmconnect.vn\/xkld3\/wp-content\/uploads\/2018\/09\/email-icon-84013.png\" class=\"attachment-medium size-medium\" alt=\"\" loading=\"lazy\" \/>\t\t\t\t\t<\/div>\n\t\t\t\t<\/div>\n\t\t\t<\/div>\n\t\t\t\t<div class=\"icon-box-text last-reset\">\n\t\t\t\t\t\t\t\t\t\n<h3>\u0110\u0103ng k\u00fd t\u01b0 v\u1ea5n<\/h3>\n<p>Th\u00f4ng tin v\u1ec1 vi\u1ec7c l\u00e0m, ch\u01b0\u01a1ng tr\u00ecnh h\u1ecdc t\u1ea1i Nh\u1eadt<\/p>\n\t\t<\/div>\n\t<\/div>\n\t\n\t\n\t\t<\/div>\n\t\t\t\t\t<\/div>\n\n\t\n\n\t<div id=\"col-104562612\" class=\"col medium-2 small-12 large-2\"  >\n\t\t\t\t<div class=\"col-inner dark\"  >\n\t\t\t\n\t\t\t\n\t<div id=\"gap-1032124279\" class=\"gap-element clearfix\" style=\"display:block; height:auto;\">\n\t\t\n<style>\n#gap-1032124279 {\n  padding-top: 10px;\n}\n<\/style>\n\t<\/div>\n\t\n<a href=\"#dang-ky\" target=\"_self\" class=\"button alert lowercase expand\"  style=\"border-radius:3px;\">\n  <i class=\"icon-user\" ><\/i>  <span>\u0110\u0103ng k\u00fd ngay<\/span>\n  <\/a>\n\n\t\t<\/div>\n\t\t\t\t\t<\/div>\n\n\t\n\n\t<div id=\"col-1680526068\" class=\"col medium-4 small-12 large-4\"  >\n\t\t\t\t<div class=\"col-inner dark\"  >\n\t\t\t\n\t\t\t\n\n\t\t<div class=\"icon-box featured-box icon-box-left text-left\"  >\n\t\t\t\t\t<div class=\"icon-box-img\" style=\"width: 50px\">\n\t\t\t\t<div class=\"icon\">\n\t\t\t\t\t<div class=\"icon-inner\" >\n\t\t\t\t\t\t<img width=\"100\" height=\"100\" src=\"https:\/\/demo.bmconnect.vn\/xkld3\/wp-content\/uploads\/2018\/09\/images.png\" class=\"attachment-medium size-medium\" alt=\"\" loading=\"lazy\" \/>\t\t\t\t\t<\/div>\n\t\t\t\t<\/div>\n\t\t\t<\/div>\n\t\t\t\t<div class=\"icon-box-text last-reset\">\n\t\t\t\t\t\t\t\t\t\n<h3>1900.636.812<\/h3>\n<p>Hotline t\u01b0 v\u1ea5n 24\/7<\/p>\n\t\t<\/div>\n\t<\/div>\n\t\n\t\n\t\t<\/div>\n\t\t\t\t\t<\/div>\n\n\t\n<\/div>\n\t\t<\/div>\n\n\t\t\n<style>\n#section_12302190 {\n  padding-top: 10px;\n  padding-bottom: 10px;\n  background-color: rgb(255, 150, 0);\n}\n<\/style>\n\t<\/section>\n\t\n","protected":false},"excerpt":{"rendered":"","protected":false},"author":1,"featured_media":0,"parent":0,"menu_order":0,"comment_status":"closed","ping_status":"closed","template":"page-blank.php","meta":[],"_links":{"self":[{"href":"https:\/\/demo.bmconnect.vn\/xkld3\/wp-json\/wp\/v2\/pages\/29"}],"collection":[{"href":"https:\/\/demo.bmconnect.vn\/xkld3\/wp-json\/wp\/v2\/pages"}],"about":[{"href":"https:\/\/demo.bmconnect.vn\/xkld3\/wp-json\/wp\/v2\/types\/page"}],"author":[{"embeddable":true,"href":"https:\/\/demo.bmconnect.vn\/xkld3\/wp-json\/wp\/v2\/users\/1"}],"replies":[{"embeddable":true,"href":"https:\/\/demo.bmconnect.vn\/xkld3\/wp-json\/wp\/v2\/comments?post=29"}],"version-history":[{"count":9,"href":"https:\/\/demo.bmconnect.vn\/xkld3\/wp-json\/wp\/v2\/pages\/29\/revisions"}],"predecessor-version":[{"id":687,"href":"https:\/\/demo.bmconnect.vn\/xkld3\/wp-json\/wp\/v2\/pages\/29\/revisions\/687"}],"wp:attachment":[{"href":"https:\/\/demo.bmconnect.vn\/xkld3\/wp-json\/wp\/v2\/media?parent=29"}],"curies":[{"name":"wp","href":"https:\/\/api.w.org\/{rel}","templated":true}]}}