{"id":315,"date":"2019-01-07T14:13:39","date_gmt":"2019-01-07T07:13:39","guid":{"rendered":"http:\/\/demo.bmconnect.vn\/vientoc\/?page_id=315"},"modified":"2019-01-07T14:23:27","modified_gmt":"2019-01-07T07:23:27","slug":"gioi-thieu","status":"publish","type":"page","link":"https:\/\/demo.bmconnect.vn\/vientoc\/gioi-thieu\/","title":{"rendered":"H\u1ecdc vi\u1ec7n t\u00f3c Seoul &#8211; Th\u00e0nh c\u00f4ng v\u1edbi ngh\u1ec1 c\u1eaft t\u00f3c"},"content":{"rendered":"<p><iframe loading=\"lazy\" width=\"1020\" height=\"574\" src=\"https:\/\/www.youtube.com\/embed\/mi_LgfFwcEE?feature=oembed\" frameborder=\"0\" allow=\"accelerometer; autoplay; encrypted-media; gyroscope; picture-in-picture\" allowfullscreen><\/iframe><\/p>\n<div>\n<p><strong>H\u1ecdc vi\u1ec7n t\u00f3c Seoul\u00a0xem x\u00e9t h\u1ed3 s\u01a1 mi\u1ec5n 100% h\u1ecdc ph\u00ed d\u00e0nh cho c\u00e1c b\u1ea1n thu\u1ed9c di\u1ec7n h\u1ed9 ngh\u00e8o v\u00e0 c\u00f3 ho\u00e0n c\u1ea3nh kh\u00f3 kh\u0103n, \u0111am m\u00ea ngh\u1ec1 t\u00f3c m\u00e0 kh\u00f4ng c\u00f3 \u0111i\u1ec1u ki\u1ec7n tham gia kh\u00f3a h\u1ecdc. \u0110\u1ed3ng th\u1eddi GI\u1ea2M NGAY 50% h\u1ecdc ph\u00ed cho h\u1ecdc vi\u00ean \u0111\u0103ng k\u00fd s\u1edbm kh\u00f3a h\u1ecdc T\u1ea1o M\u1eabu T\u00f3c To\u00e0n Khoa khai gi\u1ea3ng ng\u00e0y 15\/02\/2019 t\u1ea1i Tp H\u00e0 N\u1ed9i v\u00e0 Tp H\u1ed3 Ch\u00ed Minh<\/strong><\/p>\n<p>V\u1edbi v\u1ecb th\u1ebf l\u00e0 m\u1ed9t trong nh\u1eefng H\u1ecdc Vi\u1ec7n \u0111\u00e0o t\u1ea1o ngh\u1ec1 t\u00f3c h\u00e0ng \u0111\u1ea7u Vi\u1ec7t Nam, Th\u01b0\u01a1ng hi\u1ec7u\u00a0<b>H\u1ecdc Vi\u1ec7n T\u00f3c Seoul\u00a0<\/b>\u0111\u00e3 kh\u1eb3ng \u0111\u1ecbnh uy t\u00edn c\u1ee7a m\u00ecnh b\u1eb1ng vi\u1ec7c \u0111\u00e0o t\u1ea1o ra h\u00e0ng ngh\u00ecn nh\u00e0 m\u1eabu t\u00f3c th\u00e0nh c\u00f4ng m\u1ed7i n\u0103m, kh\u00f4ng ch\u1ec9 c\u00f3 v\u1eady Seoul c\u00f2n cam k\u1ebft t\u1ea1o d\u1ef1ng m\u1ed9t t\u01b0\u01a1ng lai cho r\u1ea5t nhi\u1ec1u nh\u00e0 t\u1ea1o m\u1eabu t\u00f3c \u0111ang chu\u1ea9n b\u1ecb theo h\u1ecdc.<\/p>\n<\/div>\n<div style=\"text-align: center;\">\u00a0 \u00a0 \u00a0 \u00a0 \u00a0\u00a0<img src=\"http:\/\/upload2.webbnc.vn\/media\/9505\/H%C3%ACnh%20%E1%BA%A3nh%20%C4%91%C3%A3%20t%E1%BB%91i%20%C6%B0u\/Kh%C3%B3a%20h%E1%BB%8Dc%20l%C3%A0m%20t%C3%B3c%20chuy%C3%AAn%20nghi%E1%BB%87p%20-%20H%E1%BB%8Dc%20vi%E1%BB%87n%20t%C3%B3c%20seoul%20(7).JPG\" alt=\"\" \/><br \/>\n(L\u1ec5 khai gi\u1ea3ng kh\u00f3a h\u1ecdc 2018)<\/div>\n<div><\/div>\n<div>&#8211; B\u1ea1n \u0111am m\u00ea ngh\u1ec1 t\u00f3c nh\u01b0ng kh\u00f4ng bi\u1ebft b\u1eaft \u0111\u1ea7u t\u1eeb \u0111\u00e2u ?<br \/>\n&#8211; B\u1ea1n mu\u1ed1n kh\u1eb3ng \u0111\u1ecbnh m\u00ecnh v\u00e0 mu\u1ed1n tr\u1edf th\u00e0nh ng\u01b0\u1eddi th\u00e0nh c\u00f4ng, n\u1ed5i ti\u1ebfng trong ng\u00e0nh t\u00f3c ?<br \/>\n&#8211; B\u1ea1n \u0111ang t\u00ecm ki\u1ebfm m\u1ed9t kh\u00f3a h\u1ecdc h\u1ecdc vi\u1ec7n uy t\u00edn t\u1eebng \u0111\u00e0o t\u1ea1o nhi\u1ec1u ch\u1ee7 salon n\u1ed5i ti\u1ebfng ?<br \/>\nKh\u00f3a thi\u1ebft k\u1ebf t\u1ea1o m\u1eabu t\u00f3c to\u00e0n khoa\u00a0t\u1ea1i\u00a0<strong>H\u1ecdc Vi\u1ec7n T\u00f3c Seoul\u00a0<\/strong>s\u1ebd cung c\u1ea5p nh\u1eefng ki\u1ebfn th\u1ee9c t\u1eeb c\u01a1 b\u1ea3n \u0111\u1ebfn n\u00e2ng cao cho c\u00e1c h\u1ecdc vi\u00ean. Trong su\u1ed1t qu\u00e1 tr\u00ecnh h\u1ecdc, h\u1ecdc vi\u00ean s\u1ebd \u0111\u01b0\u1ee3c giao l\u01b0u, h\u1ecdc h\u1ecfi v\u00e0 chia s\u1ebb kinh nghi\u1ec7m v\u1edbi nhi\u1ec1u chuy\u00ean gia T\u00f3c h\u00e0ng \u0111\u1ea7u trong v\u00e0 ngo\u00e0i n\u01b0\u1edbc. Kh\u00f3a h\u1ecdc ph\u00f9 h\u1ee3p v\u1edbi cho nh\u1eefng ng\u01b0\u1eddi \u0111am m\u00ea v\u00e0 mu\u1ed1n theo \u0111u\u1ed5i ng\u00e0nh T\u00f3c m\u1ed9t c\u00e1ch l\u00e2u d\u00e0i v\u00e0 b\u00e0i b\u1ea3n. Sau th\u1eddi gian 5 th\u00e1ng \u0111\u00e0o t\u1ea1o b\u1ea1n \u0111\u00e3 c\u00f3 th\u1ec3 b\u1eaft \u0111\u1ea7u l\u1eadp nghi\u1ec7p v\u1edbi h\u00e0nh trang l\u00e0 nh\u1eefng ki\u1ebfn th\u1ee9c chuy\u00ean s\u00e2u v\u1ec1 t\u1ea1o m\u1eabu, ch\u0103m s\u00f3c t\u00f3c theo chu\u1ea9n c\u1ee7a Toni &amp; Guy, Vidal Sassoon &#8211; tr\u01b0\u1eddng ph\u00e1i t\u1ea1o m\u1eabu t\u00f3c th\u1ecbnh h\u00e0nh v\u00e0 n\u1ed5i ti\u1ebfng nh\u1ea5t th\u1ebf gi\u1edbi hi\u1ec7n nay.<\/div>\n<div style=\"text-align: center;\">\u00a0 \u00a0 \u00a0 \u00a0 \u00a0\u00a0<img class=\"aligncenter\" src=\"http:\/\/upload2.webbnc.vn\/media\/9505\/H%C3%ACnh%20%E1%BA%A3nh%20%C4%91%C3%A3%20t%E1%BB%91i%20%C6%B0u\/Trung%20t%C3%A2m%20d%E1%BA%A1y%20ngh%E1%BB%81%20t%C3%B3c%20-%20d%E1%BA%A1y%20ngh%E1%BB%81%20c%E1%BA%AFt%20t%C3%B3c%20(20).JPG\" alt=\"\" \/><br \/>\n(L\u1ec5 t\u1ed1t nghi\u1ec7p kh\u00f3a h\u1ecdc n\u0103m 2017)<\/div>\n<div><\/div>\n<div><strong>Seoul Academy<\/strong>\u00a0t\u1ef1 tin l\u00e0 m\u1ed9t \u0111\u01a1n v\u1ecb \u0111\u00e0o t\u1ea1o ngh\u1ec1 t\u00f3c h\u00e0ng \u0111\u1ea7u Vi\u1ec7t Nam.<\/div>\n<ul>\n<li>Ch\u00fang t\u00f4i \u0111\u1ea7u t\u01b0 r\u1ea5t l\u1edbn v\u00e0o c\u01a1 s\u1edf v\u1eadt ch\u1ea5t, v\u1edbi nhi\u1ec1u ph\u00f2ng h\u1ecdc ch\u1ea5t l\u01b0\u1ee3ng \u0111\u1ea1t ti\u00eau chu\u1ea9n Toni&amp;Guy qu\u1ed1c t\u1ebf.<\/li>\n<li>Ch\u00fang t\u00f4i \u0111\u1ea7u t\u01b0 r\u1ea5t l\u1edbn v\u00e0o \u0111\u1ed9i ng\u0169 gi\u1ea3ng vi\u00ean, C\u00e1c gi\u1ea3ng vi\u00ean \u0111ang l\u00e0m vi\u1ec7c t\u1ea1i Seoul \u0111\u1ec1u l\u00e0 c\u00e1c chuy\u00ean gia trong ngh\u00e0nh t\u00f3c, c\u00f3 t\u1ed1i thi\u1ec3u 10 n\u0103m kinh nghi\u1ec7m l\u00e0m ngh\u1ec1, \u0111\u1ec1u t\u1ed1t nghi\u1ec7p t\u1ea1i Toni&amp;Guy Singapo, Vidal Sasson Shanghai. \u0110\u00e2y l\u00e0 b\u00e0n \u0111\u1ea1p thu\u1eadn l\u1ee3i cho c\u00e1c b\u1ea1n khi b\u1eaft \u0111\u1ea7u v\u00e0o ngh\u1ec1, \u0111\u01b0\u1ee3c h\u1ecdc t\u1eadp tr\u00ean m\u1ed9t n\u1ec1n ki\u1ebfn th\u1ee9c chu\u1ea9n Qu\u1ed1c T\u1ebf.<\/li>\n<li>Ch\u00fang t\u00f4i m\u1ea5t r\u1ea5t nhi\u1ec1u c\u00f4ng s\u1ee9c, s\u00e1ng t\u1ea1o nghi\u00ean c\u1ee9u ra m\u1ed9t giao \u00e1n \u0111\u00e0o t\u1ea1o t\u1ed1t nh\u1ea5t, thu\u1ea7n vi\u1ec7t nh\u1ea5t nh\u01b0ng v\u1eabn \u0111\u00e1p \u1ee9ng \u0111\u01b0\u1ee3c ti\u1ec3u chu\u1ea9n Qu\u1ed1c T\u1ebf, gi\u00fap c\u00e1c b\u1ea1n ti\u1ebfp thu ki\u1ebfn th\u1ee9c t\u1ed1t nh\u1ea5t, h\u1ecdc nhanh nh\u1ea5t, v\u00e0 ti\u1ebft ki\u1ec7m chi ph\u00ed cho b\u1ea1n nh\u1ea5t.<\/li>\n<li>Ch\u00fang t\u00f4i hy sinh \u0111\u1ea7u t\u01b0 r\u1ea5t nhi\u1ec1u salon \u0111\u1eb3ng c\u1ea5p \u0111\u1ec3 cho h\u1ecdc vi\u00ean th\u1ef1c h\u00e0nh. \u0110i\u1ec1u n\u00e0y ch\u00fang t\u00f4i gi\u00e1m kh\u1eb3ng \u0111\u1ecbnh, kh\u00f4ng m\u1ed9t trung t\u00e2m hay h\u1ecdc vi\u1ec7n n\u00e0o kh\u00e1c d\u00e1m cho H\u1ecdc Vi\u00ean sau 45 ng\u00e0y h\u1ecdc \u0111\u01b0\u1ee3c th\u1ef1c h\u00e0nh tr\u00ean kh\u00e1ch h\u00e0ng nh\u01b0 t\u1ea1i Seoul<\/li>\n<\/ul>\n<div style=\"text-align: center;\">\u00a0 \u00a0 \u00a0 \u00a0 \u00a0\u00a0<img class=\"aligncenter\" src=\"http:\/\/upload2.webbnc.vn\/media\/9505\/H%C3%ACnh%20%E1%BA%A3nh%20%C4%91%C3%A3%20t%E1%BB%91i%20%C6%B0u\/Tr%C6%B0%E1%BB%9Dng%20d%E1%BA%A1y%20h%E1%BB%8Dc%20c%E1%BA%AFt%20t%C3%B3c%20t%E1%BB%91t%20nh%E1%BA%A5t%20vi%E1%BB%87t%20nam%20-%20H%E1%BB%8Dc%20vi%E1%BB%87n%20t%C3%B3c%20seoul%20(5).JPG\" alt=\"\" \/>\u200b<br \/>\n(H\u1ecdc vi\u00ean th\u1ef1c h\u00e0nh tr\u00ean kh\u00e1ch h\u00e0ng ch\u1ec9 sau 45 ng\u00e0y h\u1ecdc)<br \/>\n<img class=\"aligncenter\" src=\"http:\/\/upload2.webbnc.vn\/media\/9505\/H%C3%ACnh%20%E1%BA%A3nh%20%C4%91%C3%A3%20t%E1%BB%91i%20%C6%B0u\/Tr%C6%B0%E1%BB%9Dng%20d%E1%BA%A1y%20h%E1%BB%8Dc%20c%E1%BA%AFt%20t%C3%B3c%20t%E1%BB%91t%20nh%E1%BA%A5t%20vi%E1%BB%87t%20nam%20-%20H%E1%BB%8Dc%20vi%E1%BB%87n%20t%C3%B3c%20seoul%20(16).JPG\" alt=\"\" \/><br \/>\n(H\u1ecdc vi\u00ean th\u1ef1c h\u00e0nh d\u01b0\u01a1i s\u1ef1 ch\u1ec9 d\u1eabn c\u1ee7a gi\u1ea3ng vi\u00ean)<\/div>\n<div><\/div>\n<p>T\u1ea1i<b>\u00a0Seoul Academy\u00a0<\/b>ch\u00fang t\u00f4i kh\u00f4ng cho b\u1ea1n &#8221;con c\u00e1&#8221;, m\u00e0 cho b\u1ea1n &#8221;c\u1ea7n c\u00e2u&#8221; &#8211; \u0111\u1ed9ng l\u1ef1c, s\u1ef1 ki\u00ean tr\u00ec v\u00e0 c\u00e1ch &#8221;c\u00e2u c\u00e1&#8221;<\/p>\n<p>Trong th\u1eddi gian 45 ng\u00e0y \u0111\u1ea7u khi theo h\u1ecdc t\u1ea1i Seoul c\u00e1c h\u1ecdc vi\u00ean s\u1ebd \u0111\u01b0\u1ee3c h\u1ecdc v\u1edbi gi\u00e1o tr\u00ecnh \u0111\u01b0\u1ee3c thi\u1ebft k\u1ebf \u0111\u1eb7ng bi\u1ebft nh\u1ea5t. \u0110\u1ed3ng th\u1eddi \u0111\u01b0\u1ee3c k\u00e8m c\u1eb7p, theo s\u00e1t b\u1edfi c\u00e1c chuy\u00ean gia h\u00e0ng \u0111\u1ea7u trong ngh\u00e0nh t\u00f3c. Kh\u00f4ng nh\u1eefng th\u1ebf h\u1ecdc vi\u00ean c\u00f2n \u0111\u01b0\u1ee3c ti\u1ebfp c\u1eadn, th\u1ef1c h\u00e0nh tr\u00ean nh\u1eefng thi\u1ebft b\u1ecb l\u00e0m t\u00f3c hi\u1ec7n \u0111\u1ea1i v\u00e0 ti\u00ean ti\u1ebfn nh\u1ea5t. \u0110\u01b0\u1ee3c th\u1ef1c t\u1eadp li\u00ean t\u1ee5c 2 th\u00e1ng t\u1ea1i salon ri\u00eang bi\u1ec7t \u0111\u1ec3 r\u00e8n luy\u1ec7n k\u1ef9 n\u0103ng v\u00e0 n\u00e2ng cao tay ngh\u1ec1. \u0110\u1ec3 \u0111\u1ea3m b\u1ea3o h\u1ecdc vi\u00ean c\u00f3 kh\u1ea3 n\u0103ng n\u1eafm ch\u1eafc k\u1ef9 n\u0103ng v\u1ec1 ngh\u1ec1, Sau khi t\u1ed1t nghi\u1ec7p, c\u00e1c h\u1ecdc vi\u00ean ch\u01b0a t\u1ef1 tin v\u1ec1 n\u0103ng l\u1ef1c s\u1ebd \u0111\u01b0\u1ee3c gi\u1eef l\u1ea1i th\u1ef1c t\u1eadp ti\u1ebfp t\u1ea1i h\u1ecdc vi\u1ec7n t\u1edbi khi ra ngh\u1ec1.<\/p>\n<p>Kh\u00f4ng ch\u1ec9 trang b\u1ecb cho h\u1ecdc vi\u00ean nh\u1eefng ki\u1ebfn th\u1ee9c, k\u1ef9 n\u0103ng v\u1ec1 ngh\u1ec1 m\u00e0 Seoul c\u00f2n d\u1ea1y c\u00e1c b\u1ea1n k\u1ef9 n\u0103ng t\u01b0 duy v\u01b0\u1ee3t kh\u00f3. \u0110\u1ea3m b\u1ea3o 99% h\u1ecdc vi\u00ean sau khi t\u1ed1t nghi\u1ec7p c\u00f3 kh\u1ea3 n\u0103ng t\u1ef1 m\u00ecnh \u0111\u1ee9ng salon, m\u1edf ti\u1ec7m v\u1edbi quy m\u00f4 nh\u1ecf v\u00e0 v\u1eeba.<\/p>\n<p>Ch\u00fang t\u00f4i kh\u00f4ng \u0111\u00e0o t\u1ea1o theo s\u1ed1 l\u01b0\u1ee3ng, Ch\u00fang t\u00f4i ch\u1ecdn\u00a0<strong>CH\u1ea4T L\u01af\u1ee2NG<\/strong>, t\u1ea5t c\u1ea3 c\u00e1c l\u1edbp h\u1ecdc t\u1ea1i Seoul t\u1ed1i \u0111a ch\u1ec9 20 h\u1ecdc vi\u00ean, Ch\u00fang t\u00f4i kh\u00f4ng ham s\u1ed1 l\u01b0\u1ee3ng h\u1ecdc vi\u00ean \u0111\u1ebfn theo h\u1ecdc, ch\u00fang t\u00f4i ch\u1ec9 quan t\u00e2m vi\u1ec7c c\u00e1c b\u1ea1n \u0111\u1ebfn v\u00e0 s\u1ebd nh\u1eadn \u0111\u01b0\u1ee3c g\u00ec?<br \/>\nC\u00e1c b\u1ea1n c\u1ee9 h\u00ecnh dung v\u1edbi m\u1ed7i l\u1edbp h\u1ecdc c\u00f3 t\u1eeb 30-60 h\u1ecdc vi\u00ean th\u00ec c\u00e1c b\u1ea1n s\u1ebd h\u1ecdc \u0111\u01b0\u1ee3c g\u00ec? gi\u00e1o vi\u00ean d\u00f9 c\u00f3 t\u1ed1t \u0111\u1ebfn \u0111\u00e2u c\u0169ng kh\u00f4ng th\u1ec3 theo s\u00e1t \u0111\u01b0\u1ee3c b\u1ea1n. Seoul th\u1ea5u hi\u1ec3u \u0111i\u1ec1u \u0111\u00f3, v\u00ec ch\u00fang t\u00f4i l\u00e0 \u0111\u01a1n v\u1ecb \u0111\u00e0o t\u1ea1o ti\u00ean phong \u0111\u1ea7u ngh\u00e0nh v\u1ec1 quy tr\u00ecnh l\u1edbp h\u1ecdc.<\/p>\n<div style=\"text-align: center;\">\u00a0 \u00a0 \u00a0 \u00a0 \u00a0\u00a0<img class=\"aligncenter\" src=\"http:\/\/upload2.webbnc.vn\/media\/9505\/H%C3%ACnh%20%E1%BA%A3nh%20%C4%91%C3%A3%20t%E1%BB%91i%20%C6%B0u\/H%E1%BB%8Dc%20vi%E1%BB%87n%20t%C3%B3c%20seoul%20h%E1%BB%8Dc%20c%E1%BA%AFt%20t%C3%B3c%20%E1%BB%9F%20%C4%91%C3%A2u%20t%E1%BB%91t%20nh%E1%BA%A5t%20h%C3%A0%20n%E1%BB%99i.JPG\" alt=\"\" \/><br \/>\n(gi\u1ea3ng vi\u00ean ch\u1ec9nh thao t\u00e1c tay, k\u1ef9 thu\u1eadt k\u1eb9p t\u00f3c)<br \/>\n<img class=\"aligncenter\" src=\"http:\/\/upload2.webbnc.vn\/media\/9505\/H%C3%ACnh%20%E1%BA%A3nh%20%C4%91%C3%A3%20t%E1%BB%91i%20%C6%B0u\/h%E1%BB%8Dc%20vi%E1%BB%87n%20t%C3%B3c%20seoul%20khai%20gi%E1%BA%A3ng%20kh%C3%B3a%20h%E1%BB%8Dc%20m%E1%BB%9Bi%20(3).JPG\" alt=\"\" \/><br \/>\n(Gi\u1edd h\u1ecdc l\u00fd thuy\u1ebft m\u00e0u nhu\u1ed9m t\u1ea1i h\u1ecdc vi\u1ec7n)<\/div>\n<p><strong>\u270d\ufe0f N\u1ed8I DUNG CH\u00cdNH B\u1ea0N S\u1ebc \u0110\u01af\u1ee2C \u0110\u00c0O T\u1ea0O KHI THEO H\u1eccC T\u1ea0I SEOUL<\/strong><\/p>\n<ul>\n<li><strong>14 B\u00e0i c\u1eaft kinh \u0111i\u1ec3n t\u00f3c n\u1eef Toni&amp; Guy.<\/strong><\/li>\n<li><strong>12 B\u00e0i c\u1eaft t\u00f3c nam Toni&amp;Guy.<\/strong><\/li>\n<li><strong>Kh\u00f3a g\u1ed9i massager, s\u1ea5y t\u1ea1o ki\u1ec3u.\u00a0<\/strong><\/li>\n<li>Kh\u00f3a h\u1ecdc n\u1ed1i t\u00f3c, b\u1edbi t\u00f3c, t\u1ea1o ki\u1ec3u t\u00f3c.<\/li>\n<li><strong>Kh\u00f3a nhu\u1ed9m t\u1eeb c\u01a1 b\u1ea3n \u0111\u1ebfn n\u00e2ng cao Toni&amp;Guy.<\/strong><\/li>\n<li><strong>Kh\u00f3a u\u1ed1n t\u1eeb c\u01a1 b\u1ea3n \u0111\u1ebfn n\u00e2ng cao Toni&amp;Guy.<\/strong><\/li>\n<li><strong>Kh\u00f3a du\u1ed7i &#8211; \u00e9p Toni &amp; Guy.<\/strong><\/li>\n<li>Kh\u00f3a h\u1ecdc k\u1ef9 n\u0103ng m\u1ec1m, gi\u00fap em t\u1ef1 tin giao ti\u1ebfp v\u1edbi kh\u00e1ch h\u00e0ng.<\/li>\n<li>Kh\u00f3a h\u1ecdc qu\u1ea3n tr\u1ecb salon, gi\u00fap em t\u1ef1 tin qu\u1ea3n l\u00fd ph\u00e1t tri\u1ec3n salon.<\/li>\n<li>Kh\u00f3a h\u1ecdc qu\u1ea3n tr\u1ecb nh\u00e2n s\u1ef1, gi\u00fap em t\u1ef1 tin qu\u1ea3n l\u00fd \u0111i\u1ec1u h\u00e0nh nh\u00e2n vi\u00ean.<\/li>\n<li>Kh\u00f3a h\u1ecdc Marketing, gi\u00fap em t\u1ef1 tin thu h\u00fat kh\u00e1ch h\u00e0ng.<\/li>\n<\/ul>\n<div>\u00a0 \u00a0 \u00a0 \u00a0 \u00a0\u00a0<img class=\"aligncenter\" src=\"http:\/\/upload2.webbnc.vn\/media\/9505\/H%C3%ACnh%20%E1%BA%A3nh%20%C4%91%C3%A3%20t%E1%BB%91i%20%C6%B0u\/H%E1%BB%8Dc%20vi%E1%BB%87n%20t%C3%B3c%20seoul%20h%E1%BB%8Dc%20c%E1%BA%AFt%20t%C3%B3c%20chuy%C3%AAn%20nghi%E1%BB%87p.JPG\" alt=\"\" \/><\/div>\n<div style=\"text-align: center;\">(Gi\u1edd h\u1ecdc k\u1ef9 thu\u1eadt s\u1ea5y t\u1ea1o ki\u1ec3u)<\/div>\n<div>V\u1edbi \u0111\u1ecbnh h\u01b0\u1edbng &#8221;v\u01b0\u01a1n ra bi\u1ec3n l\u1edbn&#8221; Seoul Academy lu\u00f4n quan ni\u1ec7m con ng\u01b0\u1eddi \u0111\u00e0o t\u1ea1o t\u1ed1t s\u1ebd l\u00e0 t\u00e0i s\u1ea3n qu\u00fd gi\u00e1 c\u1ee7a h\u1ecdc vi\u1ec7n. Ch\u00ednh v\u00ec v\u1eady Seoul lu\u00f4n mong mu\u1ed1n t\u1ea1o ra c\u00e0ng nhi\u1ec1u nh\u00e0 t\u1ea1o m\u1eabu t\u00f3c &#8221;v\u1eeba c\u00f3 t\u00e0i l\u1ea1i v\u1eeba c\u00f3 t\u00e2m&#8221;, g\u00f3p ph\u1ea7n kh\u1eb3ng \u0111\u1ecbnh v\u1ecb th\u1ec3 c\u1ee7a Vi\u1ec7t Nam Trong th\u1ecb tr\u01b0\u1eddng l\u00e0m \u0111\u1eb9p Qu\u1ed1c T\u1ebf<br \/>\nS\u1ee9 m\u1ec7nh c\u1ee7a h\u1ecdc vi\u1ec7n t\u00f3c seoul l\u00e0 \u0111\u1ea1o t\u1ea1o ra nh\u1eefng nh\u00e0 t\u1ea1o m\u1eabu t\u00f3c ho\u00e0n h\u1ea3o c\u1ea3 v\u1ec1 \u0111\u1ea1o \u0111\u1ee9c, t\u01b0 duy, s\u1ef1 s\u00e1ng t\u1ea1o v\u00e0 k\u1ef9 n\u0103ng l\u00e0m ngh<\/div>\n<div><img src=\"http:\/\/upload2.webbnc.vn\/media\/9505\/Hoc%20cat%20toc.JPG\" alt=\"\" \/><\/div>\n<div><strong>H\u1ed3 s\u01a1 h\u1ecdc ngh\u1ec1:<\/strong><\/div>\n<ol>\n<li>CMND photo c\u00f4ng ch\u1ee9ng.<\/li>\n<li>S\u01a1 y\u00eau l\u00fd l\u1ecbch t\u1ef1 khai<\/li>\n<li>4 t\u1ea5m \u1ea3nh 4&#215;6.<\/li>\n<\/ol>\n<p><strong>\u0110\u1ec9a ch\u1ec9 nh\u1eadn h\u1ed3 s\u01a1:<\/strong><\/p>\n<ul>\n<li>Tp. H\u00e0 N\u1ed9i: N4A9\u00a0 \u0110\u01b0\u1eddng M\u1ef9 \u0110\u00ecnh &#8211; Qu\u1eadn Nam T\u1eeb Li\u00eam.<\/li>\n<li>Tp. H\u1ed3 Ch\u00ed Minh: 75 Tr\u1ea7n Th\u1ecb Ngh\u1ec9 &#8211; Ph\u01b0\u1eddng 7 &#8211; Qu\u1eadn G\u00f2 V\u1ea5p.<\/li>\n<\/ul>\n<p><strong>Hotline<\/strong>: 0981 988 933<\/p>\n","protected":false},"excerpt":{"rendered":"<p>H\u1ecdc vi\u1ec7n t\u00f3c Seoul\u00a0xem x\u00e9t h\u1ed3 s\u01a1 mi\u1ec5n 100% h\u1ecdc ph\u00ed d\u00e0nh cho c\u00e1c b\u1ea1n thu\u1ed9c di\u1ec7n h\u1ed9 ngh\u00e8o v\u00e0 c\u00f3 ho\u00e0n c\u1ea3nh kh\u00f3 kh\u0103n, \u0111am m\u00ea ngh\u1ec1 t\u00f3c m\u00e0 kh\u00f4ng c\u00f3 \u0111i\u1ec1u ki\u1ec7n tham gia kh\u00f3a h\u1ecdc. \u0110\u1ed3ng th\u1eddi GI\u1ea2M NGAY 50% h\u1ecdc ph\u00ed cho h\u1ecdc vi\u00ean \u0111\u0103ng k\u00fd s\u1edbm kh\u00f3a h\u1ecdc T\u1ea1o M\u1eabu &#8230;<\/p>\n","protected":false},"author":1,"featured_media":0,"parent":0,"menu_order":0,"comment_status":"closed","ping_status":"closed","template":"","meta":[],"_links":{"self":[{"href":"https:\/\/demo.bmconnect.vn\/vientoc\/wp-json\/wp\/v2\/pages\/315"}],"collection":[{"href":"https:\/\/demo.bmconnect.vn\/vientoc\/wp-json\/wp\/v2\/pages"}],"about":[{"href":"https:\/\/demo.bmconnect.vn\/vientoc\/wp-json\/wp\/v2\/types\/page"}],"author":[{"embeddable":true,"href":"https:\/\/demo.bmconnect.vn\/vientoc\/wp-json\/wp\/v2\/users\/1"}],"replies":[{"embeddable":true,"href":"https:\/\/demo.bmconnect.vn\/vientoc\/wp-json\/wp\/v2\/comments?post=315"}],"version-history":[{"count":0,"href":"https:\/\/demo.bmconnect.vn\/vientoc\/wp-json\/wp\/v2\/pages\/315\/revisions"}],"wp:attachment":[{"href":"https:\/\/demo.bmconnect.vn\/vientoc\/wp-json\/wp\/v2\/media?parent=315"}],"curies":[{"name":"wp","href":"https:\/\/api.w.org\/{rel}","templated":true}]}}