{"id":557,"date":"2018-08-07T10:59:33","date_gmt":"2018-08-07T03:59:33","guid":{"rendered":"https:\/\/demo.bmconnect.vn\/vcheck\/?page_id=557"},"modified":"2018-08-07T11:04:14","modified_gmt":"2018-08-07T04:04:14","slug":"lien-he","status":"publish","type":"page","link":"https:\/\/demo.bmconnect.vn\/vcheck\/lien-he\/","title":{"rendered":"Li\u00ean h\u1ec7"},"content":{"rendered":"\t<section class=\"section lien-he-section\" id=\"section_1433865520\">\n\t\t<div class=\"bg section-bg fill bg-fill  \" >\n\n\t\t\t\n\t\t\t\n\t\t\t\n\n\t\t<\/div>\n\n\t\t<div class=\"section-content relative\">\n\t\t\t\n<div class=\"row\"  id=\"row-488046565\">\n\n\t<div id=\"col-122427866\" class=\"col small-12 large-12\"  >\n\t\t\t\t<div class=\"col-inner dark\"  >\n\t\t\t\n\t\t\t\n<h2 style=\"text-align: center;\">Li\u00ean h\u1ec7<\/h2>\n<p style=\"text-align: center;\">Th\u00f4ng tin li\u00ean h\u1ec7 c\u1ee7a ch\u00fang t\u00f4i<\/p>\n\t\t<\/div>\n\t\t\t\t\t<\/div>\n\n\t\n<\/div>\n\t\t<\/div>\n\n\t\t\n<style>\n#section_1433865520 {\n  padding-top: 10px;\n  padding-bottom: 10px;\n}\n#section_1433865520 .section-bg.bg-loaded {\n  background-image: url(https:\/\/demo.bmconnect.vn\/vcheck\/wp-content\/uploads\/2018\/08\/bg3.jpg);\n}\n<\/style>\n\t<\/section>\n\t\n\t<section class=\"section\" id=\"section_1797511859\">\n\t\t<div class=\"bg section-bg fill bg-fill  bg-loaded\" >\n\n\t\t\t\n\t\t\t\n\t\t\t\n\n\t\t<\/div>\n\n\t\t<div class=\"section-content relative\">\n\t\t\t\n<div class=\"row\"  id=\"row-1015473980\">\n\n\t<div id=\"col-2128917972\" class=\"col medium-8 small-12 large-8\"  >\n\t\t\t\t<div class=\"col-inner\"  >\n\t\t\t\n\t\t\t\n<h3>Chi ti\u1ebft li\u00ean h\u1ec7<\/h3>\n<ul>\n<li><span style=\"font-size: 90%;\"><strong>\u0110\u1ecba ch\u1ec9:<\/strong> S\u1ed1 29 ng\u00f5 18 L\u01b0\u01a1ng Ng\u1ecdc Quy\u1ebfn, H\u00e0 \u0110\u00f4ng, H\u00e0 N\u1ed9i<\/span><\/li>\n<li><span style=\"font-size: 90%;\"><strong>Li\u00ean h\u1ec7:<\/strong>\u00a0Mr.An<\/span><\/li>\n<li><span style=\"font-size: 90%;\"><strong>Phone:<\/strong>\u00a00909009009<\/span><\/li>\n<li><span style=\"font-size: 90%;\"><strong>Email:<\/strong>\u00a0demo@gmail.com<\/span><\/li>\n<li><span style=\"font-size: 90%;\"><strong>Website:<\/strong>\u00a0webdesign.com<\/span><\/li>\n<li><span style=\"font-size: 90%;\"><strong>Flickr:<\/strong><a href=\"http:\/\/\">\u00a0<\/a><\/span><\/li>\n<li><span style=\"font-size: 90%;\"><strong>Behance:<\/strong>\u00a0<a href=\"\"><\/a><\/span><\/li>\n<li><span style=\"font-size: 90%;\"><strong>Pintesest:<\/strong><a href=\"\">\u00a0<\/a><\/span><\/li>\n<\/ul>\n\t\t<\/div>\n\t\t\t\t\t<\/div>\n\n\t\n\n\t<div id=\"col-210463112\" class=\"col medium-3 small-12 large-3\"  >\n\t\t\t\t<div class=\"col-inner\"  >\n\t\t\t\n\t\t\t\n\t<div class=\"img has-hover x md-x lg-x y md-y lg-y\" id=\"image_1057189557\">\n\t\t\t\t\t\t\t\t<div class=\"img-inner dark\" >\n\t\t\t<img width=\"236\" height=\"312\" src=\"https:\/\/demo.bmconnect.vn\/vcheck\/wp-content\/uploads\/2018\/08\/follow-1.png\" class=\"attachment-original size-original\" alt=\"\" loading=\"lazy\" srcset=\"https:\/\/demo.bmconnect.vn\/vcheck\/wp-content\/uploads\/2018\/08\/follow-1.png 236w, https:\/\/demo.bmconnect.vn\/vcheck\/wp-content\/uploads\/2018\/08\/follow-1-227x300.png 227w\" sizes=\"(max-width: 236px) 100vw, 236px\" \/>\t\t\t\t\t\t\n\t\t\t\t\t<\/div>\n\t\t\t\t\t\t\t\t\n<style>\n#image_1057189557 {\n  width: 100%;\n}\n<\/style>\n\t<\/div>\n\t\n\t\t<\/div>\n\t\t\t\t\t<\/div>\n\n\t\n<\/div>\n\t\t<\/div>\n\n\t\t\n<style>\n#section_1797511859 {\n  padding-top: 30px;\n  padding-bottom: 30px;\n}\n<\/style>\n\t<\/section>\n\t\n","protected":false},"excerpt":{"rendered":"","protected":false},"author":1,"featured_media":0,"parent":0,"menu_order":0,"comment_status":"closed","ping_status":"closed","template":"page-blank.php","meta":[],"_links":{"self":[{"href":"https:\/\/demo.bmconnect.vn\/vcheck\/wp-json\/wp\/v2\/pages\/557"}],"collection":[{"href":"https:\/\/demo.bmconnect.vn\/vcheck\/wp-json\/wp\/v2\/pages"}],"about":[{"href":"https:\/\/demo.bmconnect.vn\/vcheck\/wp-json\/wp\/v2\/types\/page"}],"author":[{"embeddable":true,"href":"https:\/\/demo.bmconnect.vn\/vcheck\/wp-json\/wp\/v2\/users\/1"}],"replies":[{"embeddable":true,"href":"https:\/\/demo.bmconnect.vn\/vcheck\/wp-json\/wp\/v2\/comments?post=557"}],"version-history":[{"count":0,"href":"https:\/\/demo.bmconnect.vn\/vcheck\/wp-json\/wp\/v2\/pages\/557\/revisions"}],"wp:attachment":[{"href":"https:\/\/demo.bmconnect.vn\/vcheck\/wp-json\/wp\/v2\/media?parent=557"}],"curies":[{"name":"wp","href":"https:\/\/api.w.org\/{rel}","templated":true}]}}