


{"id":1279,"date":"2018-03-14T15:59:16","date_gmt":"2018-03-14T08:59:16","guid":{"rendered":"https:\/\/bizhostvn.com\/w\/vape\/?post_type=product&#038;p=1279"},"modified":"2018-03-30T16:42:32","modified_gmt":"2018-03-30T09:42:32","slug":"subox-mini-c-by-kangertech-made-in-kore","status":"publish","type":"product","link":"https:\/\/demo.bmconnect.vn\/vape\/san-pham\/subox-mini-c-by-kangertech-made-in-kore\/","title":{"rendered":"Subox Mini C by Kangertech made in Kore"},"content":{"rendered":"<p>Subox Mini C c\u1ee7a Kangertech c\u00f3 l\u1ed7 gi\u00f3 d\u01b0\u1edbi, thi\u1ebft k\u1ebf ch\u1ed1ng r\u00f2 v\u00e0 ch\u1ebf \u0111\u1ed9 TC. N\u00f3 \u0111\u01b0\u1ee3c thi\u1ebft k\u1ebf \u0111\u1ec3 c\u00f3 th\u1ec3 t\u01b0\u01a1ng th\u00edch \u0111\u01b0\u1ee3c v\u1edbi coil SSOCC: SSOCC Ni 0.15ohm (Ni200), SSOCC 0.5ohm (th\u00e9p kh\u00f4ng g\u1ec9) v\u00e0 SSOCC NiCr 1.5ohm.<\/p>\n<p>Th\u00f4ng s\u1ed1 k\u1ef9 thu\u1eadt<\/p>\n<p>Protank 5<\/p>\n<p>K\u00edch th\u01b0\u1edbc: 22 mm (D) x 52 mm (L)<\/p>\n<p>Coil: SS 0.5 ohm (15 &#8211; 60 W)<\/p>\n<p>Dung t\u00edch: 3ml<\/p>\n<p>Ch\u00e2n ren xo\u1eafn: 510<\/p>\n<p>Kbox Mini-C<\/p>\n<p>K\u00edch th\u01b0\u1edbc: 82mm (H) x 39mm (L) x 22mm (W)<\/p>\n<p>M\u00e0n h\u00ecnh: OLED<\/p>\n<p>C\u00f4ng su\u1ea5t: 7W &#8211; 50W<\/p>\n<p>Gi\u1edbi h\u1ea1n \u0111i\u1ec7n tr\u1edf: 0.3ohm &#8211; 1.6ohm<\/p>\n<p>Kanger Subox Mini C bao g\u1ed3m<\/p>\n<p>1 x Protank 5<\/p>\n<p>1 x KBOX Mini-C<\/p>\n<p>1 x SSOCC 0.5 Ohm<\/p>\n<p>1 x d\u00e2y c\u00e1p USB<\/p>\n<p>1 x h\u01b0\u1edbng d\u1eabn s\u1eed d\u1ee5ng<\/p>\n<p>T\u00ednh n\u0103ng:<\/p>\n<p>Thi\u1ebft k\u1ebf ch\u1ed1ng r\u00f2<\/p>\n<p>T\u01b0\u01a1ng th\u00edch v\u1edbi coil SSOCC<\/p>\n<p>L\u1ed7 gi\u00f3 \u0111\u1ed1i x\u1ee9ng<\/p>\n<p>K\u00ednh Pyrex c\u00f3 th\u1ec3 thay<\/p>\n<p>M\u00e0n h\u00ecnh OLED<\/p>\n<p>Ch\u1ebf \u0111\u1ed9 khi\u1ebfn nhi\u1ec7t<\/p>\n<p>B\u1ea3o v\u1ec7 \u0111o\u1ea3n m\u1ea1ch<\/p>\n<p>B\u1ea3o v\u1ec7 qu\u00e1 nhi\u1ec7t<\/p>\n<p>B\u1ea3o v\u1ec7 \u0111i\u1ec7n \u00e1p th\u1ea5p<\/p>\n","protected":false},"excerpt":{"rendered":"<p>Subox Mini C c\u1ee7a Kangertech c\u00f3 h\u00ecnh d\u00e1ng nh\u1ecf g\u1ecdn, thanh l\u1ecbch, c\u00f4ng su\u1ea5t 50W v\u00e0 c\u00f3 h\u1ed7 tr\u1ee3 ch\u1ebf \u0111\u1ed9 TC. Subox Mini C c\u00f2n c\u00f3 nhi\u1ec1u m\u00e0u cho b\u1ea1n l\u1ef1a ch\u1ecdn.<\/p>\n","protected":false},"featured_media":2498,"comment_status":"open","ping_status":"closed","template":"","meta":[],"product_cat":[15,16,17,18,32],"product_tag":[],"_links":{"self":[{"href":"https:\/\/demo.bmconnect.vn\/vape\/wp-json\/wp\/v2\/product\/1279"}],"collection":[{"href":"https:\/\/demo.bmconnect.vn\/vape\/wp-json\/wp\/v2\/product"}],"about":[{"href":"https:\/\/demo.bmconnect.vn\/vape\/wp-json\/wp\/v2\/types\/product"}],"replies":[{"embeddable":true,"href":"https:\/\/demo.bmconnect.vn\/vape\/wp-json\/wp\/v2\/comments?post=1279"}],"wp:featuredmedia":[{"embeddable":true,"href":"https:\/\/demo.bmconnect.vn\/vape\/wp-json\/wp\/v2\/media\/2498"}],"wp:attachment":[{"href":"https:\/\/demo.bmconnect.vn\/vape\/wp-json\/wp\/v2\/media?parent=1279"}],"wp:term":[{"taxonomy":"product_cat","embeddable":true,"href":"https:\/\/demo.bmconnect.vn\/vape\/wp-json\/wp\/v2\/product_cat?post=1279"},{"taxonomy":"product_tag","embeddable":true,"href":"https:\/\/demo.bmconnect.vn\/vape\/wp-json\/wp\/v2\/product_tag?post=1279"}],"curies":[{"name":"wp","href":"https:\/\/api.w.org\/{rel}","templated":true}]}}