{"id":394,"date":"2019-02-22T11:01:17","date_gmt":"2019-02-22T11:01:17","guid":{"rendered":"http:\/\/demo.bmconnect.vn\/thucphamchucnang3\/?page_id=394"},"modified":"2019-02-22T11:07:39","modified_gmt":"2019-02-22T11:07:39","slug":"dang-ky-dai-ly","status":"publish","type":"page","link":"https:\/\/demo.bmconnect.vn\/thucphamchucnang3\/dang-ky-dai-ly\/","title":{"rendered":"\u0110\u0103ng k\u00fd \u0111\u1ea1i l\u00fd"},"content":{"rendered":"<h2 style=\"text-align: center;\">DANH S\u00c1CH \u0110\u1ea0I L\u00dd B\u00c1N S\u1ea2N PH\u1ea8M AMSTRONG<\/h2>\n<p style=\"text-align: center;\">M\u1eddi c\u00e1c b\u1ea1n c\u00f9ng theo d\u00f5i \u0111\u1ec3 bi\u1ebft n\u01a1i b\u00e1n s\u1ea3n ph\u1ea9m:<\/p>\n<table>\n<tbody>\n<tr>\n<th class=\"tinh-thanh tieu-de\">T\u1ec9nh th\u00e0nh<\/th>\n<th class=\"dia-chi tieu-de\">\u0110\u1ecba ch\u1ec9<\/th>\n<th class=\"so-dien-thoai tieu-de\">S\u1ed1 \u0111i\u1ec7n tho\u1ea1i<\/th>\n<\/tr>\n<tr>\n<td>H\u00e0 N\u1ed9i<\/td>\n<td style=\"text-align: center;\">S\u1ed1 29, ng\u00f5 18 L\u01b0\u01a1ng Ng\u1ecdc Quy\u1ebfn, V\u0103n Qu\u00e1n, H\u00e0 \u0110\u00f4ng, H\u00e0 N\u1ed9i<\/td>\n<td>\u00a00972.939.830<\/td>\n<\/tr>\n<tr>\n<td>Ninh B\u00ecnh<\/td>\n<td>Th\u00f4n L\u00e3ng N\u1ed9i, Gia L\u1eadp, Gia Vi\u1ec5n, Ninh B\u00ecnh<\/td>\n<td>01234.567.890<\/td>\n<\/tr>\n<tr>\n<td>H\u00e0 N\u1ed9i<\/td>\n<td>S\u1ed1 29, ng\u00f5 18 L\u01b0\u01a1ng Ng\u1ecdc Quy\u1ebfn, V\u0103n Qu\u00e1n, H\u00e0 \u0110\u00f4ng, H\u00e0 N\u1ed9i<\/td>\n<td>\u00a00972.939.830<\/td>\n<\/tr>\n<tr>\n<td>Ninh B\u00ecnh<\/td>\n<td>Th\u00f4n L\u00e3ng N\u1ed9i, Gia L\u1eadp, Gia Vi\u1ec5n, Ninh B\u00ecnh<\/td>\n<td>01234.567.890<\/td>\n<\/tr>\n<tr>\n<td>H\u00e0 N\u1ed9i<\/td>\n<td>S\u1ed1 29, ng\u00f5 18 L\u01b0\u01a1ng Ng\u1ecdc Quy\u1ebfn, V\u0103n Qu\u00e1n, H\u00e0 \u0110\u00f4ng, H\u00e0 N\u1ed9i<\/td>\n<td>\u00a00972.939.830<\/td>\n<\/tr>\n<tr>\n<td>Ninh B\u00ecnh<\/td>\n<td>Th\u00f4n L\u00e3ng N\u1ed9i, Gia L\u1eadp, Gia Vi\u1ec5n, Ninh B\u00ecnh<\/td>\n<td>01234.567.890<\/td>\n<\/tr>\n<tr>\n<td>H\u00e0 N\u1ed9i<\/td>\n<td>S\u1ed1 29, ng\u00f5 18 L\u01b0\u01a1ng Ng\u1ecdc Quy\u1ebfn, V\u0103n Qu\u00e1n, H\u00e0 \u0110\u00f4ng, H\u00e0 N\u1ed9i<\/td>\n<td>\u00a00972.939.830<\/td>\n<\/tr>\n<tr>\n<td>Ninh B\u00ecnh<\/td>\n<td>Th\u00f4n L\u00e3ng N\u1ed9i, Gia L\u1eadp, Gia Vi\u1ec5n, Ninh B\u00ecnh<\/td>\n<td>01234.567.890<\/td>\n<\/tr>\n<\/tbody>\n<\/table>\n","protected":false},"excerpt":{"rendered":"<p>DANH S\u00c1CH \u0110\u1ea0I L\u00dd B\u00c1N S\u1ea2N PH\u1ea8M AMSTRONG M\u1eddi c\u00e1c b\u1ea1n c\u00f9ng theo d\u00f5i \u0111\u1ec3 bi\u1ebft n\u01a1i b\u00e1n s\u1ea3n ph\u1ea9m: T\u1ec9nh th\u00e0nh \u0110\u1ecba ch\u1ec9 S\u1ed1 \u0111i\u1ec7n tho\u1ea1i H\u00e0 N\u1ed9i S\u1ed1 29, ng\u00f5 18 L\u01b0\u01a1ng Ng\u1ecdc Quy\u1ebfn, V\u0103n Qu\u00e1n, H\u00e0 \u0110\u00f4ng, H\u00e0 N\u1ed9i \u00a00972.939.830 Ninh B\u00ecnh Th\u00f4n L\u00e3ng N\u1ed9i, Gia L\u1eadp, Gia Vi\u1ec5n, Ninh B\u00ecnh 01234.567.890&#8230;<\/p>\n","protected":false},"author":1,"featured_media":0,"parent":0,"menu_order":0,"comment_status":"closed","ping_status":"closed","template":"page-right-sidebar.php","meta":[],"_links":{"self":[{"href":"https:\/\/demo.bmconnect.vn\/thucphamchucnang3\/wp-json\/wp\/v2\/pages\/394"}],"collection":[{"href":"https:\/\/demo.bmconnect.vn\/thucphamchucnang3\/wp-json\/wp\/v2\/pages"}],"about":[{"href":"https:\/\/demo.bmconnect.vn\/thucphamchucnang3\/wp-json\/wp\/v2\/types\/page"}],"author":[{"embeddable":true,"href":"https:\/\/demo.bmconnect.vn\/thucphamchucnang3\/wp-json\/wp\/v2\/users\/1"}],"replies":[{"embeddable":true,"href":"https:\/\/demo.bmconnect.vn\/thucphamchucnang3\/wp-json\/wp\/v2\/comments?post=394"}],"version-history":[{"count":0,"href":"https:\/\/demo.bmconnect.vn\/thucphamchucnang3\/wp-json\/wp\/v2\/pages\/394\/revisions"}],"wp:attachment":[{"href":"https:\/\/demo.bmconnect.vn\/thucphamchucnang3\/wp-json\/wp\/v2\/media?parent=394"}],"curies":[{"name":"wp","href":"https:\/\/api.w.org\/{rel}","templated":true}]}}