{"id":462,"date":"2019-02-14T15:31:40","date_gmt":"2019-02-14T08:31:40","guid":{"rendered":"http:\/\/demo.bmconnect.vn\/suadienthoai\/?post_type=product&#038;p=462"},"modified":"2019-02-14T15:31:40","modified_gmt":"2019-02-14T08:31:40","slug":"iphone-6s-plus-32gb","status":"publish","type":"product","link":"https:\/\/demo.bmconnect.vn\/suadienthoai\/san-pham\/iphone-6s-plus-32gb\/","title":{"rendered":"IPhone 6s Plus 32GB"},"content":{"rendered":"<div class=\"content showContent\">\n<h2>iPhone 6s Plus 32 GB l\u00e0\u00a0phi\u00ean b\u1ea3n\u00a0n\u00e2ng c\u1ea5p ho\u00e0n h\u1ea3o t\u1eeb iPhone 6 Plus v\u1edbi nhi\u1ec1u t\u00ednh n\u0103ng m\u1edbi h\u1ea5p d\u1eabn.<\/h2>\n<h3><strong>Camera \u0111\u01b0\u1ee3c c\u1ea3i ti\u1ebfn<\/strong><\/h3>\n<p>iPhone 6s Plus 32 GB \u0111\u01b0\u1ee3c n\u00e2ng c\u1ea5p \u0111\u1ed9 ph\u00e2n gi\u1ea3i camera sau l\u00ean 12 MP (thay v\u00ec 8 MP nh\u01b0 tr\u00ean\u00a0iPhone 6 Plus), camera cho t\u1ed1c \u0111\u1ed9 l\u1ea5y n\u00e9t v\u00e0 ch\u1ee5p nhanh, thao t\u00e1c ch\u1ea1m \u0111\u1ec3 ch\u1ee5p nh\u1eb9 nh\u00e0ng. Ch\u1ea5t l\u01b0\u1ee3ng \u1ea3nh trong c\u00e1c \u0111i\u1ec1u ki\u1ec7n ch\u1ee5p kh\u00e1c nhau t\u1ed1t.<\/p>\n<p>Camera tr\u01b0\u1edbc v\u1edbi \u0111\u1ed9 ph\u00e2n gi\u1ea3i 5 MP cho h\u00ecnh \u1ea3nh v\u1edbi \u0111\u1ed9 chi ti\u1ebft r\u00f5 n\u00e9t, \u0111\u1eb7c bi\u1ec7t m\u00e1y c\u00f2n c\u00f3 t\u00ednh n\u0103ng Retina Flash, s\u1ebd gi\u00fap m\u00e0n h\u00ecnh s\u00e1ng l\u00ean nh\u01b0 \u0111\u00e8n Flash \u0111\u1ec3 b\u1ee9c \u1ea3nh khi b\u1ea1n ch\u1ee5p trong tr\u1eddi t\u1ed1i \u0111\u01b0\u1ee3c t\u1ed1t h\u01a1n.<\/p>\n<h3><strong>Th\u00edch th\u00fa h\u01a1n v\u1edbi m\u00e0n h\u00ecnh r\u1ed9ng<\/strong><\/h3>\n<p>M\u00e0n h\u00ecnh l\u1edbn c\u00f9ng\u00a0m\u00e0u s\u1eafc t\u01b0\u01a1i t\u1eafn, \u0111\u1ed9 n\u00e9t cao\u00a0s\u1ebd mang \u0111\u1ebfn nhi\u1ec1u\u00a0th\u00edch th\u00fa khi l\u01b0\u1edbt web, xem phim hay l\u00e0m vi\u1ec7c.<\/p>\n<div id=\"attachment_150\" class=\"wp-caption aligncenter\"><img loading=\"lazy\" class=\"wp-image-150 size-full\" src=\"http:\/\/mobile.ninhbinhweb.com\/wp-content\/uploads\/2017\/10\/iphone-6s-plus4-1.jpg\" sizes=\"(max-width: 640px) 100vw, 640px\" srcset=\"http:\/\/mobile.ninhbinhweb.com\/wp-content\/uploads\/2017\/10\/iphone-6s-plus4-1.jpg 640w, http:\/\/mobile.ninhbinhweb.com\/wp-content\/uploads\/2017\/10\/iphone-6s-plus4-1-300x172.jpg 300w\" alt=\"\" width=\"640\" height=\"367\" \/><\/p>\n<p class=\"wp-caption-text\">M\u00e0n h\u00ecnh l\u1edbn 5.5 inch tho\u1ea3i m\u00e1i \u0111\u1ec3 l\u00e0m vi\u1ec7c v\u00e0 gi\u1ea3i tr\u00ed<\/p>\n<\/div>\n<h3><strong>C\u1ea3m \u1ee9ng 3D Touch \u0111\u1ed9c \u0111\u00e1o<\/strong><\/h3>\n<p>3D Touch l\u00e0 t\u00ednh n\u0103ng ho\u00e0n to\u00e0n m\u1edbi tr\u00ean iPhone 6s Plus 32 GB, cho ph\u00e9p ng\u01b0\u1eddi d\u00f9ng xem tr\u01b0\u1edbc \u0111\u01b0\u1ee3c c\u00e1c t\u00f9y ch\u1ecdn nhanh d\u1ef1a v\u00e0o l\u1ef1c nh\u1ea5n m\u1ea1nh hay nh\u1eb9 m\u00e0 kh\u00f4ng c\u1ea7n ph\u1ea3i nh\u1ea5p v\u00e0o \u1ee9ng d\u1ee5ng.<\/p>\n<p>\u0110\u1ec3 s\u1eed d\u1ee5ng, b\u1ea1n ch\u1ec9 c\u1ea7n nh\u1ea5n v\u00e0o m\u00e0n h\u00ecnh ho\u1eb7c \u1ee9ng d\u1ee5ng 1 l\u1ef1c m\u1ea1nh \u0111\u1ebfn khi m\u00e1y rung nh\u1eb9 l\u00e0 c\u00f3 th\u1ec3 xem \u0111\u01b0\u1ee3c.<\/p>\n<p>\u0110\u00e1ng ti\u1ebfc t\u00ednh n\u0103ng 3D Touch n\u00e0y ch\u1ec9 m\u1edbi \u0111\u01b0\u1ee3c \u00e1p d\u1ee5ng tr\u00ean c\u00e1c\u00a0\u1ee9ng d\u1ee5ng c\u1ee7a Apple\u00a0nh\u01b0: danh b\u1ea1, camera, mail, m\u00e1y \u1ea3nh \u2026<\/p>\n<p>B\u1ea1n c\u00f3 th\u1ec3 t\u00ecm hi\u1ec3u th\u00eam t\u00ednh n\u0103ng 3D Touch t\u1ea1i\u00a0<strong>\u0111\u00e2y<\/strong>.<\/p>\n<h3><strong>S\u1ee9c m\u1ea1nh c\u1ee7a b\u1ed9 vi x\u1eed l\u00fd A9 m\u1edbi nh\u1ea5t<\/strong><\/h3>\n<p>iPhone 6s Plus 32 GB s\u1eed d\u1ee5ng\u00a0vi x\u1eed l\u00fd A9\u00a0t\u1ed1c \u0111\u1ed9 1.8 GHz (iPhone 6 Plus ch\u1ec9 v\u1edbi 1.4 GHz), gi\u00fap m\u00e1y ch\u1ea1y c\u00f9ng l\u00fac nhi\u1ec1u \u1ee9ng d\u1ee5ng m\u01b0\u1ee3t m\u00e0.<\/p>\n<p>Vi\u00ean pin ch\u1ec9 c\u00f3 dung l\u01b0\u1ee3ng 2750 mAh kh\u00e1 th\u1ea5p, tuy nhi\u00ean b\u1ea1n v\u1eabn c\u00f3 th\u1ec3 an t\u00e2m s\u1eed d\u1ee5ng m\u00e1y trong m\u1ed9t ng\u00e0y.<\/p>\n<p>M\u1ed9t chi\u1ebfc \u0111i\u1ec7n tho\u1ea1i v\u1eeba th\u1ec3 hi\u1ec7n \u0111\u1eb3ng c\u1ea5p c\u1ee7a b\u1ea1n v\u1eeba mang l\u1ea1i nh\u1eefng n\u00e2ng c\u1ea5p t\u1ed1t h\u01a1n nh\u01b0 camera, hi\u1ec7u n\u0103ng ho\u1ea1t \u0111\u1ed9ng m\u1ea1nh m\u1ebd h\u01a1n, t\u00ednh n\u0103ng 3D Touch \u0111\u1ed9c \u0111\u00e1o, t\u1ea5t c\u1ea3 s\u1ebd l\u00e0 tr\u1ea3i nghi\u1ec7m m\u1edbi m\u1ebb cho b\u1ea1n khi ch\u1ecdn mua iPhone 6s Plus 32 GB.<\/p>\n<\/div>\n<div class=\"show-more\"><a class=\"read-more\">Thu g\u1ecdn n\u1ed9i dung<\/a><\/div>\n","protected":false},"excerpt":{"rendered":"<p>C\u01a1 h\u1ed9i tr\u00fang xe Honda SH150i ch\u1ec9 \u00e1p d\u1ee5ng 1 s\u1ed1 t\u1ec9nh<\/p>\n<p>Mua combo S\u1ea1c d\u1ef1 ph\u00f2ng \u2013 C\u00e1p lightning 20 cm \u2013 B\u1ed9 mi\u1ebfng d\u00e1n iPhone gi\u1ea3m\u00a0<strong>20%<\/strong><\/p>\n","protected":false},"featured_media":463,"comment_status":"open","ping_status":"closed","template":"","meta":[],"product_cat":[52],"product_tag":[],"_links":{"self":[{"href":"https:\/\/demo.bmconnect.vn\/suadienthoai\/wp-json\/wp\/v2\/product\/462"}],"collection":[{"href":"https:\/\/demo.bmconnect.vn\/suadienthoai\/wp-json\/wp\/v2\/product"}],"about":[{"href":"https:\/\/demo.bmconnect.vn\/suadienthoai\/wp-json\/wp\/v2\/types\/product"}],"replies":[{"embeddable":true,"href":"https:\/\/demo.bmconnect.vn\/suadienthoai\/wp-json\/wp\/v2\/comments?post=462"}],"wp:featuredmedia":[{"embeddable":true,"href":"https:\/\/demo.bmconnect.vn\/suadienthoai\/wp-json\/wp\/v2\/media\/463"}],"wp:attachment":[{"href":"https:\/\/demo.bmconnect.vn\/suadienthoai\/wp-json\/wp\/v2\/media?parent=462"}],"wp:term":[{"taxonomy":"product_cat","embeddable":true,"href":"https:\/\/demo.bmconnect.vn\/suadienthoai\/wp-json\/wp\/v2\/product_cat?post=462"},{"taxonomy":"product_tag","embeddable":true,"href":"https:\/\/demo.bmconnect.vn\/suadienthoai\/wp-json\/wp\/v2\/product_tag?post=462"}],"curies":[{"name":"wp","href":"https:\/\/api.w.org\/{rel}","templated":true}]}}