{"id":685,"date":"2017-06-29T18:37:11","date_gmt":"2017-06-29T11:37:11","guid":{"rendered":"https:\/\/demo.bmconnect.vn\/shoptranh\/?post_type=product&#038;p=685"},"modified":"2017-06-29T18:37:56","modified_gmt":"2017-06-29T11:37:56","slug":"blackberry-9982","status":"publish","type":"product","link":"https:\/\/demo.bmconnect.vn\/shoptranh\/san-pham\/blackberry-9982\/","title":{"rendered":"Blackberry 9982"},"content":{"rendered":"<p>Ti\u1ebfp n\u1ed1i chi\u1ebfc smartphone xa x\u1ec9\u00a0Porsche Design\u00a0P&#8217;9981 \u0111\u01b0\u1ee3c ra m\u1eaft v\u00e0o n\u0103m 2011, n\u0103m nay h\u00e3ng Porsche Design n\u1ed5i ti\u1ebfng c\u0169ng \u0111\u00e3 ti\u1ebfp t\u1ee5c b\u1eaft tay v\u1edbi BlackBerry \u0111\u1ec3 cho ra m\u1eaft ti\u1ebfp chi\u1ebfc smartphone Porsche Design P&#8217;9982 v\u1edbi ki\u1ec3u d\u00e1ng mang \u00e2m h\u01b0\u1edfng c\u1ee7a\u00a0Z10. Tuy nhi\u00ean, v\u00ec l\u00e0 m\u1ed9t s\u1ea3n ph\u1ea9m \u0111\u1eaft ti\u1ec1n n\u00ean P&#8217;9982 c\u00f3 ch\u1ea5t l\u01b0\u1ee3ng ph\u1ea7n c\u1ee9ng cao c\u1ea5p h\u01a1n r\u1ea5t nhi\u1ec1u so v\u1edbi Z10, ph\u1ea7n khung s\u01b0\u1eddn c\u1ee7a P&#8217;9982 \u0111\u01b0\u1ee3c ch\u1ebf t\u00e1c b\u1eb1ng th\u00e9p kh\u00f4ng g\u1ec9, m\u1eb7t sau \u0111\u01b0\u1ee3c ph\u1ee7 l\u1edbp da \u00dd \u0111\u01b0\u1ee3c l\u00e0m ho\u00e0n to\u00e0n b\u1eb1ng tay, v\u1edbi logo &#8220;d\u00e2u \u0111en&#8221; \u0111\u01b0\u1ee3c kh\u1eafc l\u00ean. (b\u1ea1n c\u00f3 th\u1ec3 thay \u0111\u1ed5i m\u1eb7t l\u01b0ng P&#8217;9982 v\u1edbi c\u00e1c m\u00e0u s\u1eafc tu\u1ef3 ch\u1ecdn nh\u01b0 n\u00e2u nh\u1ea1t hay \u0111\u1ecf).<\/p>\n<p>V\u1ec1 c\u1ea5u h\u00ecnh, Porsche Design P&#8217;9982 gi\u1ed1ng v\u1edbi BlackBerry Z10, khi n\u00f3 \u0111\u01b0\u1ee3c trang b\u1ecb m\u00e0n h\u00ecnh c\u1ea3m \u1ee9ng 4,2&#8243;, \u0111\u1ed9 ph\u00e2n gi\u1ea3i 1280 x 768, CPU l\u00f5i k\u00e9p 1,5GHz, RAM 2GB. M\u00e1y v\u1eabn s\u1edf h\u1eefu camera ch\u00ednh 8MP, camera ph\u1ee5 2MP, P&#8217;9982 \u0111\u01b0\u1ee3c c\u00e0i s\u1eb5n h\u1ec7 \u0111i\u1ec1u h\u00e0nh BlackBerry OS 10. Cu\u1ed1i c\u00f9ng h\u00e3ng \u0111i\u1ec7n tho\u1ea1i Canada cho bi\u1ebft P&#8217;9982 s\u1ebd ch\u1ec9 c\u00f3 phi\u00ean b\u1ea3n dung l\u01b0\u1ee3ng b\u1ed9 nh\u1edb trong 64GB, cho ph\u00e9p h\u1ed7 tr\u1ee3 th\u1ebb nh\u1edb microSD 64GB &#8211; \u0111\u00e2y c\u0169ng ch\u00ednh l\u00e0 \u0111i\u1ec3m n\u00e2ng c\u1ea5p duy nh\u1ea5t c\u1ee7a P&#8217;9982 v\u1edbi Z10 khi n\u00f3i v\u1ec1 th\u00f4ng s\u1ed1 k\u1ef9 thu\u1eadt.<\/p>\n<p>\u0110\u01b0\u1ee3c bi\u1ebft BlackBerry Porsche Design P&#8217;9982 s\u1ebd \u0111\u01b0\u1ee3c c\u1eeda h\u00e0ng Harrods t\u1ea1i Anh ph\u00e2n ph\u1ed1i \u0111\u1ed9c quy\u1ec1n, v\u1edbi gi\u00e1 kho\u1ea3ng 2.400$.<\/p>\n","protected":false},"excerpt":{"rendered":"<p>Ti\u1ebfp n\u1ed1i chi\u1ebfc smartphone xa x\u1ec9\u00a0Porsche Design\u00a0P&#8217;9981 \u0111\u01b0\u1ee3c ra m\u1eaft v\u00e0o n\u0103m 2011, n\u0103m nay h\u00e3ng Porsche Design n\u1ed5i ti\u1ebfng c\u0169ng \u0111\u00e3 ti\u1ebfp t\u1ee5c b\u1eaft tay v\u1edbi BlackBerry \u0111\u1ec3 cho ra m\u1eaft ti\u1ebfp chi\u1ebfc smartphone Porsche Design P&#8217;9982 v\u1edbi ki\u1ec3u d\u00e1ng mang \u00e2m h\u01b0\u1edfng c\u1ee7a\u00a0Z10.<\/p>\n","protected":false},"featured_media":688,"comment_status":"open","ping_status":"closed","template":"","meta":[],"product_cat":[18],"product_tag":[],"_links":{"self":[{"href":"https:\/\/demo.bmconnect.vn\/shoptranh\/wp-json\/wp\/v2\/product\/685"}],"collection":[{"href":"https:\/\/demo.bmconnect.vn\/shoptranh\/wp-json\/wp\/v2\/product"}],"about":[{"href":"https:\/\/demo.bmconnect.vn\/shoptranh\/wp-json\/wp\/v2\/types\/product"}],"replies":[{"embeddable":true,"href":"https:\/\/demo.bmconnect.vn\/shoptranh\/wp-json\/wp\/v2\/comments?post=685"}],"wp:featuredmedia":[{"embeddable":true,"href":"https:\/\/demo.bmconnect.vn\/shoptranh\/wp-json\/wp\/v2\/media\/688"}],"wp:attachment":[{"href":"https:\/\/demo.bmconnect.vn\/shoptranh\/wp-json\/wp\/v2\/media?parent=685"}],"wp:term":[{"taxonomy":"product_cat","embeddable":true,"href":"https:\/\/demo.bmconnect.vn\/shoptranh\/wp-json\/wp\/v2\/product_cat?post=685"},{"taxonomy":"product_tag","embeddable":true,"href":"https:\/\/demo.bmconnect.vn\/shoptranh\/wp-json\/wp\/v2\/product_tag?post=685"}],"curies":[{"name":"wp","href":"https:\/\/api.w.org\/{rel}","templated":true}]}}