{"id":675,"date":"2017-06-29T18:31:16","date_gmt":"2017-06-29T11:31:16","guid":{"rendered":"https:\/\/demo.bmconnect.vn\/shoptranh\/?post_type=product&#038;p=675"},"modified":"2017-06-29T18:31:28","modified_gmt":"2017-06-29T11:31:28","slug":"blackberry-pear-8220","status":"publish","type":"product","link":"https:\/\/demo.bmconnect.vn\/shoptranh\/san-pham\/blackberry-pear-8220\/","title":{"rendered":"Blackberry Pear 8220"},"content":{"rendered":"<p>Nh\u1eefng chi\u1ebfc BlackBerry nhi\u1ec1u n\u00fat gi\u1edd \u0111\u00e2y kh\u00f4ng c\u00f2n l\u00e0 \u0111\u1ed9c quy\u1ec1n ch\u1ec9 d\u00e0nh cho d\u00e2n v\u0103n ph\u00f2ng. RIM \u0111\u00e3 l\u01b0u \u00fd h\u01a1n \u0111\u1ebfn c\u00e1c ph\u00e2n kh\u00fac ng\u01b0\u1eddi d\u00f9ng ph\u1ed5 th\u00f4ng v\u00e0 \u0111\u1eb7c bi\u1ec7t l\u00e0 l\u01b0u \u00fd \u0111\u1ebfn c\u00e1c s\u1ea3n ph\u1ea9m d\u00e0nh cho qu\u00fd b\u00e0, qu\u00fd n\u00e0ng v\u1edbi thi\u1ebft k\u1ebf d\u1ecbu d\u00e0ng h\u01a1n v\u00e0 k\u00e8m theo nh\u1eefng t\u00ednh n\u0103ng gi\u1ea3i tr\u00ed th\u00f4ng d\u1ee5ng.<\/p>\n<p><b>C\u1ea5u h\u00ecnh chi ti\u1ebft c\u1ee7a BlackBerry Pearl 8220 nh\u01b0 sau<\/b>:<\/p>\n<ul>\n<li>H\u1ed7 tr\u1ee3 GSM\/EDGE<\/li>\n<li>T\u00edch h\u1ee3p\u00a0<b>WiFi\u00a0<\/b>b\/g<\/li>\n<li>N\u1eb7ng 102g (3.6oz)<\/li>\n<li>K\u00edch th\u01b0\u1edbc 99mm x 48mm x 18mm (3.9&#8243; x 1.9&#8243; x 0.7&#8243;)<\/li>\n<li>N\u1eafp g\u1eadp c\u00f3 m\u00e0n h\u00ecnh t\u1ef1 c\u00e2n ch\u1ec9nh s\u00e1ng<\/li>\n<li>M\u00e0n h\u00ecnh trong c\u00f3 \u0111\u1ed9 ph\u00e2n gi\u1ea3i QVGA 240&#215;320<\/li>\n<li>Bluetooth 2.0<\/li>\n<li>B\u00e0n ph\u00edm 20 ph\u00edm, h\u1ed7 tr\u1ee3 SureType<\/li>\n<li>Camera 2.0 Megapixel<\/li>\n<li>Khe c\u1eafm th\u1ebb nh\u1edb MicroSD h\u1ed7 tr\u1ee3 \u0111\u1ebfn\u00a0<b>16GB<\/b><\/li>\n<li>T\u00edch h\u1ee3p DataViz&#8217;s Documents To Go<\/li>\n<li>Pin 900mAh, 4 gi\u1edd \u0111\u00e0m tho\u1ea1i v\u00e0 ch\u1edd 14 ng\u00e0y<\/li>\n<\/ul>\n<p>Gi\u00e1 c\u1ea3 ch\u00ednh th\u1ee9c T-Mobile s\u1ebd c\u00f4ng b\u1ed1 trong th\u1eddi gian g\u1ea7n \u0111\u00e2y, Rogers s\u1ebd ph\u00e1t h\u00e0nh v\u1edbi gi\u00e1 150 $CAN k\u00e8m theo h\u1ee3p \u0111\u1ed3ng s\u1eed d\u1ee5ng d\u1ecbch v\u1ee5.<\/p>\n","protected":false},"excerpt":{"rendered":"<p>Chi\u1ebfc \u0111i\u1ec7n tho\u1ea1i n\u1eafp g\u1eadp \u0111\u1ea7u ti\u00ean thu\u1ed9c d\u00f2ng BlackBerry cao c\u1ea5p \u0111\u00e3 ch\u00ednh th\u1ee9c ra \u0111\u1eddi v\u1edbi t\u00ean BlackBerry Pearl Flip sau bao l\u1eddi \u0111\u1ed3n \u0111\u1ea1i v\u00e0 tuy\u00ean \u0111o\u00e1n. V\u1eabn c\u00e1i t\u00ean BlackBerry Pearl, 8220 s\u1ebd t\u00edch h\u1ee3p WiFi, m\u1ea1ng GSM\/EDGE v\u00e0 \u0111\u01b0\u1ee3c T-Mobile v\u00e0 Rogers ph\u00e1t h\u00e0nh \u0111\u1ea7u ti\u00ean t\u1ea1i M\u1ef9 v\u00e0 Canada.<\/p>\n","protected":false},"featured_media":676,"comment_status":"open","ping_status":"closed","template":"","meta":[],"product_cat":[18],"product_tag":[],"_links":{"self":[{"href":"https:\/\/demo.bmconnect.vn\/shoptranh\/wp-json\/wp\/v2\/product\/675"}],"collection":[{"href":"https:\/\/demo.bmconnect.vn\/shoptranh\/wp-json\/wp\/v2\/product"}],"about":[{"href":"https:\/\/demo.bmconnect.vn\/shoptranh\/wp-json\/wp\/v2\/types\/product"}],"replies":[{"embeddable":true,"href":"https:\/\/demo.bmconnect.vn\/shoptranh\/wp-json\/wp\/v2\/comments?post=675"}],"wp:featuredmedia":[{"embeddable":true,"href":"https:\/\/demo.bmconnect.vn\/shoptranh\/wp-json\/wp\/v2\/media\/676"}],"wp:attachment":[{"href":"https:\/\/demo.bmconnect.vn\/shoptranh\/wp-json\/wp\/v2\/media?parent=675"}],"wp:term":[{"taxonomy":"product_cat","embeddable":true,"href":"https:\/\/demo.bmconnect.vn\/shoptranh\/wp-json\/wp\/v2\/product_cat?post=675"},{"taxonomy":"product_tag","embeddable":true,"href":"https:\/\/demo.bmconnect.vn\/shoptranh\/wp-json\/wp\/v2\/product_tag?post=675"}],"curies":[{"name":"wp","href":"https:\/\/api.w.org\/{rel}","templated":true}]}}