{"id":468,"date":"2017-06-29T16:32:04","date_gmt":"2017-06-29T09:32:04","guid":{"rendered":"https:\/\/demo.bmconnect.vn\/shoptranh\/?post_type=product&#038;p=468"},"modified":"2017-06-29T16:33:32","modified_gmt":"2017-06-29T09:33:32","slug":"iphone-7s-plus-red-64g","status":"publish","type":"product","link":"https:\/\/demo.bmconnect.vn\/shoptranh\/san-pham\/iphone-7s-plus-red-64g\/","title":{"rendered":"Iphone 7s Plus RED 64G"},"content":{"rendered":"<h3><strong>Camera tr\u01b0\u1edbc t\u0103ng l\u00ean 7 MP<\/strong><\/h3>\n<p>M\u1ed9t s\u1ef1 c\u1ea3i thi\u1ec7n \u0111\u00e1ng k\u1ec3 so v\u1edbi iPhone 6s tr\u01b0\u1edbc \u0111\u00f3, nh\u1eefng t\u1ea5m \u1ea3nh ch\u1ee5p selfie c\u1ee7a b\u1ea1n c\u00e0ng th\u00eam \u0111\u1ed9 chi ti\u1ebft v\u00e0 s\u1eafc n\u00e9t, b\u1ed9 nh\u1edb l\u1edbn 32 GB c\u0169ng gi\u00fap b\u1ea1n tho\u1ea3i m\u00e1i ch\u1ee5p v\u00e0 l\u01b0u tr\u1eef \u1ea3nh m\u00e0 kh\u00f4ng lo h\u1ebft dung l\u01b0\u1ee3ng \u0111\u1ec3 l\u01b0u.<\/p>\n<p>C\u00f9ng v\u1edbi \u0111\u00f3 l\u00e0 t\u00ednh n\u0103ng ch\u1ee5p Retina Flash gi\u00fap b\u1ea1n ch\u1ee5p \u1ea3nh t\u1ed1t h\u01a1n \u1edf \u0111i\u1ec1u ki\u1ec7n thi\u1ebfu s\u00e1ng.<\/p>\n<p>Ngo\u00e0i ra, camera ph\u00eda sau \u0111\u00e3 \u0111\u01b0\u1ee3c thi\u1ebft k\u1ebf g\u1ecdn g\u00e0ng v\u1edbi \u0111\u01b0\u1eddng bo m\u1ec1m m\u1ea1i h\u01a1n, h\u1ea1n ch\u1ebf t\u1ed1i \u0111a tr\u1ea7y x\u01b0\u1edbc cho \u1ed1ng k\u00ednh.<\/p>\n<h3><strong>N\u00fat home th\u00e0nh d\u1ea1ng c\u1ee9ng v\u00e0 nh\u1eadn bi\u1ebft c\u1ea3m \u1ee9ng l\u1ef1c<\/strong><\/h3>\n<p>N\u00fat home tr\u00f2n tr\u00ean iPhone 7 ch\u00ednh th\u1ee9c l\u00e0 d\u1ea1ng c\u1ee9ng, t\u1ee9c b\u1ea1n s\u1ebd kh\u00f4ng nh\u1ea5n xu\u1ed1ng \u0111\u01b0\u1ee3c n\u1eefa, \u0111\u1ec3 thao t\u00e1c tr\u00ean n\u00fat n\u00e0y b\u1ea1n s\u1ebd nh\u1ea5n 1 l\u1ef1c v\u1eeba ph\u1ea3i \u0111\u1ebfn khi n\u00fat home run nh\u1eb9 l\u00ean.<\/p>\n","protected":false},"excerpt":{"rendered":"<p>iPhone 7\u00a032 GB v\u1eabn mang tr\u00ean m\u00ecnh thi\u1ebft k\u1ebf quen thu\u1ed9c c\u1ee7a t\u1eeb th\u1eddi iPhone 6 nh\u01b0ng c\u00f3 nhi\u1ec1u thay \u0111\u1ed5i l\u1edbn v\u1ec1 ph\u1ea7n c\u1ee9ng nh\u01b0 trang b\u1ecb kh\u1ea3 n\u0103ng ch\u1ed1ng n\u01b0\u1edbc, d\u00e0n loa stereo v\u00e0 c\u1ea5u h\u00ecnh c\u1ef1c m\u1ea1nh.<\/p>\n","protected":false},"featured_media":470,"comment_status":"open","ping_status":"closed","template":"","meta":[],"product_cat":[22],"product_tag":[],"_links":{"self":[{"href":"https:\/\/demo.bmconnect.vn\/shoptranh\/wp-json\/wp\/v2\/product\/468"}],"collection":[{"href":"https:\/\/demo.bmconnect.vn\/shoptranh\/wp-json\/wp\/v2\/product"}],"about":[{"href":"https:\/\/demo.bmconnect.vn\/shoptranh\/wp-json\/wp\/v2\/types\/product"}],"replies":[{"embeddable":true,"href":"https:\/\/demo.bmconnect.vn\/shoptranh\/wp-json\/wp\/v2\/comments?post=468"}],"wp:featuredmedia":[{"embeddable":true,"href":"https:\/\/demo.bmconnect.vn\/shoptranh\/wp-json\/wp\/v2\/media\/470"}],"wp:attachment":[{"href":"https:\/\/demo.bmconnect.vn\/shoptranh\/wp-json\/wp\/v2\/media?parent=468"}],"wp:term":[{"taxonomy":"product_cat","embeddable":true,"href":"https:\/\/demo.bmconnect.vn\/shoptranh\/wp-json\/wp\/v2\/product_cat?post=468"},{"taxonomy":"product_tag","embeddable":true,"href":"https:\/\/demo.bmconnect.vn\/shoptranh\/wp-json\/wp\/v2\/product_tag?post=468"}],"curies":[{"name":"wp","href":"https:\/\/api.w.org\/{rel}","templated":true}]}}