{"id":201,"date":"2017-06-29T10:31:37","date_gmt":"2017-06-29T03:31:37","guid":{"rendered":"https:\/\/demo.bmconnect.vn\/shoptranh\/?post_type=product&#038;p=201"},"modified":"2017-08-08T14:45:30","modified_gmt":"2017-08-08T07:45:30","slug":"blackberry-z10","status":"publish","type":"product","link":"https:\/\/demo.bmconnect.vn\/shoptranh\/san-pham\/blackberry-z10\/","title":{"rendered":"BLACKBERRY Z10"},"content":{"rendered":"<div class=\"row row-small row-divided\"  id=\"row-267756961\">\n\n\t<div id=\"col-500303161\" class=\"col medium-8 small-12 large-8\"  >\n\t\t\t\t<div class=\"col-inner\"  >\n\t\t\t\n\t\t\t\n<h3>V\u1ec1 thi\u1ebft k\u1ebf<\/h3>\n<p>\u0110\u00e1nh gi\u00e1 v\u1ec1 thi\u1ebft k\u1ebf, m\u00ecnh cho r\u1eb1ng m\u00e1y \u0111\u1eb9p, ch\u1eafc ch\u1eafn d\u00f9 kh\u00f4ng ph\u1ea3i thi\u1ebft k\u1ebf nguy\u00ean kh\u1ed1i. B\u1ed9 v\u1ecf nh\u1ef1a, m\u1eb7t l\u01b0ng c\u00f3 logo c\u1ee7a h\u00e3ng c\u00f9ng nh\u1eefng \u0111\u01b0\u1eddng ho\u1ea1 ti\u1ebft \u0111an ch\u00e9o nhau gi\u00fap b\u1ea1n c\u00f3 c\u1ea3m gi\u00e1c tay t\u1ed1t khi c\u1ea7m, kh\u00f4ng tr\u01a1n tr\u01b0\u1ee3t. \u0110\u1ed3ng th\u1eddi, thi\u1ebft k\u1ebf n\u00e0y gi\u00fap m\u00e1y nh\u1eb9 nh\u00e0ng h\u01a1n, g\u1ecdn g\u00e0ng h\u01a1n.<\/p>\n<p>D\u00f9 kh\u00f4ng mang m\u00e0u s\u1eafc \u0111\u1eb7c tr\u01b0ng c\u1ee7a BB truy\u1ec1n th\u1ed1ng, nh\u01b0ng v\u1ebb ngo\u00e0i c\u1ee7a Z10 c\u0169ng kh\u00f4ng ph\u1ea3i kh\u00f4ng t\u1ea1o \u0111\u01b0\u1ee3c \u1ea5n t\u01b0\u1ee3ng. C\u00f9ng v\u1edbi \u0111\u00f3 l\u00e0 \u0111\u1ed9 ho\u00e0n thi\u1ec7n cao, gi\u00fap m\u00e1y th\u00eam cao c\u1ea5p, sang tr\u1ecdng v\u00e0 l\u00e0m h\u00e0i l\u00f2ng nh\u1eefng ng\u01b0\u1eddi d\u00f9ng kh\u00f3 t\u00ednh.<\/p>\n<h3>V\u1ec1 m\u00e0n h\u00ecnh<\/h3>\n<p>C\u00f3 th\u1ec3 n\u00f3i m\u00e1y kh\u00e1 nh\u1ea1y, c\u1ea3m \u1ee9ng t\u1ed1t. B\u1ea1n c\u00f3 th\u1ec3 tr\u01b0\u1ee3t, l\u01b0\u1edbt nhanh, tr\u00ean m\u00e0n h\u00ecnh n\u00e0y, kh\u00f4ng c\u1ea3m nh\u1eadn th\u1ea5y \u0111\u1ed9 tr\u1ec5 r\u00f5 r\u1ec7t khi s\u1eed d\u1ee5ng. M\u1ed9t \u0111i\u1ec3m s\u00e1ng th\u1eadt s\u1ef1 v\u1edbi c\u00f4ng ngh\u1ec7 m\u00e0n h\u00ecnh, c\u1ea3m \u1ee9ng tr\u00ean Z10, c\u00f3 l\u1ebd kh\u00f3 t\u00ecm. Nh\u01b0ng n\u1ebfu \u0111\u1eb7t v\u1ea5n \u0111\u1ec1, m\u00e0n h\u00ecnh n\u00e0y c\u00f3 l\u00e0m b\u1ea1n ph\u1ea3i \u0111\u1eafn \u0111o v\u1ec1 ch\u1ea5t l\u01b0\u1ee3ng, tr\u1ea3i nghi\u1ec7m hay kh\u00f4ng, th\u00ec c\u00e2u tr\u1ea3 l\u1eddi l\u00e0 kh\u00f4ng.<\/p>\n<p>M\u00e0n h\u00ecnh:LCD, 4.2\u2033,\u00a0HD<\/p>\n<p>H\u1ec7 \u0111i\u1ec1u h\u00e0nh:BlackBerry 10.2<\/p>\n<p>Camera sau:8 MP<\/p>\n<p>Camera tr\u01b0\u1edbc:2 MP<\/p>\n<p>CPU:Qualcomm MSM8960<\/p>\n<p>B\u1ed9 nh\u1edb trong:16 GB<\/p>\n<p>Th\u1ebb SIM:1 Micro SIM<\/p>\n<p>Dung l\u01b0\u1ee3ng pin:1800 mAh<\/p>\n\t\t<\/div>\n\t\t\t\t\t<\/div>\n\n\t\n\n\t<div id=\"col-203887564\" class=\"col medium-4 small-12 large-4\"  >\n\t\t\t\t<div class=\"col-inner\"  >\n\t\t\t\n\t\t\t\n\n  \n    <div class=\"row large-columns-2 medium-columns- small-columns- row-small has-shadow row-box-shadow-1 row-box-shadow-2-hover\">\n  \t\n\t     \n\t\t\t\t\t\n<div class=\"product-small col has-hover product type-product post-685 status-publish first instock product_cat-dien-thoai-blackberry has-post-thumbnail sale shipping-taxable purchasable product-type-simple\">\n\t<div class=\"col-inner\">\n\t\n<div class=\"badge-container absolute left top z-1\">\n\t\t<div class=\"callout badge badge-square\"><div class=\"badge-inner secondary on-sale\"><span class=\"onsale\">-20%<\/span><\/div><\/div>\n<\/div>\n\t<div class=\"product-small box \">\n\t\t<div class=\"box-image\">\n\t\t\t<div class=\"image-fade_in_back\">\n\t\t\t\t<a href=\"https:\/\/demo.bmconnect.vn\/shoptranh\/san-pham\/blackberry-9982\/\" aria-label=\"Blackberry 9982\">\n\t\t\t\t\t<img width=\"300\" height=\"300\" src=\"https:\/\/demo.bmconnect.vn\/shoptranh\/wp-content\/uploads\/2017\/06\/www.mihangsm.com_148456534719181-300x300.jpg\" class=\"attachment-woocommerce_thumbnail size-woocommerce_thumbnail\" alt=\"\" loading=\"lazy\" srcset=\"https:\/\/demo.bmconnect.vn\/shoptranh\/wp-content\/uploads\/2017\/06\/www.mihangsm.com_148456534719181-300x300.jpg 300w, https:\/\/demo.bmconnect.vn\/shoptranh\/wp-content\/uploads\/2017\/06\/www.mihangsm.com_148456534719181-150x150.jpg 150w, https:\/\/demo.bmconnect.vn\/shoptranh\/wp-content\/uploads\/2017\/06\/www.mihangsm.com_148456534719181-180x180.jpg 180w, https:\/\/demo.bmconnect.vn\/shoptranh\/wp-content\/uploads\/2017\/06\/www.mihangsm.com_148456534719181-600x600.jpg 600w, https:\/\/demo.bmconnect.vn\/shoptranh\/wp-content\/uploads\/2017\/06\/www.mihangsm.com_148456534719181-100x100.jpg 100w\" sizes=\"(max-width: 300px) 100vw, 300px\" \/><img width=\"300\" height=\"300\" src=\"https:\/\/demo.bmconnect.vn\/shoptranh\/wp-content\/uploads\/2017\/06\/Blackberry-Porsche-Design-P9982-man-hinh-300x300.jpg\" class=\"show-on-hover absolute fill hide-for-small back-image\" alt=\"\" loading=\"lazy\" srcset=\"https:\/\/demo.bmconnect.vn\/shoptranh\/wp-content\/uploads\/2017\/06\/Blackberry-Porsche-Design-P9982-man-hinh-300x300.jpg 300w, https:\/\/demo.bmconnect.vn\/shoptranh\/wp-content\/uploads\/2017\/06\/Blackberry-Porsche-Design-P9982-man-hinh-150x150.jpg 150w, https:\/\/demo.bmconnect.vn\/shoptranh\/wp-content\/uploads\/2017\/06\/Blackberry-Porsche-Design-P9982-man-hinh-180x180.jpg 180w\" sizes=\"(max-width: 300px) 100vw, 300px\" \/>\t\t\t\t<\/a>\n\t\t\t<\/div>\n\t\t\t<div class=\"image-tools is-small top right show-on-hover\">\n\t\t\t\t\t\t\t<\/div>\n\t\t\t<div class=\"image-tools is-small hide-for-small bottom left show-on-hover\">\n\t\t\t\t\t\t\t<\/div>\n\t\t\t<div class=\"image-tools grid-tools text-center hide-for-small bottom hover-slide-in show-on-hover\">\n\t\t\t\t\t\t\t<\/div>\n\t\t\t\t\t<\/div>\n\n\t\t<div class=\"box-text box-text-products text-center grid-style-2\">\n\t\t\t<div class=\"title-wrapper\"><\/div><div class=\"price-wrapper\"><\/div>\t\t<\/div>\n\t<\/div>\n\t\t<\/div>\n<\/div>\n\t            \n\t\t\t\t\t\n<div class=\"product-small col has-hover product type-product post-679 status-publish instock product_cat-dien-thoai-blackberry has-post-thumbnail sale shipping-taxable purchasable product-type-simple\">\n\t<div class=\"col-inner\">\n\t\n<div class=\"badge-container absolute left top z-1\">\n\t\t<div class=\"callout badge badge-square\"><div class=\"badge-inner secondary on-sale\"><span class=\"onsale\">-17%<\/span><\/div><\/div>\n<\/div>\n\t<div class=\"product-small box \">\n\t\t<div class=\"box-image\">\n\t\t\t<div class=\"image-fade_in_back\">\n\t\t\t\t<a href=\"https:\/\/demo.bmconnect.vn\/shoptranh\/san-pham\/blackberry-bold-9981\/\" aria-label=\"Blackberry Bold 9981\">\n\t\t\t\t\t<img width=\"300\" height=\"300\" src=\"https:\/\/demo.bmconnect.vn\/shoptranh\/wp-content\/uploads\/2017\/06\/Blackberry-Porsche-Design-P\u20199981-man-hinh-1-300x300.jpg\" class=\"attachment-woocommerce_thumbnail size-woocommerce_thumbnail\" alt=\"\" loading=\"lazy\" srcset=\"https:\/\/demo.bmconnect.vn\/shoptranh\/wp-content\/uploads\/2017\/06\/Blackberry-Porsche-Design-P\u20199981-man-hinh-1-300x300.jpg 300w, https:\/\/demo.bmconnect.vn\/shoptranh\/wp-content\/uploads\/2017\/06\/Blackberry-Porsche-Design-P\u20199981-man-hinh-1-150x150.jpg 150w, https:\/\/demo.bmconnect.vn\/shoptranh\/wp-content\/uploads\/2017\/06\/Blackberry-Porsche-Design-P\u20199981-man-hinh-1-180x180.jpg 180w, https:\/\/demo.bmconnect.vn\/shoptranh\/wp-content\/uploads\/2017\/06\/Blackberry-Porsche-Design-P\u20199981-man-hinh-1-100x100.jpg 100w\" sizes=\"(max-width: 300px) 100vw, 300px\" \/><img width=\"300\" height=\"300\" src=\"https:\/\/demo.bmconnect.vn\/shoptranh\/wp-content\/uploads\/2017\/06\/Blackberry-Porsche-Design-P\u20199981-man-hinh-300x300.jpg\" class=\"show-on-hover absolute fill hide-for-small back-image\" alt=\"\" loading=\"lazy\" srcset=\"https:\/\/demo.bmconnect.vn\/shoptranh\/wp-content\/uploads\/2017\/06\/Blackberry-Porsche-Design-P\u20199981-man-hinh-300x300.jpg 300w, https:\/\/demo.bmconnect.vn\/shoptranh\/wp-content\/uploads\/2017\/06\/Blackberry-Porsche-Design-P\u20199981-man-hinh-150x150.jpg 150w, https:\/\/demo.bmconnect.vn\/shoptranh\/wp-content\/uploads\/2017\/06\/Blackberry-Porsche-Design-P\u20199981-man-hinh-180x180.jpg 180w\" sizes=\"(max-width: 300px) 100vw, 300px\" \/>\t\t\t\t<\/a>\n\t\t\t<\/div>\n\t\t\t<div class=\"image-tools is-small top right show-on-hover\">\n\t\t\t\t\t\t\t<\/div>\n\t\t\t<div class=\"image-tools is-small hide-for-small bottom left show-on-hover\">\n\t\t\t\t\t\t\t<\/div>\n\t\t\t<div class=\"image-tools grid-tools text-center hide-for-small bottom hover-slide-in show-on-hover\">\n\t\t\t\t\t\t\t<\/div>\n\t\t\t\t\t<\/div>\n\n\t\t<div class=\"box-text box-text-products text-center grid-style-2\">\n\t\t\t<div class=\"title-wrapper\"><\/div><div class=\"price-wrapper\"><\/div>\t\t<\/div>\n\t<\/div>\n\t\t<\/div>\n<\/div>\n\t            \n\t\t\t\t\t\n<div class=\"product-small col has-hover product type-product post-675 status-publish instock product_cat-dien-thoai-blackberry has-post-thumbnail sale shipping-taxable purchasable product-type-simple\">\n\t<div class=\"col-inner\">\n\t\n<div class=\"badge-container absolute left top z-1\">\n\t\t<div class=\"callout badge badge-square\"><div class=\"badge-inner secondary on-sale\"><span class=\"onsale\">-6%<\/span><\/div><\/div>\n<\/div>\n\t<div class=\"product-small box \">\n\t\t<div class=\"box-image\">\n\t\t\t<div class=\"image-fade_in_back\">\n\t\t\t\t<a href=\"https:\/\/demo.bmconnect.vn\/shoptranh\/san-pham\/blackberry-pear-8220\/\" aria-label=\"Blackberry Pear 8220\">\n\t\t\t\t\t<img width=\"300\" height=\"300\" src=\"https:\/\/demo.bmconnect.vn\/shoptranh\/wp-content\/uploads\/2017\/06\/IMG_20151209_101209.jpg\" class=\"attachment-woocommerce_thumbnail size-woocommerce_thumbnail\" alt=\"\" loading=\"lazy\" srcset=\"https:\/\/demo.bmconnect.vn\/shoptranh\/wp-content\/uploads\/2017\/06\/IMG_20151209_101209.jpg 936w, https:\/\/demo.bmconnect.vn\/shoptranh\/wp-content\/uploads\/2017\/06\/IMG_20151209_101209-150x150.jpg 150w, https:\/\/demo.bmconnect.vn\/shoptranh\/wp-content\/uploads\/2017\/06\/IMG_20151209_101209-300x300.jpg 300w, https:\/\/demo.bmconnect.vn\/shoptranh\/wp-content\/uploads\/2017\/06\/IMG_20151209_101209-768x768.jpg 768w, https:\/\/demo.bmconnect.vn\/shoptranh\/wp-content\/uploads\/2017\/06\/IMG_20151209_101209-180x180.jpg 180w, https:\/\/demo.bmconnect.vn\/shoptranh\/wp-content\/uploads\/2017\/06\/IMG_20151209_101209-600x600.jpg 600w\" sizes=\"(max-width: 300px) 100vw, 300px\" \/><img width=\"300\" height=\"300\" src=\"https:\/\/demo.bmconnect.vn\/shoptranh\/wp-content\/uploads\/2017\/06\/IMG_20151209_101209.jpg\" class=\"show-on-hover absolute fill hide-for-small back-image\" alt=\"\" loading=\"lazy\" srcset=\"https:\/\/demo.bmconnect.vn\/shoptranh\/wp-content\/uploads\/2017\/06\/IMG_20151209_101209.jpg 936w, https:\/\/demo.bmconnect.vn\/shoptranh\/wp-content\/uploads\/2017\/06\/IMG_20151209_101209-150x150.jpg 150w, https:\/\/demo.bmconnect.vn\/shoptranh\/wp-content\/uploads\/2017\/06\/IMG_20151209_101209-300x300.jpg 300w, https:\/\/demo.bmconnect.vn\/shoptranh\/wp-content\/uploads\/2017\/06\/IMG_20151209_101209-768x768.jpg 768w, https:\/\/demo.bmconnect.vn\/shoptranh\/wp-content\/uploads\/2017\/06\/IMG_20151209_101209-180x180.jpg 180w, https:\/\/demo.bmconnect.vn\/shoptranh\/wp-content\/uploads\/2017\/06\/IMG_20151209_101209-600x600.jpg 600w\" sizes=\"(max-width: 300px) 100vw, 300px\" \/>\t\t\t\t<\/a>\n\t\t\t<\/div>\n\t\t\t<div class=\"image-tools is-small top right show-on-hover\">\n\t\t\t\t\t\t\t<\/div>\n\t\t\t<div class=\"image-tools is-small hide-for-small bottom left show-on-hover\">\n\t\t\t\t\t\t\t<\/div>\n\t\t\t<div class=\"image-tools grid-tools text-center hide-for-small bottom hover-slide-in show-on-hover\">\n\t\t\t\t\t\t\t<\/div>\n\t\t\t\t\t<\/div>\n\n\t\t<div class=\"box-text box-text-products text-center grid-style-2\">\n\t\t\t<div class=\"title-wrapper\"><\/div><div class=\"price-wrapper\"><\/div>\t\t<\/div>\n\t<\/div>\n\t\t<\/div>\n<\/div>\n\t            \n\t\t\t\t\t\n<div class=\"product-small col has-hover product type-product post-672 status-publish instock product_cat-dien-thoai-blackberry has-post-thumbnail shipping-taxable purchasable product-type-simple\">\n\t<div class=\"col-inner\">\n\t\n<div class=\"badge-container absolute left top z-1\">\n<\/div>\n\t<div class=\"product-small box \">\n\t\t<div class=\"box-image\">\n\t\t\t<div class=\"image-fade_in_back\">\n\t\t\t\t<a href=\"https:\/\/demo.bmconnect.vn\/shoptranh\/san-pham\/blackberry-bold-9000\/\" aria-label=\"Blackberry Bold 9000\">\n\t\t\t\t\t<img width=\"300\" height=\"300\" src=\"https:\/\/demo.bmconnect.vn\/shoptranh\/wp-content\/uploads\/2017\/06\/bold9000-new-os_1432743759-300x300.jpg\" class=\"attachment-woocommerce_thumbnail size-woocommerce_thumbnail\" alt=\"\" loading=\"lazy\" srcset=\"https:\/\/demo.bmconnect.vn\/shoptranh\/wp-content\/uploads\/2017\/06\/bold9000-new-os_1432743759-300x300.jpg 300w, https:\/\/demo.bmconnect.vn\/shoptranh\/wp-content\/uploads\/2017\/06\/bold9000-new-os_1432743759-150x150.jpg 150w, https:\/\/demo.bmconnect.vn\/shoptranh\/wp-content\/uploads\/2017\/06\/bold9000-new-os_1432743759-180x180.jpg 180w, https:\/\/demo.bmconnect.vn\/shoptranh\/wp-content\/uploads\/2017\/06\/bold9000-new-os_1432743759-100x100.jpg 100w\" sizes=\"(max-width: 300px) 100vw, 300px\" \/><img width=\"300\" height=\"300\" src=\"https:\/\/demo.bmconnect.vn\/shoptranh\/wp-content\/uploads\/2017\/06\/bold9000-new-os_1432743759-300x300.jpg\" class=\"show-on-hover absolute fill hide-for-small back-image\" alt=\"\" loading=\"lazy\" srcset=\"https:\/\/demo.bmconnect.vn\/shoptranh\/wp-content\/uploads\/2017\/06\/bold9000-new-os_1432743759-300x300.jpg 300w, https:\/\/demo.bmconnect.vn\/shoptranh\/wp-content\/uploads\/2017\/06\/bold9000-new-os_1432743759-150x150.jpg 150w, https:\/\/demo.bmconnect.vn\/shoptranh\/wp-content\/uploads\/2017\/06\/bold9000-new-os_1432743759-180x180.jpg 180w, https:\/\/demo.bmconnect.vn\/shoptranh\/wp-content\/uploads\/2017\/06\/bold9000-new-os_1432743759-100x100.jpg 100w\" sizes=\"(max-width: 300px) 100vw, 300px\" \/>\t\t\t\t<\/a>\n\t\t\t<\/div>\n\t\t\t<div class=\"image-tools is-small top right show-on-hover\">\n\t\t\t\t\t\t\t<\/div>\n\t\t\t<div class=\"image-tools is-small hide-for-small bottom left show-on-hover\">\n\t\t\t\t\t\t\t<\/div>\n\t\t\t<div class=\"image-tools grid-tools text-center hide-for-small bottom hover-slide-in show-on-hover\">\n\t\t\t\t\t\t\t<\/div>\n\t\t\t\t\t<\/div>\n\n\t\t<div class=\"box-text box-text-products text-center grid-style-2\">\n\t\t\t<div class=\"title-wrapper\"><\/div><div class=\"price-wrapper\"><\/div>\t\t<\/div>\n\t<\/div>\n\t\t<\/div>\n<\/div>\n\t            \n\t\t\t\t\t\n<div class=\"product-small col has-hover product type-product post-481 status-publish last instock product_cat-dien-thoai-lg has-post-thumbnail sale shipping-taxable purchasable product-type-simple\">\n\t<div class=\"col-inner\">\n\t\n<div class=\"badge-container absolute left top z-1\">\n\t\t<div class=\"callout badge badge-square\"><div class=\"badge-inner secondary on-sale\"><span class=\"onsale\">-55%<\/span><\/div><\/div>\n<\/div>\n\t<div class=\"product-small box \">\n\t\t<div class=\"box-image\">\n\t\t\t<div class=\"image-fade_in_back\">\n\t\t\t\t<a href=\"https:\/\/demo.bmconnect.vn\/shoptranh\/san-pham\/lg-g6-chinh-hang\/\" aria-label=\"LG G6 Ch\u00ednh H\u00e3ng\">\n\t\t\t\t\t<img width=\"300\" height=\"300\" src=\"https:\/\/demo.bmconnect.vn\/shoptranh\/wp-content\/uploads\/2017\/06\/LG-G6-21-300x300.jpg\" class=\"attachment-woocommerce_thumbnail size-woocommerce_thumbnail\" alt=\"\" loading=\"lazy\" srcset=\"https:\/\/demo.bmconnect.vn\/shoptranh\/wp-content\/uploads\/2017\/06\/LG-G6-21-300x300.jpg 300w, https:\/\/demo.bmconnect.vn\/shoptranh\/wp-content\/uploads\/2017\/06\/LG-G6-21-150x150.jpg 150w, https:\/\/demo.bmconnect.vn\/shoptranh\/wp-content\/uploads\/2017\/06\/LG-G6-21-180x180.jpg 180w, https:\/\/demo.bmconnect.vn\/shoptranh\/wp-content\/uploads\/2017\/06\/LG-G6-21-600x600.jpg 600w, https:\/\/demo.bmconnect.vn\/shoptranh\/wp-content\/uploads\/2017\/06\/LG-G6-21-100x100.jpg 100w\" sizes=\"(max-width: 300px) 100vw, 300px\" \/><img width=\"300\" height=\"300\" src=\"https:\/\/demo.bmconnect.vn\/shoptranh\/wp-content\/uploads\/2017\/06\/LG-G6-21-300x300.jpg\" class=\"show-on-hover absolute fill hide-for-small back-image\" alt=\"\" loading=\"lazy\" srcset=\"https:\/\/demo.bmconnect.vn\/shoptranh\/wp-content\/uploads\/2017\/06\/LG-G6-21-300x300.jpg 300w, https:\/\/demo.bmconnect.vn\/shoptranh\/wp-content\/uploads\/2017\/06\/LG-G6-21-150x150.jpg 150w, https:\/\/demo.bmconnect.vn\/shoptranh\/wp-content\/uploads\/2017\/06\/LG-G6-21-180x180.jpg 180w, https:\/\/demo.bmconnect.vn\/shoptranh\/wp-content\/uploads\/2017\/06\/LG-G6-21-600x600.jpg 600w, https:\/\/demo.bmconnect.vn\/shoptranh\/wp-content\/uploads\/2017\/06\/LG-G6-21-100x100.jpg 100w\" sizes=\"(max-width: 300px) 100vw, 300px\" \/>\t\t\t\t<\/a>\n\t\t\t<\/div>\n\t\t\t<div class=\"image-tools is-small top right show-on-hover\">\n\t\t\t\t\t\t\t<\/div>\n\t\t\t<div class=\"image-tools is-small hide-for-small bottom left show-on-hover\">\n\t\t\t\t\t\t\t<\/div>\n\t\t\t<div class=\"image-tools grid-tools text-center hide-for-small bottom hover-slide-in show-on-hover\">\n\t\t\t\t\t\t\t<\/div>\n\t\t\t\t\t<\/div>\n\n\t\t<div class=\"box-text box-text-products text-center grid-style-2\">\n\t\t\t<div class=\"title-wrapper\"><\/div><div class=\"price-wrapper\"><\/div>\t\t<\/div>\n\t<\/div>\n\t\t<\/div>\n<\/div>\n\t            \n\t\t\t\t\t\n<div class=\"product-small col has-hover product type-product post-479 status-publish first instock product_cat-dien-thoai-lg has-post-thumbnail sale shipping-taxable purchasable product-type-simple\">\n\t<div class=\"col-inner\">\n\t\n<div class=\"badge-container absolute left top z-1\">\n\t\t<div class=\"callout badge badge-square\"><div class=\"badge-inner secondary on-sale\"><span class=\"onsale\">-91%<\/span><\/div><\/div>\n<\/div>\n\t<div class=\"product-small box \">\n\t\t<div class=\"box-image\">\n\t\t\t<div class=\"image-fade_in_back\">\n\t\t\t\t<a href=\"https:\/\/demo.bmconnect.vn\/shoptranh\/san-pham\/lg-v20-2-sim-chinh-hang\/\" aria-label=\"LG V20 2 Sim Ch\u00ednh H\u00e3ng\">\n\t\t\t\t\t<img width=\"300\" height=\"300\" src=\"https:\/\/demo.bmconnect.vn\/shoptranh\/wp-content\/uploads\/2017\/06\/bo_1496907513-300x300.jpg\" class=\"attachment-woocommerce_thumbnail size-woocommerce_thumbnail\" alt=\"\" loading=\"lazy\" srcset=\"https:\/\/demo.bmconnect.vn\/shoptranh\/wp-content\/uploads\/2017\/06\/bo_1496907513-300x300.jpg 300w, https:\/\/demo.bmconnect.vn\/shoptranh\/wp-content\/uploads\/2017\/06\/bo_1496907513-150x150.jpg 150w, https:\/\/demo.bmconnect.vn\/shoptranh\/wp-content\/uploads\/2017\/06\/bo_1496907513-180x180.jpg 180w, https:\/\/demo.bmconnect.vn\/shoptranh\/wp-content\/uploads\/2017\/06\/bo_1496907513-100x100.jpg 100w\" sizes=\"(max-width: 300px) 100vw, 300px\" \/><img width=\"300\" height=\"300\" src=\"https:\/\/demo.bmconnect.vn\/shoptranh\/wp-content\/uploads\/2017\/06\/bo_1496907513-300x300.jpg\" class=\"show-on-hover absolute fill hide-for-small back-image\" alt=\"\" loading=\"lazy\" srcset=\"https:\/\/demo.bmconnect.vn\/shoptranh\/wp-content\/uploads\/2017\/06\/bo_1496907513-300x300.jpg 300w, https:\/\/demo.bmconnect.vn\/shoptranh\/wp-content\/uploads\/2017\/06\/bo_1496907513-150x150.jpg 150w, https:\/\/demo.bmconnect.vn\/shoptranh\/wp-content\/uploads\/2017\/06\/bo_1496907513-180x180.jpg 180w, https:\/\/demo.bmconnect.vn\/shoptranh\/wp-content\/uploads\/2017\/06\/bo_1496907513-100x100.jpg 100w\" sizes=\"(max-width: 300px) 100vw, 300px\" \/>\t\t\t\t<\/a>\n\t\t\t<\/div>\n\t\t\t<div class=\"image-tools is-small top right show-on-hover\">\n\t\t\t\t\t\t\t<\/div>\n\t\t\t<div class=\"image-tools is-small hide-for-small bottom left show-on-hover\">\n\t\t\t\t\t\t\t<\/div>\n\t\t\t<div class=\"image-tools grid-tools text-center hide-for-small bottom hover-slide-in show-on-hover\">\n\t\t\t\t\t\t\t<\/div>\n\t\t\t\t\t<\/div>\n\n\t\t<div class=\"box-text box-text-products text-center grid-style-2\">\n\t\t\t<div class=\"title-wrapper\"><\/div><div class=\"price-wrapper\"><\/div>\t\t<\/div>\n\t<\/div>\n\t\t<\/div>\n<\/div>\n\t            \t        <\/div>\n\t\t<\/div>\n\t\t\t\t\t<\/div>\n\n\t\n<\/div>\n","protected":false},"excerpt":{"rendered":"<p>\u25ba Quy c\u00e1ch 03 t\u1ea5m tranh gh\u00e9p<\/p>\n<p>\u25ba K\u00edch th\u01b0\u1edbc: 40x60cm (3 t\u1ea5m)<\/p>\n<p>\u25ba Ch\u1ea5t li\u1ec7u G\u1ed7 MDF Malaysia, ph\u1ee7 melamine hai m\u1eb7t<\/p>\n<p>\u25ba M\u00e1y \u0111\u1ed3ng h\u1ed3 b\u1ea3o h\u00e0nh 18 th\u00e1ng<\/p>\n<p>\u25ba Xu\u1ea5t x\u1ee9: T\u01b0\u1eddng Xinh Vi\u1ec7t Nam<\/p>\n<p>\u25ba Giao h\u00e0ng to\u00e0n qu\u1ed1c, thanh to\u00e1n khi nh\u1eadn h\u00e0ng<\/p>\n","protected":false},"featured_media":202,"comment_status":"open","ping_status":"closed","template":"","meta":[],"product_cat":[18],"product_tag":[],"_links":{"self":[{"href":"https:\/\/demo.bmconnect.vn\/shoptranh\/wp-json\/wp\/v2\/product\/201"}],"collection":[{"href":"https:\/\/demo.bmconnect.vn\/shoptranh\/wp-json\/wp\/v2\/product"}],"about":[{"href":"https:\/\/demo.bmconnect.vn\/shoptranh\/wp-json\/wp\/v2\/types\/product"}],"replies":[{"embeddable":true,"href":"https:\/\/demo.bmconnect.vn\/shoptranh\/wp-json\/wp\/v2\/comments?post=201"}],"wp:featuredmedia":[{"embeddable":true,"href":"https:\/\/demo.bmconnect.vn\/shoptranh\/wp-json\/wp\/v2\/media\/202"}],"wp:attachment":[{"href":"https:\/\/demo.bmconnect.vn\/shoptranh\/wp-json\/wp\/v2\/media?parent=201"}],"wp:term":[{"taxonomy":"product_cat","embeddable":true,"href":"https:\/\/demo.bmconnect.vn\/shoptranh\/wp-json\/wp\/v2\/product_cat?post=201"},{"taxonomy":"product_tag","embeddable":true,"href":"https:\/\/demo.bmconnect.vn\/shoptranh\/wp-json\/wp\/v2\/product_tag?post=201"}],"curies":[{"name":"wp","href":"https:\/\/api.w.org\/{rel}","templated":true}]}}