{"id":215,"date":"2019-02-26T22:45:52","date_gmt":"2019-02-26T15:45:52","guid":{"rendered":"http:\/\/demo.bmconnect.vn\/shopruou\/?post_type=product&#038;p=215"},"modified":"2019-03-01T02:25:16","modified_gmt":"2019-02-28T19:25:16","slug":"ruou-macallan-quest","status":"publish","type":"product","link":"https:\/\/demo.bmconnect.vn\/shopruou\/san-pham\/ruou-macallan-quest\/","title":{"rendered":"R\u01af\u1ee2U MACALLAN QUEST"},"content":{"rendered":"<p>R\u01b0\u1ee3u Macallan Quest trong b\u1ed9 s\u01b0u t\u1eadp m\u1edbi c\u1ee7a h\u00e3ng, The Macallan Quest Collection, kh\u00f4ng \u0111\u1ec3 tu\u1ed5i r\u01b0\u1ee3u (NAS) ph\u00e1t h\u00e0nh cho k\u00eanh b\u00e1n l\u1ebb to\u00e0n c\u1ea7u g\u1ed3m: Macallan Quest, Lumina, Terra v\u00e0 Enigma.<\/p>\n<p><img title=\"R\u01b0\u1ee3u Macallan 1 l\u00edt Quest\" src=\"http:\/\/sanhruou.com\/media\/Uploaded\/Whisky\/Quest-bo-suu-tap.jpg\" \/><\/p>\n<p class=\"fr-tag\">B\u1ed9 s\u01b0u t\u1eadp n\u00e0y s\u1ebd thay th\u1ebf cho b\u1ed9 s\u01b0u t\u1eadp hi\u1ec7n t\u1ea1i l\u00e0: The Macallan 1824 Collection g\u1ed3m:\u00a0<a href=\"http:\/\/sanhruou.com\/whisky\/ruou-macallan-select-oak-1l.html\" target=\"_blank\" rel=\"noopener\">Select Oak<\/a>\u00a0(hay c\u00f2n g\u1ecdi Macallan Xanh 1L), Whisky Maker\u2019s Edition v\u00e0 Estate Reserve t\u1eeb th\u00e1ng 1\/2018.<\/p>\n<p class=\"fr-tag\">R\u01b0\u1ee3u Macallan Quest \u0111\u01b0\u1ee3c ph\u1ed1i tr\u1ed9n t\u1eeb 4 lo\u1ea1i th\u00f9ng g\u1ed7 s\u1ed3i g\u1ed3m: European &amp; American Sherry-seasoned oak, American ex-Bourbon &amp; hogshead casks. Trong m\u1ed9t n\u1ed5 l\u1ef1c kh\u00f4ng m\u1ec7t m\u1ecfi c\u1ee7a nh\u00e0 Macallan trong h\u00e0nh tr\u00ecnh v\u1ea1n d\u1eb7m t\u00ecm ki\u1ebfm g\u1ed7 s\u1ed3i cho qu\u00e1 tr\u00ecnh \u1ee7 r\u01b0\u1ee3u.<\/p>\n<p class=\"fr-tag\">R\u01b0\u1ee3u Macallan Quest l\u1ea5y c\u1ea3m h\u1ee9ng thi\u1ebft k\u1ebf t\u1eeb b\u1ea7u tr\u1eddi xanh th\u1eb3m v\u1edbi nh\u1eefng \u00e1ng m\u00e2y tr\u1eafng b\u1ed3ng b\u1ec1n.<\/p>\n","protected":false},"excerpt":{"rendered":"<ul class=\"product-specs__list\">\n<li class=\"meta\">Dung t\u00edch:1000ml<\/li>\n<li class=\"meta\">N\u1ed3ng \u0111\u1ed9:40%<\/li>\n<li class=\"meta\">Tu\u1ed5i r\u01b0\u1ee3u:NAS (No Age Statement)<\/li>\n<li class=\"meta\">Ph\u00e2n Lo\u1ea1i:<a title=\"Single Malt Scotch Whisky\" href=\"http:\/\/sanhruou.com\/whisky\/single-malt-scotch-whisky.html\">Single Malt Scotch Whisky<\/a><\/li>\n<li class=\"meta\">V\u00f9ng:<a title=\"Speyside\" href=\"http:\/\/sanhruou.com\/whisky\/speyside.html\">Speyside<\/a><\/li>\n<li class=\"meta\">Xu\u1ea5t X\u1ee9:<a title=\"Scotland\" href=\"http:\/\/sanhruou.com\/whisky\/single-malt-scotch-whisky.html\">Scotland<\/a><\/li>\n<\/ul>\n","protected":false},"featured_media":216,"comment_status":"open","ping_status":"closed","template":"","meta":[],"product_cat":[17],"product_tag":[],"brands":[{"id":30,"name":"GEORGE WYNDHAM","slug":"george-wyndham"}],"_links":{"self":[{"href":"https:\/\/demo.bmconnect.vn\/shopruou\/wp-json\/wp\/v2\/product\/215"}],"collection":[{"href":"https:\/\/demo.bmconnect.vn\/shopruou\/wp-json\/wp\/v2\/product"}],"about":[{"href":"https:\/\/demo.bmconnect.vn\/shopruou\/wp-json\/wp\/v2\/types\/product"}],"replies":[{"embeddable":true,"href":"https:\/\/demo.bmconnect.vn\/shopruou\/wp-json\/wp\/v2\/comments?post=215"}],"wp:featuredmedia":[{"embeddable":true,"href":"https:\/\/demo.bmconnect.vn\/shopruou\/wp-json\/wp\/v2\/media\/216"}],"wp:attachment":[{"href":"https:\/\/demo.bmconnect.vn\/shopruou\/wp-json\/wp\/v2\/media?parent=215"}],"wp:term":[{"taxonomy":"product_cat","embeddable":true,"href":"https:\/\/demo.bmconnect.vn\/shopruou\/wp-json\/wp\/v2\/product_cat?post=215"},{"taxonomy":"product_tag","embeddable":true,"href":"https:\/\/demo.bmconnect.vn\/shopruou\/wp-json\/wp\/v2\/product_tag?post=215"}],"curies":[{"name":"wp","href":"https:\/\/api.w.org\/{rel}","templated":true}]}}