{"id":185,"date":"2019-02-26T22:11:50","date_gmt":"2019-02-26T15:11:50","guid":{"rendered":"http:\/\/demo.bmconnect.vn\/shopruou\/?post_type=product&#038;p=185"},"modified":"2019-03-01T01:44:37","modified_gmt":"2019-02-28T18:44:37","slug":"ruou-vang-novas-gran-reserva-cabernet-sauvignon","status":"publish","type":"product","link":"https:\/\/demo.bmconnect.vn\/shopruou\/san-pham\/ruou-vang-novas-gran-reserva-cabernet-sauvignon\/","title":{"rendered":"R\u01af\u1ee2U VANG NOVAS GRAN RESERVA CABERNET SAUVIGNON"},"content":{"rendered":"<p class=\"fr-tag\">R\u01b0\u01a1\u0323u vang\u00a0<strong>Novas Gran Reserva Cabernet Sauvignon<\/strong>, nha\u0300 Emiliana, to\u0323a la\u0323c b\u00ean b\u01a1\u0300 Nam cu\u0309a s\u00f4ng Maipo, Chile. Vang Novas l\u00e0 d\u00f2ng vang sinh th\u00e1i (h\u1eefu c\u01a1) th\u00e2n thi\u1ec7n v\u1edbi m\u00f4i tr\u01b0\u1eddng, tr\u1ed3ng tr\u1ecdt b\u1ec1n v\u1eefng, kh\u00f4ng thu\u1ed1c tr\u1eeb s\u00e2u v\u00e0 thu\u1ed1c di\u1ec7t c\u1ecf.<\/p>\n<p class=\"fr-tag\">R\u01b0\u01a1\u0323u vang Novas Gran Reserva Cabernet Sauvignon v\u01a1\u0301i ma\u0300u \u0111o\u0309 \u0111\u00e2\u0323m va\u0300 cho h\u01b0\u01a1ng th\u01a1m ma\u0323nh me\u0303 cu\u0309a ca\u0301c loa\u0323i tra\u0301i c\u00e2y nh\u01b0 qu\u1ea3 anh \u0111\u00e0o, d\u00e2u t\u00e2y, n\u00e2\u0301m truffle va\u0300 chocolate. \u0110\u00f4\u0323 m\u01b0\u01a1\u0323t cu\u0309a r\u01b0\u01a1\u0323u trung bi\u0300nh, c\u00e2\u0301u tru\u0301c d\u00e0y, h\u01b0\u01a1ng tr\u00e1i c\u00e2y \u0111\u1eadm v\u00e0 r\u00f5 r\u1ec7t. R\u01b0\u01a1\u0323u cho vi\u0323 cha\u0301t mi\u0323n, \u0111\u00f4\u0323 chua ma\u0323nh me\u0303 nh\u01b0ng kha\u0301 c\u00e2n b\u0103\u0300ng, h\u00e2\u0323u vi\u0323 ke\u0301p da\u0300i.<\/p>\n<p class=\"fr-tag\">Ni\u00ean vu\u0323 2014: 98% Cabernet Sauvignon va\u0300 2% Merlot, ca\u0301c v\u01b0\u01a1\u0300n nho \u0111\u01b0\u01a1\u0323c canh ta\u0301c theo ti\u00eau chu\u00e2\u0309n h\u01b0\u0303u c\u01a1 (organic), \u0111\u01b0\u01a1\u0323c ch\u01b0\u0301ng nh\u00e2\u0323n b\u01a1\u0309 IMO, Thu\u0323y Si\u0303. Nho hoa\u0323ch b\u0103\u0300ng thu\u0309 c\u00f4ng, ca\u0301c kh\u00e2u trong qua\u0301 tri\u0300nh ch\u00ea\u0301 bi\u00ea\u0301n \u0111\u00ea\u0300u \u0111\u01b0\u01a1\u0323c ki\u00ea\u0309m soa\u0301t nhi\u00ea\u0323t \u0111\u00f4\u0323 thi\u0301ch h\u01a1\u0323p \u0111\u00ea\u0309 cho r\u01b0\u01a1\u0323u ngon nh\u00e2\u0301t. R\u01b0\u01a1\u0323u \u0111\u01b0\u01a1\u0323c u\u0309 12 tha\u0301ng, 35% thu\u0300ng g\u00f4\u0303 s\u00f4\u0300i Pha\u0301p, 35% thu\u0300ng g\u00f4\u0303 s\u00f4\u0300i My\u0303 co\u0300n la\u0323i 30% u\u0309 trong thu\u0300ng inox. Sau qua\u0301 tri\u0300nh u\u0309 k\u00ea\u0301t thu\u0301c r\u01b0\u01a1\u0323u \u0111\u01b0\u01a1\u0323c \u0111o\u0301ng chai va\u0300 cho \u00f4\u0309n \u0111i\u0323nh d\u01b0\u01a1\u0301i h\u00e2\u0300m ch\u01b0\u0301a 6 tha\u0301ng tr\u01b0\u01a1\u0301c khi xu\u00e2\u0301t ra thi\u0323 tr\u01b0\u01a1\u0300ng.<\/p>\n<p class=\"fr-tag\"><img title=\"M\u00f4 h\u00ecnh v\u01b0\u1eddn nho sinh th\u00e1i organic Novas\" src=\"http:\/\/sanhruou.com\/media\/Uploaded\/Vang\/Novas-vuon-nho-organic.jpg\" \/><\/p>\n<p class=\"fr-tag\"><em>M\u00f4 hi\u0300nh v\u01b0\u01a1\u0300n nho va\u0300 ph\u01b0\u01a1ng pha\u0301p canh ta\u0301c cu\u0309a nha\u0300 Emiliana<\/em><\/p>\n<p class=\"fr-tag\"><img title=\"H\u1ed9p qu\u00e0 vang Novas\" src=\"http:\/\/sanhruou.com\/media\/Uploaded\/Vang\/Novas-hop-qua.jpg\" \/><em><br \/>\n<\/em><\/p>\n<p class=\"fr-tag\"><em>Ni\u00ean vu\u0323 2014 \u0111\u01b0\u01a1\u0323c JamesSuckling \u0111a\u0301nh gia\u0301 va\u0300 cho 91 \u0111i\u00ea\u0309m<\/em><\/p>\n","protected":false},"excerpt":{"rendered":"<ul class=\"product-specs__list\">\n<li class=\"meta\">Lo\u1ea1i vang:<a title=\"Vang \u0111\u1ecf\" href=\"http:\/\/sanhruou.com\/vang-champagne\/vang-do.html\">Vang \u0111\u1ecf<\/a><\/li>\n<li class=\"meta\">V\u00f9ng:<a title=\"Maipo Valley\" href=\"http:\/\/sanhruou.com\/vang-champagne\/maipo-valley.html\">Maipo Valley<\/a><\/li>\n<li class=\"meta\">Xu\u1ea5t x\u1ee9:<a title=\"Chile\" href=\"http:\/\/sanhruou.com\/vang-champagne\/vang-chile.html\">Chile<\/a><\/li>\n<li class=\"meta\">Ph\u00e2n h\u1ea1ng:Gran Reserva<\/li>\n<li class=\"meta\">Gi\u1ed1ng nho:<a title=\"Cabernet Sauvignon\" href=\"http:\/\/sanhruou.com\/vang-champagne\/cabernet-sauvignon.html\">Cabernet Sauvignon<\/a><\/li>\n<li class=\"meta\">Ni\u00ean v\u1ee5:2014<\/li>\n<li class=\"meta\">Th\u1eddi gian \u1ee7:12 th\u00e1ng<\/li>\n<li class=\"meta\">\u0110\u00f3ng chai:N\u00fat b\u1ea7n<\/li>\n<li class=\"meta\">Dung t\u00edch:750ml<\/li>\n<li class=\"meta\">N\u1ed3ng \u0111\u1ed9:14.2%<\/li>\n<\/ul>\n","protected":false},"featured_media":209,"comment_status":"open","ping_status":"closed","template":"","meta":[],"product_cat":[17],"product_tag":[25,27],"brands":[{"id":30,"name":"GEORGE WYNDHAM","slug":"george-wyndham"}],"_links":{"self":[{"href":"https:\/\/demo.bmconnect.vn\/shopruou\/wp-json\/wp\/v2\/product\/185"}],"collection":[{"href":"https:\/\/demo.bmconnect.vn\/shopruou\/wp-json\/wp\/v2\/product"}],"about":[{"href":"https:\/\/demo.bmconnect.vn\/shopruou\/wp-json\/wp\/v2\/types\/product"}],"replies":[{"embeddable":true,"href":"https:\/\/demo.bmconnect.vn\/shopruou\/wp-json\/wp\/v2\/comments?post=185"}],"wp:featuredmedia":[{"embeddable":true,"href":"https:\/\/demo.bmconnect.vn\/shopruou\/wp-json\/wp\/v2\/media\/209"}],"wp:attachment":[{"href":"https:\/\/demo.bmconnect.vn\/shopruou\/wp-json\/wp\/v2\/media?parent=185"}],"wp:term":[{"taxonomy":"product_cat","embeddable":true,"href":"https:\/\/demo.bmconnect.vn\/shopruou\/wp-json\/wp\/v2\/product_cat?post=185"},{"taxonomy":"product_tag","embeddable":true,"href":"https:\/\/demo.bmconnect.vn\/shopruou\/wp-json\/wp\/v2\/product_tag?post=185"}],"curies":[{"name":"wp","href":"https:\/\/api.w.org\/{rel}","templated":true}]}}