{"id":279,"date":"2019-02-27T08:12:50","date_gmt":"2019-02-27T08:12:50","guid":{"rendered":"http:\/\/demo.bmconnect.vn\/shop2\/?post_type=product&#038;p=279"},"modified":"2019-02-27T14:37:55","modified_gmt":"2019-02-27T14:37:55","slug":"combo-2-son-kem-li-2-dau-lemonade-01-sugar-05-tea-perfect-couple-lip","status":"publish","type":"product","link":"https:\/\/demo.bmconnect.vn\/shop2\/san-pham\/combo-2-son-kem-li-2-dau-lemonade-01-sugar-05-tea-perfect-couple-lip\/","title":{"rendered":"Combo 2 Son Kem L\u00ec 2 \u0110\u1ea7u LEMONADE 01 Sugar + 05 Tea Perfect Couple Lip"},"content":{"rendered":"<p><strong>Son Kem L\u00ec 2 \u0110\u1ea7u LEMONADE\u00a0<span class=\"base\" data-ui-id=\"page-title-wrapper\">Perfect Couple Lip<\/span><\/strong><\/p>\n<p><span class=\"base\" data-ui-id=\"page-title-wrapper\">Kh\u00f3 ai c\u00f3 th\u1ec3 ph\u1ee7 nh\u1eadn s\u1ee9c h\u00fat \u0111\u1ea7y ma l\u1ef1c c\u1ee7a nh\u1eefng c\u00e2y son \u0111\u1ed1i v\u1edbi ph\u00e1i n\u1eef. Nh\u1ea5t l\u00e0 khi c\u00f4ng \u0111o\u1ea1n cu\u1ed1i c\u00f9ng c\u1ee7a vi\u1ec7c make up n\u00e0y tr\u1edf th\u00e0nh \u0111i\u1ec3m nh\u1ea5n kh\u00e1c bi\u1ec7t v\u00e0 r\u1ef1c r\u1ee1. Vi\u1ec7c l\u1ef1a ch\u1ecdn m\u00e0u son, gi\u1ed1ng nh\u01b0 l\u1ef1a ch\u1ecdn tuy\u00ean ng\u00f4n v\u1ec1 c\u00e1 t\u00ednh c\u1ee7a m\u1ed7i c\u00f4 g\u00e1i. C\u00f4 \u1ea5y c\u00f3 th\u1ec3 quy\u1ebfn r\u0169, r\u1ef1c r\u1ee1 v\u00e0 b\u00ed \u1ea9n v\u1edbi m\u00e0u son \u0111\u1ecf kh\u00f4ng bao gi\u1edd l\u1ed7i m\u1ed1t hay c\u00f3 th\u1ec3 c\u00e1 t\u00ednh, tr\u1ea7m l\u1eafng v\u00e0 \u0111\u1ea7y ma m\u1ecb v\u1edbi nh\u1eefng tone m\u00e0u tr\u1ea7m m\u1eb7c, hay c\u0169ng c\u00f3 th\u1ec3 t\u01b0\u01a1i tr\u1ebb, t\u1ef1 nhi\u00ean v\u00e0 tinh kh\u00f4i c\u00f9ng nh\u1eefng tone m\u00e0u t\u01b0\u01a1i t\u1eafn, tr\u1ebb trung&#8230;V\u00ec th\u1ebf, h\u00e3y b\u1ed5 sung ngay cho b\u1ed9 s\u01b0u t\u1eadp son c\u1ee7a b\u1ea1n v\u1edbi nh\u1eefng c\u00e2y son trong b\u1ed9\u00a0<strong>Son Kem L\u00ec 2 \u0110\u1ea7u LEMONADE\u00a0Perfect Couple Lip\u00a0<\/strong>c\u1ee7a\u00a0Makeup Artist Qu\u00e1ch\u00a0\u00c1nh nh\u00e9.<\/span><\/p>\n","protected":false},"excerpt":{"rendered":"<p>Son Kem L\u00ec 2 \u0110\u1ea7u LEMONADE\u00a0Perfect Couple Lip Kh\u00f3 ai c\u00f3 th\u1ec3 ph\u1ee7 nh\u1eadn s\u1ee9c h\u00fat \u0111\u1ea7y ma l\u1ef1c c\u1ee7a nh\u1eefng c\u00e2y son \u0111\u1ed1i v\u1edbi ph\u00e1i n\u1eef. Nh\u1ea5t l\u00e0 khi c\u00f4ng \u0111o\u1ea1n cu\u1ed1i c\u00f9ng c\u1ee7a vi\u1ec7c make up n\u00e0y tr\u1edf th\u00e0nh \u0111i\u1ec3m nh\u1ea5n kh\u00e1c bi\u1ec7t v\u00e0 r\u1ef1c r\u1ee1. Vi\u1ec7c l\u1ef1a ch\u1ecdn m\u00e0u son, gi\u1ed1ng nh\u01b0 &#8230;<\/p>\n","protected":false},"featured_media":280,"comment_status":"open","ping_status":"closed","template":"","meta":[],"product_cat":[19,16],"product_tag":[],"brands":[{"id":35,"name":"Agapan","slug":"agapan"}],"_links":{"self":[{"href":"https:\/\/demo.bmconnect.vn\/shop2\/wp-json\/wp\/v2\/product\/279"}],"collection":[{"href":"https:\/\/demo.bmconnect.vn\/shop2\/wp-json\/wp\/v2\/product"}],"about":[{"href":"https:\/\/demo.bmconnect.vn\/shop2\/wp-json\/wp\/v2\/types\/product"}],"replies":[{"embeddable":true,"href":"https:\/\/demo.bmconnect.vn\/shop2\/wp-json\/wp\/v2\/comments?post=279"}],"wp:featuredmedia":[{"embeddable":true,"href":"https:\/\/demo.bmconnect.vn\/shop2\/wp-json\/wp\/v2\/media\/280"}],"wp:attachment":[{"href":"https:\/\/demo.bmconnect.vn\/shop2\/wp-json\/wp\/v2\/media?parent=279"}],"wp:term":[{"taxonomy":"product_cat","embeddable":true,"href":"https:\/\/demo.bmconnect.vn\/shop2\/wp-json\/wp\/v2\/product_cat?post=279"},{"taxonomy":"product_tag","embeddable":true,"href":"https:\/\/demo.bmconnect.vn\/shop2\/wp-json\/wp\/v2\/product_tag?post=279"}],"curies":[{"name":"wp","href":"https:\/\/api.w.org\/{rel}","templated":true}]}}