{"id":273,"date":"2019-02-27T08:10:10","date_gmt":"2019-02-27T08:10:10","guid":{"rendered":"http:\/\/demo.bmconnect.vn\/shop2\/?post_type=product&#038;p=273"},"modified":"2019-02-27T13:53:30","modified_gmt":"2019-02-27T13:53:30","slug":"gel-sua-chong-nang-senka-spf50-pa-80g-perfect-uv-gel","status":"publish","type":"product","link":"https:\/\/demo.bmconnect.vn\/shop2\/san-pham\/gel-sua-chong-nang-senka-spf50-pa-80g-perfect-uv-gel\/","title":{"rendered":"Gel S\u1eefa Ch\u1ed1ng N\u1eafng Senka SPF50\/PA++++ 80g Perfect UV Gel"},"content":{"rendered":"<p><strong>Gel S\u1eefa Ch\u1ed1ng N\u1eafng SENKA\u00a0Perfect UV Gel\u00a0SPF50\/PA++++\u00a0<\/strong><strong>80g<\/strong><\/p>\n<p>Kem ch\u1ed1ng n\u1eafng nh\u01b0 m\u1ed9t l\u00e1 ch\u1eafn cho l\u00e0n da, gi\u00fap b\u1ea3o v\u1ec7 da tr\u00e1nh kh\u1ecfi nh\u1eefng t\u00e1c h\u1ea1i t\u1eeb \u00e1nh n\u1eafng m\u1eb7t tr\u1eddi \u2013 nguy\u00ean nh\u00e2n g\u00e2y n\u00ean t\u00ecnh tr\u1ea1ng n\u00e1m, s\u1ea1m da v\u00e0 \u0111\u1eb7c bi\u1ec7t nguy hi\u1ec3m l\u00e0 nguy c\u01a1 ung th\u01b0 da. B\u1edfi v\u1eady, vi\u1ec7c s\u1eed d\u1ee5ng kem ch\u1ed1ng n\u1eafng h\u00e0ng ng\u00e0y khi ti\u1ebfp x\u00fac v\u1edbi \u00e1nh n\u1eafng m\u1eb7t tr\u1eddi l\u00e0 vi\u1ec7c c\u1ea7n thi\u1ebft m\u00e0 c\u00f4 n\u00e0ng n\u00e0o c\u0169ng c\u1ea7n ch\u00fa \u00fd.\u00a0<strong>Gel S\u1eefa Ch\u1ed1ng N\u1eafng SPF50\/PA++++ Perfect UV Gel \u2013\u00a0<\/strong>m\u1ed9t s\u1ea3n ph\u1ea9m ch\u1ed1ng n\u1eafng d\u1ea1ng gel c\u1ee7a\u00a0<strong>Senka<\/strong>\u00a0s\u1ebd l\u00e0 m\u1ed9t trong nh\u1eefng l\u1ef1a ch\u1ecdn l\u00fd t\u01b0\u1edfng cho m\u00f9a h\u00e8 n\u00e0y.<\/p>\n<p>&nbsp;<\/p>\n<p><img loading=\"lazy\" class=\"loading\" src=\"https:\/\/media.hasaki.vn\/wysiwyg\/QuynhNga\/Gel-sua-chong-nang-SPF50PA.JPG\" alt=\"\" width=\"493\" height=\"449\" data-was-processed=\"true\" \/><\/p>\n<p><strong>Gel S\u1eefa Ch\u1ed1ng N\u1eafng SPF50\/PA++++ Perfect UV Gel\u00a0<\/strong>c\u00f3 k\u1ebft c\u1ea5u d\u1ea1ng gel s\u1eefa mang l\u1ea1i c\u1ea3m gi\u00e1c m\u00e1t m\u1ebb, kh\u00f4 r\u00e1o, d\u1ec5 d\u00e0ng th\u1ea9m th\u1ea5u tr\u00ean da, kh\u00f4ng nh\u1eddn r\u00edt, gi\u00fap d\u1ecbu m\u00e1t l\u00e0n da. V\u1edbi s\u1ee9c m\u1ea1nh t\u1eeb k\u00e9n t\u01a1 t\u1eb1m tr\u1eafng Mayu Haku k\u1ebft h\u1ee3p c\u00f4ng d\u1ee5ng t\u1eeb th\u00e0nh ph\u1ea7n \u201csericin\u201d trong k\u00e9n t\u01a1 t\u1eb1m tr\u1eafng v\u00e0 ch\u1ea5t \u201chydrolyzed silk\u201d \u0111\u01b0\u1ee3c l\u1ea5y t\u1eeb l\u00f5i c\u1ee7a s\u1ee3i t\u01a1 t\u1eb1m,\u00a0<strong>Gel S\u1eefa Ch\u1ed1ng N\u1eafng SPF50\/PA++++ Perfect UV Gel Senka\u00a0<\/strong>gi\u00fap cho hi\u1ec7u qu\u1ea3 d\u01b0\u1ee1ng \u1ea9m tr\u1ecdn v\u1eb9n h\u01a1n g\u1ea5p nhi\u1ec1u l\u1ea7n.<\/p>\n<p><strong>Gel S\u1eefa Ch\u1ed1ng N\u1eafng SPF50\/PA++++ Perfect UV Gel Senka\u00a0<\/strong>c\u00f3 ch\u1ec9 s\u1ed1 SPF 50+ ch\u1ed1ng l\u1ea1i tia UVB, t\u00e1c nh\u00e2n g\u00e2y s\u1ea1m da, ch\u00e1y n\u1eafng\u2026 Ch\u1ec9 s\u1ed1 PA++++ ch\u1ed1ng l\u1ea1i tia UVA, t\u00e1c nh\u00e2n g\u00e2y \u0111\u1ed1m n\u00e2u, t\u00e0n nhang v\u00e0 l\u00e3o h\u00f3a. S\u1ea3n ph\u1ea9m c\u00f3 th\u1ec3 s\u1eed d\u1ee5ng nh\u01b0 l\u1edbp l\u00f3t trang \u0111i\u1ec3m, th\u00edch h\u1ee3p khi ho\u1ea1t \u0111\u1ed9ng ngo\u00e0i tr\u1eddi.\u00a0<strong>Gel S\u1eefa Ch\u1ed1ng N\u1eafng SPF50\/PA++++ Perfect UV Gel<\/strong>\u00a0hi\u1ec7n \u0111\u00e3 c\u00f3 m\u1eb7t t\u1ea1i\u00a0<strong>Hasaki<\/strong>.<\/p>\n","protected":false},"excerpt":{"rendered":"<p>Gel S\u1eefa Ch\u1ed1ng N\u1eafng SENKA\u00a0Perfect UV Gel\u00a0SPF50\/PA++++\u00a080g Kem ch\u1ed1ng n\u1eafng nh\u01b0 m\u1ed9t l\u00e1 ch\u1eafn cho l\u00e0n da, gi\u00fap b\u1ea3o v\u1ec7 da tr\u00e1nh kh\u1ecfi nh\u1eefng t\u00e1c h\u1ea1i t\u1eeb \u00e1nh n\u1eafng m\u1eb7t tr\u1eddi \u2013 nguy\u00ean nh\u00e2n g\u00e2y n\u00ean t\u00ecnh tr\u1ea1ng n\u00e1m, s\u1ea1m da v\u00e0 \u0111\u1eb7c bi\u1ec7t nguy hi\u1ec3m l\u00e0 nguy c\u01a1 ung th\u01b0 da. B\u1edfi v\u1eady, vi\u1ec7c &#8230;<\/p>\n","protected":false},"featured_media":274,"comment_status":"open","ping_status":"closed","template":"","meta":[],"product_cat":[17],"product_tag":[],"brands":[{"id":36,"name":"Aleda","slug":"aleda"}],"_links":{"self":[{"href":"https:\/\/demo.bmconnect.vn\/shop2\/wp-json\/wp\/v2\/product\/273"}],"collection":[{"href":"https:\/\/demo.bmconnect.vn\/shop2\/wp-json\/wp\/v2\/product"}],"about":[{"href":"https:\/\/demo.bmconnect.vn\/shop2\/wp-json\/wp\/v2\/types\/product"}],"replies":[{"embeddable":true,"href":"https:\/\/demo.bmconnect.vn\/shop2\/wp-json\/wp\/v2\/comments?post=273"}],"wp:featuredmedia":[{"embeddable":true,"href":"https:\/\/demo.bmconnect.vn\/shop2\/wp-json\/wp\/v2\/media\/274"}],"wp:attachment":[{"href":"https:\/\/demo.bmconnect.vn\/shop2\/wp-json\/wp\/v2\/media?parent=273"}],"wp:term":[{"taxonomy":"product_cat","embeddable":true,"href":"https:\/\/demo.bmconnect.vn\/shop2\/wp-json\/wp\/v2\/product_cat?post=273"},{"taxonomy":"product_tag","embeddable":true,"href":"https:\/\/demo.bmconnect.vn\/shop2\/wp-json\/wp\/v2\/product_tag?post=273"}],"curies":[{"name":"wp","href":"https:\/\/api.w.org\/{rel}","templated":true}]}}