{"id":262,"date":"2019-02-27T06:33:13","date_gmt":"2019-02-27T06:33:13","guid":{"rendered":"http:\/\/demo.bmconnect.vn\/shop2\/?post_type=product&#038;p=262"},"modified":"2019-02-27T14:01:03","modified_gmt":"2019-02-27T14:01:03","slug":"kem-che-khuyet-diem-maybelline-110-fair-6ml-instant-age-rewind-eraser-dark-circles-treatment-concealer","status":"publish","type":"product","link":"https:\/\/demo.bmconnect.vn\/shop2\/san-pham\/kem-che-khuyet-diem-maybelline-110-fair-6ml-instant-age-rewind-eraser-dark-circles-treatment-concealer\/","title":{"rendered":"Kem Che Khuy\u1ebft \u0110i\u1ec3m Maybelline 110 Fair 6ml Instant Age Rewind Eraser Dark Circles Treatment Concealer"},"content":{"rendered":"<p><strong>Che Khuy\u1ebft \u0110i\u1ec3m Maybelline\u00a0Instant Age Rewind Treatment Concealer\u00a06ml<\/strong><\/p>\n<p><strong>Che Khuy\u1ebft \u0110i\u1ec3m\u00a0Maybelline\u00a0Instant Age Rewind Treatment Concealer\u00a0<\/strong>ch\u00ednh l\u00e0\u00a0\u201cc\u1ee9u tinh\u201d cho nh\u1eefng \u0111\u00f4i m\u1eaft \u201cg\u1ea5u tr\u00fac\u201d c\u1ea7n che \u0111i qu\u1ea7ng th\u00e2m m\u1ec7t m\u1ecfi v\u00e0 b\u1ecdng m\u1eaft \u201cx\u1ea5u x\u00ed\u201d khi c\u00f3 th\u1ec3 che ph\u1ee7 ho\u00e0n h\u1ea3o nh\u1eefng khuy\u1ebft \u0111i\u1ec3m ch\u1ec9 trong gi\u00e2y l\u00e1t v\u00e0 gi\u1eef k\u1ebft qu\u1ea3 \u201ctuy\u1ec7t v\u1eddi\u201d \u1ea5y trong nhi\u1ec1u gi\u1edd, \u0111\u1ec3 b\u1ea1n c\u00f3 th\u1ec3 t\u1ef1 tin v\u1edbi \u0111\u00f4i m\u1eaft t\u01b0\u01a1i s\u00e1ng v\u00e0 g\u01b0\u01a1ng m\u1eb7t \u0111\u1ea7y v\u1ebb tr\u1ebb trung.\u00a0N\u1ebfu b\u1ea1n \u0111ang t\u00ecm m\u1ed9t ph\u00e9p m\u00e0u nh\u01b0 v\u1eady,\u00a0<strong>Maybelline\u00a0Instant Age Rewind Treatment Concealer<\/strong><strong>\u00a0<\/strong>ch\u00ednh l\u00e0 s\u1ea3n ph\u1ea9m d\u00e0nh cho b\u1ea1n.<\/p>\n<p><img loading=\"lazy\" class=\"loading\" src=\"https:\/\/media.hasaki.vn\/wysiwyg\/QuynhNga\/che-khuyet-diem-130-medium---6ml-5.jpg\" alt=\"\" width=\"550\" height=\"409\" data-was-processed=\"true\" \/><\/p>\n<p><iframe loading=\"lazy\" src=\"https:\/\/www.youtube.com\/embed\/WR4_2wjKMvU\" width=\"425\" height=\"350\" frameborder=\"0\" data-mce-fragment=\"1\"><\/iframe><\/p>\n<p><strong>Maybelline<\/strong>\u00a0hi\u1ec7n \u0111\u1ee9ng v\u1ecb tr\u00ed h\u00e0ng \u0111\u1ea7u tr\u00ean th\u1ebf gi\u1edbi trong d\u00f2ng s\u1ea3n ph\u1ea9m Mascara v\u1edbi kh\u1ea9u hi\u1ec7u: \u201cC\u00f3 th\u1ec3 c\u00f4 \u1ea5y \u0111\u1eb9p t\u1ef1 nhi\u00ean. C\u00f3 th\u1ec3 l\u00e0 nh\u1edd Maybelline.\u201d Maybelline c\u0169ng v\u01b0\u01a1n l\u00ean l\u00e0 th\u01b0\u01a1ng hi\u1ec7u trang \u0111i\u1ec3m n\u1ed5i ti\u1ebfng tr\u00ean th\u1ebf gi\u1edbi v\u1edbi nh\u1eefng si\u00eau ph\u1ea9m d\u00e0nh cho m\u1eaft, m\u1eb7t, m\u00f4i, \u0111\u01b0\u1ee3c \u0111\u00e1nh gi\u00e1 t\u1ed1t b\u1edfi c\u00e1c t\u00edn \u0111\u1ed3 s\u1eafc \u0111\u1eb9p v\u00e0 b\u00e1n ch\u1ea1y \u1edf kh\u1eafp c\u00e1c n\u01b0\u1edbc tr\u00ean th\u1ebf gi\u1edbi. Xu\u1ea5t hi\u1ec7n ch\u00ednh th\u1ee9c \u1edf Vi\u1ec7t Nam v\u00e0o n\u0103m 2007, Maybelline ti\u1ebfp t\u1ee5c \u1edf v\u1ecb tr\u00ed l\u00e3nh \u0111\u1ea1o ng\u00e0nh v\u1edbi nh\u1eefng \u0111\u1ee3t tung h\u00e0ng m\u1edbi v\u1edbi c\u00f4ng th\u1ee9c v\u01b0\u1ee3t tr\u1ed9i qu\u1ea5y \u0111\u1ed9ng v\u00e0 kh\u01a1i ngu\u1ed3n c\u1ea3m h\u1ee9ng trong c\u1ed9ng \u0111\u1ed3ng l\u00e0m \u0111\u1eb9p.<\/p>\n<div><img loading=\"lazy\" class=\"loading\" src=\"https:\/\/media.hasaki.vn\/wysiwyg\/nhphuong\/PhuongSmall\/Maybelline_New_York.jpg\" alt=\"\" width=\"800\" height=\"200\" data-was-processed=\"true\" \/><\/div>\n<p><strong>Che Khuy\u1ebft \u0110i\u1ec3m\u00a0Maybelline\u00a0Instant Age Rewind Treatment Concealer\u00a0<\/strong>l\u00e0 kem che khuy\u1ebft \u0111i\u1ec3m d\u00e0nh cho v\u00f9ng d\u01b0\u1edbi m\u1eaft v\u1edbi th\u00e0nh ph\u1ea7n c\u00f3 ch\u1ee9a Haloxyl c\u00f3 kh\u1ea3 n\u0103ng che ph\u1ee7 qu\u1ea7ng th\u00e2m v\u00e0 b\u1ecdng m\u1eaft m\u1ed9t c\u00e1ch hi\u1ec7u qu\u1ea3, \u0111\u1ed3ng th\u1eddi t\u1ea1o s\u1ee9c s\u1ed1ng cho g\u01b0\u01a1ng m\u1eb7t. B\u00ean c\u1ea1nh \u0111\u00f3, s\u1ea3n ph\u1ea9m c\u00f2n \u0111\u1ed3ng th\u1eddi l\u00e0\u00a0\u201cconcealer treatment\u201d, n\u1ebfu b\u1ea1n s\u1eed d\u1ee5ng li\u00ean t\u1ee5c trong th\u1eddi gian d\u00e0i, em \u1ea5y c\u00f2n khi\u1ebfn cho v\u00f9ng th\u00e2m &amp; b\u1ecdng m\u1eaft tr\u1edf n\u00ean s\u00e1ng m\u00e0u, c\u00e1c n\u1ebfp nh\u0103n nh\u1eb9 li ti s\u1ebd m\u1edd \u0111i \u0111\u00e1ng k\u1ec3.<\/p>\n<p><img loading=\"lazy\" class=\"loading\" src=\"https:\/\/media.hasaki.vn\/wysiwyg\/Dai\/kem-che-khuyet-diem-maybelline-6ml3.jpg\" alt=\"\" width=\"700\" height=\"1097\" data-was-processed=\"true\" \/><\/p>\n<p>S\u1ea3n ph\u1ea9m c\u00f3\u00a0thi\u1ebft k\u1ebf d\u1ea1ng b\u00fat nh\u1ecf xinh v\u00e0 th\u00e2n nh\u1ef1a trong su\u1ed1t gi\u00fap b\u1ea1n d\u1ec5 d\u00e0ng bi\u1ebft \u0111\u01b0\u1ee3c l\u01b0\u1ee3ng kem c\u00f2n trong th\u00e2n b\u00fat. \u0110\u1ea7u l\u00f4ng m\u1ec1m m\u01b0\u1ee3t thi\u1ebft k\u1ebf d\u1ea1ng xoay d\u1ec5 d\u00e0ng ki\u1ec3m so\u00e1t \u0111\u01b0\u1ee3c l\u01b0\u1ee3ng kem m\u1ed7i l\u1ea7n s\u1eed d\u1ee5ng, r\u1ea5t ti\u1ec7n l\u1ee3i v\u00e0 kh\u00f4ng s\u1ee3 hao ph\u00ed.\u00a0<strong>Maybelline\u00a0Instant Age Rewind Treatment Concealer<\/strong>\u00a0v\u1edbi 6 tone m\u00e0u, trong c\u00f3 2 tone m\u00e0u \u0111\u1eb7c bi\u1ec7t:\u00a0Neutralizer 150 (c\u00f3 yellow tone c\u1ef1c m\u1ea1nh, d\u00e0nh cho nh\u1eefng ng\u01b0\u1eddi c\u00f3 v\u00f9ng th\u00e2m qu\u1ea7ng c\u1ef1c r\u00f5, c\u1ea7n che ph\u1ee7 nhi\u1ec1u nh\u1ea5t) v\u00e0 Brightener (c\u00f3 kh\u1ea3 n\u0103ng b\u1eaft s\u00e1ng cho v\u00f9ng d\u01b0\u1edbi m\u1eaft, t\u01b0\u01a1ng t\u1ef1 nh\u01b0 highlighter). S\u1ea3n ph\u1ea9m hi\u1ec7n \u0111\u00e3 \u0111\u01b0\u1ee3c b\u00e1n t\u1ea1i\u00a0<strong>Hasaki<\/strong>.<\/p>\n<p>Hi\u1ec7n\u00a0<strong>Hasaki<\/strong>\u00a0\u0111ang c\u00f3 c\u00e1c m\u00e0u sau:<\/p>\n<p><strong>110 Fair<\/strong><\/p>\n<p><strong>120 Light<\/strong><\/p>\n<p><strong>130 Medium<\/strong><\/p>\n<p><strong>140 Honey<\/strong><\/p>\n<p><strong>150 Neutralizer<\/strong><\/p>\n<p>&nbsp;<\/p>\n<p><img class=\"loading\" src=\"https:\/\/media.hasaki.vn\/wysiwyg\/nhphuong\/PhuongSmall\/kem-che-khuyet-diem-maybelline-6ml.jpg\" alt=\"\" width=\"500\" data-was-processed=\"true\" \/><\/p>\n<p><img loading=\"lazy\" class=\"loading\" src=\"https:\/\/media.hasaki.vn\/wysiwyg\/QuynhNga\/che-khuyet-diem-130-medium---6ml-4.jpg\" alt=\"\" width=\"500\" height=\"400\" data-was-processed=\"true\" \/><\/p>\n<p>&nbsp;<\/p>\n<p><strong>Lo\u1ea1i da ph\u00f9 h\u1ee3p:<\/strong><\/p>\n<p>S\u1ea3n ph\u1ea9m th\u00edch h\u1ee3p v\u1edbi m\u1ecdi lo\u1ea1i da.<\/p>\n<p><strong>C\u00f4ng d\u1ee5ng:<\/strong><\/p>\n<ul>\n<li>Che ph\u1ee7 qu\u1ea7ng th\u00e2m, b\u1ecdng m\u1eaft.<\/li>\n<li>Lo\u1ea1i b\u1ecf m\u1ecdi khuy\u1ebft \u0111i\u1ec3m tr\u00ean l\u00e0n da.<\/li>\n<li>C\u1ea3i thi\u1ec7n qu\u1ea7ng th\u00e2m, n\u1ebfp nh\u0103n hi\u1ec7u qu\u1ea3.<\/li>\n<li>Kh\u00f4ng l\u00e0m cakey hay l\u1ed9 v\u1ec7t nh\u0103n tr\u00ean da.<\/li>\n<\/ul>\n","protected":false},"excerpt":{"rendered":"<p>Che Khuy\u1ebft \u0110i\u1ec3m Maybelline\u00a0Instant Age Rewind Treatment Concealer\u00a06ml Che Khuy\u1ebft \u0110i\u1ec3m\u00a0Maybelline\u00a0Instant Age Rewind Treatment Concealer\u00a0ch\u00ednh l\u00e0\u00a0\u201cc\u1ee9u tinh\u201d cho nh\u1eefng \u0111\u00f4i m\u1eaft \u201cg\u1ea5u tr\u00fac\u201d c\u1ea7n che \u0111i qu\u1ea7ng th\u00e2m m\u1ec7t m\u1ecfi v\u00e0 b\u1ecdng m\u1eaft \u201cx\u1ea5u x\u00ed\u201d khi c\u00f3 th\u1ec3 che ph\u1ee7 ho\u00e0n h\u1ea3o nh\u1eefng khuy\u1ebft \u0111i\u1ec3m ch\u1ec9 trong gi\u00e2y l\u00e1t v\u00e0 gi\u1eef k\u1ebft qu\u1ea3 \u201ctuy\u1ec7t v\u1eddi\u201d &#8230;<\/p>\n","protected":false},"featured_media":263,"comment_status":"open","ping_status":"closed","template":"","meta":[],"product_cat":[16],"product_tag":[28],"brands":[{"id":46,"name":"CARENEL","slug":"carenel"}],"_links":{"self":[{"href":"https:\/\/demo.bmconnect.vn\/shop2\/wp-json\/wp\/v2\/product\/262"}],"collection":[{"href":"https:\/\/demo.bmconnect.vn\/shop2\/wp-json\/wp\/v2\/product"}],"about":[{"href":"https:\/\/demo.bmconnect.vn\/shop2\/wp-json\/wp\/v2\/types\/product"}],"replies":[{"embeddable":true,"href":"https:\/\/demo.bmconnect.vn\/shop2\/wp-json\/wp\/v2\/comments?post=262"}],"wp:featuredmedia":[{"embeddable":true,"href":"https:\/\/demo.bmconnect.vn\/shop2\/wp-json\/wp\/v2\/media\/263"}],"wp:attachment":[{"href":"https:\/\/demo.bmconnect.vn\/shop2\/wp-json\/wp\/v2\/media?parent=262"}],"wp:term":[{"taxonomy":"product_cat","embeddable":true,"href":"https:\/\/demo.bmconnect.vn\/shop2\/wp-json\/wp\/v2\/product_cat?post=262"},{"taxonomy":"product_tag","embeddable":true,"href":"https:\/\/demo.bmconnect.vn\/shop2\/wp-json\/wp\/v2\/product_tag?post=262"}],"curies":[{"name":"wp","href":"https:\/\/api.w.org\/{rel}","templated":true}]}}