{"id":417,"date":"2018-02-02T09:08:07","date_gmt":"2018-02-02T02:08:07","guid":{"rendered":"https:\/\/demo.bmconnect.vn\/shop\/?post_type=product&#038;p=417"},"modified":"2018-02-02T09:08:07","modified_gmt":"2018-02-02T02:08:07","slug":"may-chieu-benq-ms506-3200-ansi-lumens","status":"publish","type":"product","link":"https:\/\/demo.bmconnect.vn\/shop\/s\u1ea3n ph\u1ea9m\/may-chieu-benq-ms506-3200-ansi-lumens\/","title":{"rendered":"M\u00e1y chi\u1ebfu BenQ MS506 &#8211; 3200 Ansi Lumens"},"content":{"rendered":"<h3 class=\"pd-news-title\">Th\u00f4ng tin: M\u00e1y chi\u1ebfu BenQ MS506 &#8211; 3200 Ansi Lumens<\/h3>\n<div class=\"pd-news-content\">\n<p>V\u1edbi \u0111\u1ed9 s\u00e1ng 3200 ANSI Lumens v\u00e0 \u0111\u1ed9 t\u01b0\u01a1ng ph\u1ea3n 13000:1, MS506 c\u00f3 gi\u00e1 th\u00e0nh th\u1ea5p v\u00e0 gi\u00fap b\u1ea3o v\u1ec7 m\u00f4i tr\u01b0\u1eddng, gi\u1edd \u0111\u00e2y b\u1ea1n c\u00f3 th\u1ec3 ho\u00e0n th\u00e0nh b\u00e0i thuy\u1ebft tr\u00ecnh c\u1ee7a m\u00ecnh v\u1edbi h\u00ecnh \u1ea3nh trung th\u1ef1c v\u00e0 chi ti\u1ebft c\u1ef1c cao m\u00e0 kh\u00f4ng b\u1ecb \u1ea3nh h\u01b0\u1edfng b\u1edfi \u00e1nh s\u00e1ng xung quanh.<\/p>\n<p><strong>Ti\u1ebft Ki\u1ec7m \u0110i\u1ec7n V\u1edbi C\u00f4ng Ngh\u1ec7 SmartEco<\/strong><\/p>\n<p>C\u00f4ng ngh\u1ec7 SmartEcoTechnology gi\u00fap gi\u1ea3m chi ph\u00ed v\u00e0 t\u1ed1i \u01b0u h\u00f3a m\u00e1y chi\u1ebfu nh\u1edd ti\u1ebft ki\u1ec7m n\u0103ng l\u01b0\u1ee3ng \u0111i\u1ec7n m\u00e0 v\u1eabn \u0111em \u0111\u1ebfn \u0111\u1ed9 s\u00e1ng v\u01b0\u1ee3t tr\u1ed9i, ch\u1ea5t l\u01b0\u1ee3ng h\u00ecnh \u1ea3nh tinh t\u1ebf v\u00e0 tu\u1ed5i th\u1ecd \u0111\u00e8n chi\u1ebfu cao. Nh\u1edd c\u00f4ng ngh\u1ec7 n\u00e0y, m\u00e1y chi\u1ebfu BenQ gi\u00fap cho c\u00e1c tr\u01b0\u1eddng h\u1ecdc v\u00e0 doanh nghi\u1ec7p gi\u1ea3m 70% chi ph\u00ed ti\u00eau th\u1ee5 n\u0103ng l\u01b0\u1ee3ng \u0111i\u1ec7n v\u00e0 chi ph\u00ed b\u1ea3o tr\u00ec th\u1ea5p h\u01a1n, mang l\u1ea1i tr\u1ea3i nghi\u1ec7m c\u1ef1c k\u1ef3 s\u1ed1ng \u0111\u1ed9ng v\u00e0o m\u1ed7i b\u00e0i thuy\u1ebft tr\u00ecnh.<\/p>\n<p><img class=\"lazy\" src=\"https:\/\/cdn.mediamart.vn\/Upload\/download\/2017-7\/ms506-8q6bj8.jpg\" data-original=\"https:\/\/cdn.mediamart.vn\/Upload\/download\/2017-7\/ms506-8q6bj8.jpg\" \/><\/p>\n<p><strong>Ch\u1ebf \u0111\u1ed9 SmartEco<\/strong><\/p>\n<p>Ch\u1ebf \u0111\u1ed9 SmartEco , \u0111i\u1ec1u ch\u1ec9nh \u0111\u1ed9 s\u00e1ng \u0111\u00e8n chi\u1ebfu m\u1ed9t c\u00e1ch ph\u00f9 h\u1ee3p \u0111\u1ec3 t\u1ea1o hi\u1ec7u su\u1ea5t t\u1ed1i \u0111a, ch\u1ec9 s\u1eed d\u1ee5ng \u0111\u1ed9 s\u00e1ng cao khi th\u1eadt s\u1ef1 c\u1ea7n thi\u1ebft.<\/p>\n<p><img class=\"lazy\" src=\"https:\/\/cdn.mediamart.vn\/Upload\/download\/2017-7\/ms506-s9a1J7.jpg\" data-original=\"https:\/\/cdn.mediamart.vn\/Upload\/download\/2017-7\/ms506-s9a1J7.jpg\" \/><\/p>\n<p>Ch\u1ebf \u0111\u1ed9 th\u01b0\u1eddng C\u00f4ng su\u1ea5t ti\u00eau th\u1ee5 trung b\u00ecnh 296W<\/p>\n<p><img class=\"lazy\" src=\"https:\/\/cdn.mediamart.vn\/Upload\/download\/2017-7\/ms506-Gu20vV.jpg\" data-original=\"https:\/\/cdn.mediamart.vn\/Upload\/download\/2017-7\/ms506-Gu20vV.jpg\" \/><\/p>\n<p>Ch\u1ebf \u0111\u1ed9 SmartEco N\u00e2ng cao \u0111\u1ed9 chi ti\u1ebft trong c\u1ea3nh t\u1ed1i C\u00f4ng su\u1ea5t ti\u00eau th\u1ee5 trung b\u00ecnh 220W<\/p>\n<p><strong>Ch\u1ebf \u0111\u1ed9 LampSave<\/strong><\/p>\n<p>Chi ph\u00ed thay \u0111\u00e8n chi\u1ebfu, t\u1ea1o n\u00ean ph\u1ea7n l\u1edbn chi ph\u00ed trong s\u1eed d\u1ee5ng m\u00e1y chi\u1ebfu. Ch\u1ebf \u0111\u1ed9 BenQ LampSave l\u00e0 m\u1ed9t thi\u1ebft k\u1ebf t\u1ef1 \u0111\u1ed9ng \u0111i\u1ec1u ch\u1ec9nh \u0111\u1ed9 s\u00e1ng theo n\u1ed9i dung l\u00e0m t\u0103ng tu\u1ed5i th\u1ecd \u0111\u00e8n v\u00e0 gi\u1ea3m chi ph\u00ed thay th\u1ebf l\u00ean 50%!<\/p>\n<p><img class=\"lazy\" src=\"https:\/\/cdn.mediamart.vn\/Upload\/download\/2017-7\/ms506-MYE8Yd.jpg\" data-original=\"https:\/\/cdn.mediamart.vn\/Upload\/download\/2017-7\/ms506-MYE8Yd.jpg\" \/><\/p>\n<p><strong>Ch\u1ebf \u0111\u1ed9 Eco Blank<\/strong><\/p>\n<p>Ch\u1ebf \u0111\u1ed9 Eco Blank cho ph\u00e9p b\u1ea1n \u0111\u1ec3 tr\u1ed1ng m\u00e0n h\u00ecnh chi\u1ebfu. Khi \u0111\u01b0\u1ee3c k\u00edch ho\u1ea1t t\u00ednh n\u0103ng n\u00e0y t\u1ef1 \u0111\u1ed9ng l\u00e0m m\u1edd \u0111\u00e8n chi\u1ebfu gi\u00fap gi\u1ea3m 70% n\u0103ng l\u01b0\u1ee3ng ti\u00eau th\u1ee5. B\u1ea1n ch\u1ec9 c\u00e0n nh\u1ea5n n\u00fat &#8220;Eco Blank Mode&#8221; ho\u1eb7c l\u00e0 n\u00fat &#8220;Blank&#8221; tr\u00ean \u0111i\u1ec1u khi\u1ec3n t\u1eeb xa. B\u1ea1n kh\u00f4ng ph\u1ea3i lo l\u1eafng n\u00f3 ti\u00eau th\u1ee5 \u0111i\u1ec7n khi t\u1ea1m d\u00f9ng c\u00e1c tr\u00ecnh chi\u1ebfu.<\/p>\n<\/div>\n","protected":false},"excerpt":{"rendered":"<p>C\u00f4ng ngh\u1ec7 ti\u1ebft ki\u1ec7m \u0111i\u1ec7n th\u00f4ng minh SmartEco<\/p>\n<p>T\u0103ng l\u00ean \u0111\u1ebfn 10.000 gi\u1edd tr\u00ecnh chi\u1ec1u<\/p>\n<p>Ch\u1ebf \u0111\u1ed9 ch\u1edd ti\u00eau th\u1ee5 &lt;0.5W<\/p>\n<p>\u0110\u1ecbnh d\u1ea1ng 3D m\u1edbi cho gi\u1ea3i tr\u00ed<\/p>\n","protected":false},"featured_media":418,"comment_status":"open","ping_status":"closed","template":"","meta":[],"product_cat":[32],"product_tag":[],"_links":{"self":[{"href":"https:\/\/demo.bmconnect.vn\/shop\/wp-json\/wp\/v2\/product\/417"}],"collection":[{"href":"https:\/\/demo.bmconnect.vn\/shop\/wp-json\/wp\/v2\/product"}],"about":[{"href":"https:\/\/demo.bmconnect.vn\/shop\/wp-json\/wp\/v2\/types\/product"}],"replies":[{"embeddable":true,"href":"https:\/\/demo.bmconnect.vn\/shop\/wp-json\/wp\/v2\/comments?post=417"}],"wp:featuredmedia":[{"embeddable":true,"href":"https:\/\/demo.bmconnect.vn\/shop\/wp-json\/wp\/v2\/media\/418"}],"wp:attachment":[{"href":"https:\/\/demo.bmconnect.vn\/shop\/wp-json\/wp\/v2\/media?parent=417"}],"wp:term":[{"taxonomy":"product_cat","embeddable":true,"href":"https:\/\/demo.bmconnect.vn\/shop\/wp-json\/wp\/v2\/product_cat?post=417"},{"taxonomy":"product_tag","embeddable":true,"href":"https:\/\/demo.bmconnect.vn\/shop\/wp-json\/wp\/v2\/product_tag?post=417"}],"curies":[{"name":"wp","href":"https:\/\/api.w.org\/{rel}","templated":true}]}}