{"id":410,"date":"2018-02-02T09:03:29","date_gmt":"2018-02-02T02:03:29","guid":{"rendered":"https:\/\/demo.bmconnect.vn\/shop\/?post_type=product&#038;p=410"},"modified":"2018-02-02T09:03:29","modified_gmt":"2018-02-02T02:03:29","slug":"may-giat-9-kg-toshiba-b1000gvwb-long-dung","status":"publish","type":"product","link":"https:\/\/demo.bmconnect.vn\/shop\/s\u1ea3n ph\u1ea9m\/may-giat-9-kg-toshiba-b1000gvwb-long-dung\/","title":{"rendered":"M\u00e1y gi\u1eb7t 9 Kg Toshiba B1000GV(WB), l\u1ed3ng \u0111\u1ee9ng"},"content":{"rendered":"<h3 class=\"pd-news-title\">Th\u00f4ng tin: M\u00e1y gi\u1eb7t 9 Kg Toshiba B1000GV(WB), l\u1ed3ng \u0111\u1ee9ng, n\u1eafp m\u00e0u xanh d\u01b0\u01a1ng<\/h3>\n<div class=\"pd-news-content\">\n<p><strong>Thi\u1ebft k\u1ebf m\u00e1y gi\u1eb7t sang tr\u1ecdng<\/strong><\/p>\n<p>\u0110\u01b0\u1ee3c thi\u1ebft k\u1ebf sang tr\u1ecdng v\u00e0 g\u1ecdn g\u00e0ng,\u00a0m\u00e1y gi\u1eb7t Toshiba AW-B1000GV\u00a0s\u1ebd mang \u0111\u1ebfn s\u1ef1 hi\u1ec7n \u0111\u1ea1i h\u01a1n cho c\u0103n nh\u00e0 c\u1ee7a b\u1ea1n. Chi\u1ebfc\u00a0m\u00e1y gi\u1eb7t Toshiba\u00a0n\u00e0y c\u00f3 kh\u1ed1i l\u01b0\u1ee3ng gi\u1eb7t l\u00e0\u00a09 kg, kh\u00e1 ph\u00f9 h\u1ee3p cho c\u00e1c gia \u0111\u00ecnh c\u00f3 t\u1eeb 6 th\u00e0nh vi\u00ean tr\u1edf l\u00ean.<\/p>\n<p><img class=\"lazy\" src=\"https:\/\/cdn.mediamart.vn\/Upload\/images\/aw-b1000gv_ct.jpg\" data-original=\"https:\/\/cdn.mediamart.vn\/Upload\/images\/aw-b1000gv_ct.jpg\" \/><\/p>\n<p><strong>M\u00e2m gi\u1eb7t Hybrid Powerful kh\u00e1ng khu\u1ea9n<\/strong><\/p>\n<p>V\u1edbi thi\u1ebft k\u1ebf m\u00e2m gi\u1eb7t Hybrid Powerful, m\u00e1y gi\u1eb7t Toshiba AW-B1000GV c\u00f3 hai b\u1ed9 ph\u1eadn h\u00ecnh c\u00e1nh qu\u1ea1t kh\u00f4ng \u0111\u1ed1i x\u1ee9ng nhau, nh\u1eb1m mang \u0111\u1ebfn d\u00f2ng n\u01b0\u1edbc \u0111a chi\u1ec1u m\u1ea1nh m\u1ebd cu\u1ed1n tan c\u00e1c v\u1ebft b\u1ea9n b\u00e1m v\u00e0o \u00e1o qu\u1ea7n.<\/p>\n<p><img class=\"lazy\" src=\"https:\/\/cdn.mediamart.vn\/Upload\/download\/2016-11\/mg-0Fu0Dp.jpg\" data-original=\"https:\/\/cdn.mediamart.vn\/Upload\/download\/2016-11\/mg-0Fu0Dp.jpg\" \/><\/p>\n<p><strong>Hi\u1ec7u \u1ee9ng th\u00e1c n\u01b0\u1edbc \u0111\u00f4i<\/strong><\/p>\n<p>B\u00ean c\u1ea1nh \u0111\u00f3, m\u00e1y gi\u1eb7t Toshiba AW-B1000GV c\u00f2n c\u00f3 hi\u1ec7u \u1ee9ng th\u00e1c n\u01b0\u1edbc \u0111\u00f4i, v\u1edbi c\u00e1nh qu\u1ea1t \u1edf d\u01b0\u1edbi \u0111\u00e1y m\u00e2m gi\u1eb7t t\u1ea1o l\u1ef1c \u0111\u1ea9y d\u00f2ng n\u01b0\u1edbc ch\u1ee9a b\u1ed9t gi\u1eb7t l\u00ean tr\u00ean, t\u1ea1o th\u00e0nh hai d\u00f2ng n\u01b0\u1edbc li\u00ean t\u1ee5c, gi\u00fap x\u1ea3 v\u00e0 gi\u1eb7t \u0111\u01b0\u1ee3c s\u1ea1ch h\u01a1n.<\/p>\n<p><img class=\"lazy\" src=\"https:\/\/cdn.mediamart.vn\/Upload\/download\/2016-11\/mg-Vdj4gO.jpg\" data-original=\"https:\/\/cdn.mediamart.vn\/Upload\/download\/2016-11\/mg-Vdj4gO.jpg\" \/><\/p>\n<p><strong>Ti\u1ebft ki\u1ec7m \u0111i\u1ec7n v\u00e0 n\u01b0\u1edbc<\/strong><\/p>\n<p>M\u00e1y gi\u1eb7t Toshiba AW-B1000GV c\u00f3 kh\u1ea3 n\u0103ng ti\u1ebft ki\u1ec7m \u0111i\u1ec7n v\u00e0 n\u01b0\u1edbc, tr\u00e1nh nh\u1eefng l\u00e3ng ph\u00ed kh\u00f4ng c\u1ea7n thi\u1ebft. Ch\u00ednh nh\u1edd \u0111i\u1ec1u n\u00e0y, m\u00e1y gi\u1eb7t Toshiba AW-B1000GV ch\u1ec9 ti\u00eau hao r\u1ea5t \u00edt ti\u1ec1n \u0111i\u1ec7n v\u00e0 n\u01b0\u1edbc trong nh\u00e0 b\u1ea1n.<\/p>\n<p><img class=\"lazy\" src=\"https:\/\/cdn.mediamart.vn\/Upload\/download\/2016-11\/mg-8LVAM0.jpg\" data-original=\"https:\/\/cdn.mediamart.vn\/Upload\/download\/2016-11\/mg-8LVAM0.jpg\" \/><\/p>\n<p><strong>C\u00f4ng ngh\u1ec7 gi\u1eb7t c\u00f4 \u0111\u1eb7c b\u1eb1ng b\u1ecdt kh\u00ed<\/strong><\/p>\n<p>M\u00e1y gi\u1eb7t Toshiba AW-B1000GV s\u1edf h\u1eefu c\u00f4ng ngh\u1ec7 gi\u1eb7t c\u00f4 \u0111\u1eb7c b\u1eb1ng b\u1ecdt kh\u00ed, \u0111\u00e1nh tan b\u1ed9t gi\u1eb7t \u0111\u1ec3 t\u1ea1o nh\u1eefng h\u1ea1t nh\u1ecf li ti, r\u1ed3i t\u1eeb \u0111\u1ea5y th\u1ea5m s\u00e2u \u0111\u1ebfn t\u1eebng s\u1ee3i v\u1ea3i, mang \u0111\u1ebfn hi\u1ec7u qu\u1ea3 gi\u1eb7t s\u1ea1ch s\u1ebd h\u01a1n.<\/p>\n<\/div>\n","protected":false},"excerpt":{"rendered":"<p>&#8211; Lo\u1ea1i m\u00e1y: L\u1ed3ng \u0111\u1ee9ng<\/p>\n<p>&#8211; Dung l\u01b0\u1ee3ng gi\u1eb7t: 9.0 Kg<\/p>\n<p>&#8211; \u0110i\u1ec7n n\u0103ng ti\u00eau th\u1ee5: 470 W<\/p>\n<p>&#8211; L\u01b0\u1ee3ng n\u01b0\u1edbc ti\u00eau th\u1ee5: 161 L\u00edt<\/p>\n","protected":false},"featured_media":411,"comment_status":"open","ping_status":"closed","template":"","meta":[],"product_cat":[31],"product_tag":[],"_links":{"self":[{"href":"https:\/\/demo.bmconnect.vn\/shop\/wp-json\/wp\/v2\/product\/410"}],"collection":[{"href":"https:\/\/demo.bmconnect.vn\/shop\/wp-json\/wp\/v2\/product"}],"about":[{"href":"https:\/\/demo.bmconnect.vn\/shop\/wp-json\/wp\/v2\/types\/product"}],"replies":[{"embeddable":true,"href":"https:\/\/demo.bmconnect.vn\/shop\/wp-json\/wp\/v2\/comments?post=410"}],"wp:featuredmedia":[{"embeddable":true,"href":"https:\/\/demo.bmconnect.vn\/shop\/wp-json\/wp\/v2\/media\/411"}],"wp:attachment":[{"href":"https:\/\/demo.bmconnect.vn\/shop\/wp-json\/wp\/v2\/media?parent=410"}],"wp:term":[{"taxonomy":"product_cat","embeddable":true,"href":"https:\/\/demo.bmconnect.vn\/shop\/wp-json\/wp\/v2\/product_cat?post=410"},{"taxonomy":"product_tag","embeddable":true,"href":"https:\/\/demo.bmconnect.vn\/shop\/wp-json\/wp\/v2\/product_tag?post=410"}],"curies":[{"name":"wp","href":"https:\/\/api.w.org\/{rel}","templated":true}]}}