{"id":398,"date":"2018-02-02T08:57:02","date_gmt":"2018-02-02T01:57:02","guid":{"rendered":"https:\/\/demo.bmconnect.vn\/shop\/?post_type=product&#038;p=398"},"modified":"2018-02-02T08:57:02","modified_gmt":"2018-02-02T01:57:02","slug":"nuoc-hoa-hong-melvita-damask-rose-floral-water","status":"publish","type":"product","link":"https:\/\/demo.bmconnect.vn\/shop\/s\u1ea3n ph\u1ea9m\/nuoc-hoa-hong-melvita-damask-rose-floral-water\/","title":{"rendered":"N\u01b0\u1edbc hoa h\u1ed3ng Melvita Damask Rose Floral Water"},"content":{"rendered":"<h2>\u0110\u1eb7c \u0111i\u1ec3m<\/h2>\n<div>C\u00e1c s\u1ea3n ph\u1ea9m d\u01b0\u1ee1ng da t\u1eeb Ph\u00e1p lu\u00f4n \u0111\u01b0\u1ee3c c\u00e1c n\u00e0ng tin t\u01b0\u1edfng, ngay c\u1ea3 nh\u1eefng b\u1ea1n kh\u00f3 t\u00ednh nh\u1ea5t b\u1edfi ch\u1ea5t l\u01b0\u1ee3ng v\u00e0 \u0111\u1ed9 an to\u00e0n, do \u0111\u01b0\u1ee3c ki\u1ec3m \u0111\u1ecbnh v\u00f4 c\u00f9ng g\u1eaft gao. Toner Melvita \u2013 s\u1ea3n ph\u1ea9m tr\u1ee9 danh c\u1ee7a Melvita, h\u00e3ng d\u01b0\u1ee3c ph\u1ea9m organic \u0111\u01b0\u1ee3c th\u00e0nh l\u1eadp t\u1eeb n\u0103m 1983 s\u1ebd khi\u1ebfn b\u1ea1n h\u00e0i l\u00f2ng.<\/div>\n<div>\n<p dir=\"ltr\"><strong>Melvita \u2013 Eau Florale de Rose<\/strong>\u00a0d\u00e0nh cho da th\u01b0\u1eddng \u0111\u1ebfn da h\u1ed7n h\u1ee3p thi\u00ean d\u1ea7u, c\u00e2n b\u1eb1ng \u0111\u1ed9 \u1ea9m v\u00e0 t\u00e1i t\u1ea1o l\u00e0n da<\/p>\n<\/div>\n<p><strong>Melvita<\/strong>, \u0111\u00e2y l\u00e0 h\u00e3ng b\u00e1n l\u1ebb (retailer) qu\u1ed1c t\u1ebf c\u00e1c m\u1eb7t h\u00e0ng ch\u0103m s\u00f3c c\u01a1 th\u1ec3, m\u1eb7t,.. \u0111\u01b0\u1ee3c th\u00e0nh l\u1eadp n\u0103m 1983 t\u1ea1i Ph\u00e1p. Ng\u01b0\u1eddi s\u00e1ng l\u1eadp, Bernard Chevilliat, l\u00e0 1 nh\u00e0 sinh v\u1eadt h\u1ecdc v\u00e0 ng\u01b0\u1eddi nu\u00f4i ong \u1edf 1 trang tr\u1ea1i \u1edf Ard\u00e8che, Ph\u00e1p. C\u00e1c s\u1ea3n ph\u1ea9m c\u1ee7a Melvita \u0111\u1ec1u \u0111\u1ea1t \u0111\u01b0\u1ee3c nh\u1eefng ch\u1ec9 ti\u00eau c\u1ee7a Ecocert Ecological &amp; Organic Cosmetics, v\u1edbi th\u00e0nh ph\u1ea7n \u0111\u01b0\u1ee3c ch\u1ecdn l\u1ef1a k\u0129 l\u01b0\u1ee1ng t\u1eeb trang tr\u1ea1i. H\u00e3ng c\u0169ng tham gia \u0111\u1ea5u tranh ch\u1ed1ng l\u1ea1i vi\u1ec7c d\u00f9ng ho\u00e1 ch\u1ea5t trong m\u1ef9 ph\u1ea9m, ph\u00e1 ho\u1ea1i m\u00f4i tr\u01b0\u1eddng v\u00e0 test tr\u00ean \u0111\u1ed9ng v\u1eadt. Melvita s\u1eed d\u1ee5ng nguy\u00ean li\u1ec7u t\u00e1i ch\u1ebf cho bao b\u00ec c\u00e1c s\u1ea3n ph\u1ea9m v\u00e0 \u1ee7ng h\u1ed9 fair trade c\u0169ng nh\u01b0 sustainable development.<\/p>\n<p>\u0110\u00e2y l\u00e0 s\u1ea3n ph\u1ea9m n\u01b0\u1edbc hoa h\u1ed3ng \u0111\u01b0\u1ee3c h\u00e3ng qu\u1ea3ng c\u00e1o d\u01b0\u1ee1ng \u1ea9m v\u00e0 t\u00e1i t\u1ea1o da. Qu\u00e1 tr\u00ecnh s\u1ea3n xu\u1ea5t c\u00f4ng phu b\u1eb1ng vi\u1ec7c ch\u01b0ng c\u1ea5t h\u01a1i n\u01b0\u1edbc c\u00e1nh hoa h\u1ed3ng Damask t\u01b0\u01a1i gi\u00fap gi\u1eef \u0111\u01b0\u1ee3c hi\u1ec7u qu\u1ea3 cao nh\u1ea5t c\u1ee7a c\u00e1c th\u00e0nh ph\u1ea7n.<\/p>\n<p>\u201cN\u01b0\u1edbc c\u1ee7a hoa h\u1ed3ng\u201d\u00a0<strong>Melvita<\/strong>s\u1edf h\u1eefu h\u01b0\u01a1ng hoa th\u01a1m ng\u00e1t, m\u00e1t l\u00e0nh, c\u00f3 th\u1ec3 chinh ph\u1ee5c \u0111\u01b0\u1ee3c m\u1ecdi c\u00f4 g\u00e1i, t\u1eeb m\u1ed9t c\u00f4 n\u1eef sinh m\u1ed9ng m\u01a1 cho \u0111\u1ebfn khi \u0111\u00e3 l\u00e0 c\u00f4 g\u00e1i tr\u01b0\u1edfng th\u00e0nh, s\u1ebd \u0111\u1ec1u \u201cm\u1ec1m l\u00f2ng\u201d tr\u01b0\u1edbc h\u01b0\u01a1ng hoa ng\u1ecdt ng\u00e0o c\u1ee7a nh\u1eefng b\u00f4ng h\u1ed3ng \u0111\u1ecdng s\u01b0\u01a1ng mai. Ch\u1ec9 c\u1ea7n x\u1ecbt th\u1ee9 n\u01b0\u1edbc trong veo th\u01a1m n\u1ee9c n\u1edf h\u01b0\u01a1ng hoa l\u00ean l\u00e0n da b\u1ea1n, \u0111\u1ec3 Melvita Damask Rose Floral Water \u0111\u01b0\u1ee3c ph\u00e1t huy c\u00f4ng d\u1ee5ng nh\u01b0 \u201ctoner\u201c, cho da c\u00e2n b\u1eb1ng \u0111\u01b0\u1ee3c \u0111\u1ed9 pH, da \u0111\u01b0\u1ee3c c\u1ea5p \u1ea9m, m\u1ec1m m\u01b0\u1ee3t, s\u1eb5n s\u00e0ng \u0111\u00f3n nh\u1eadn c\u00e1c b\u01b0\u1edbc ch\u0103m s\u00f3c da ti\u1ebfp theo. Hay \u0111\u00f4i khi m\u1ec7t m\u1ecfi, h\u00e3y th\u1eed x\u1ecbt v\u00e0 c\u1ea3m nh\u1eadn l\u00e0n s\u01b0\u01a1ng \u201cm\u1ecfng manh\u201d \u1ea5y trao cho b\u1ea1n c\u1ea3 m\u1ed9t gi\u1ea5c m\u01a1 \u201cth\u1ea3nh th\u01a1i\u201d d\u1ea1o trong trong v\u01b0\u1eddn h\u1ed3ng th\u01a1m m\u00e1t.<\/p>\n<h2 dir=\"ltr\"><strong>Th\u00e0nh ph\u1ea7n<\/strong><\/h2>\n<p dir=\"ltr\">Lu\u00f4n n\u1eb1m trong top toner \u0111\u01b0\u1ee3c b\u00e1n ch\u1ea1y nh\u1ea5t,\u00a0<strong>Melvita Damask Rose Floral Water<\/strong>\u2013 n\u01b0\u1edbc hoa h\u1ed3ng trong veo \u0111\u01b0\u1ee3c ch\u01b0ng c\u1ea5t t\u1eeb nh\u1eefng c\u00e1nh hoa h\u1ed3ng \u201cc\u1ed5 \u0111\u1ea1i\u201d Damascena \u2013 lo\u00e0i hoa ch\u1ea5t ch\u1ee9a bi\u1ebft bao tinh d\u1ea7u qu\u00fd gi\u00e1 m\u00e0 thi\u00ean nhi\u00ean trao t\u1eb7ng. Melvita kh\u1eb3ng \u0111\u1ecbnh n\u01b0\u1edbc hoa h\u1ed3ng c\u1ee7a h\u00e3ng v\u1edbi th\u00e0nh ph\u1ea7n 100% thi\u00ean nhi\u00ean, trong \u0111\u00f3 99% \u0111\u01b0\u1ee3c nu\u00f4i tr\u1ed3ng theo ph\u01b0\u01a1ng ph\u00e1p h\u1eefu c\u01a1, m\u1ed7i c\u00e1nh hoa h\u1ed3ng \u0111\u1ec1u s\u1ebd r\u1ea5t s\u1ea1ch, \u0111\u1ee7 an to\u00e0n \u0111\u1ec3 \u201c\u1ea5p \u1ee7\u201d l\u00ean da.\u00a0<strong>Melvita Damask Rose Floral Water<\/strong>nh\u01b0 m\u1ed9t \u201cqu\u00fd c\u00f4 th\u00e2n thi\u1ec7n\u201d v\u00ec \u0111\u1ed9 l\u00e0nh t\u00ednh, kh\u00f3 l\u00f2ng g\u00e2y k\u00edch \u1ee9ng v\u1edbi m\u1ecdi lo\u1ea1i da.<\/p>\n","protected":false},"excerpt":{"rendered":"<p>C\u00e1c s\u1ea3n ph\u1ea9m d\u01b0\u1ee1ng da t\u1eeb Ph\u00e1p lu\u00f4n \u0111\u01b0\u1ee3c c\u00e1c n\u00e0ng tin t\u01b0\u1edfng, ngay c\u1ea3 nh\u1eefng b\u1ea1n kh\u00f3 t\u00ednh nh\u1ea5t b\u1edfi ch\u1ea5t l\u01b0\u1ee3ng v\u00e0 \u0111\u1ed9 an to\u00e0n, do \u0111\u01b0\u1ee3c ki\u1ec3m \u0111\u1ecbnh v\u00f4 c\u00f9ng g\u1eaft gao.<\/p>\n","protected":false},"featured_media":399,"comment_status":"open","ping_status":"closed","template":"","meta":[],"product_cat":[27],"product_tag":[29],"_links":{"self":[{"href":"https:\/\/demo.bmconnect.vn\/shop\/wp-json\/wp\/v2\/product\/398"}],"collection":[{"href":"https:\/\/demo.bmconnect.vn\/shop\/wp-json\/wp\/v2\/product"}],"about":[{"href":"https:\/\/demo.bmconnect.vn\/shop\/wp-json\/wp\/v2\/types\/product"}],"replies":[{"embeddable":true,"href":"https:\/\/demo.bmconnect.vn\/shop\/wp-json\/wp\/v2\/comments?post=398"}],"wp:featuredmedia":[{"embeddable":true,"href":"https:\/\/demo.bmconnect.vn\/shop\/wp-json\/wp\/v2\/media\/399"}],"wp:attachment":[{"href":"https:\/\/demo.bmconnect.vn\/shop\/wp-json\/wp\/v2\/media?parent=398"}],"wp:term":[{"taxonomy":"product_cat","embeddable":true,"href":"https:\/\/demo.bmconnect.vn\/shop\/wp-json\/wp\/v2\/product_cat?post=398"},{"taxonomy":"product_tag","embeddable":true,"href":"https:\/\/demo.bmconnect.vn\/shop\/wp-json\/wp\/v2\/product_tag?post=398"}],"curies":[{"name":"wp","href":"https:\/\/api.w.org\/{rel}","templated":true}]}}