{"id":376,"date":"2018-02-02T08:41:23","date_gmt":"2018-02-02T01:41:23","guid":{"rendered":"https:\/\/demo.bmconnect.vn\/shop\/?post_type=product&#038;p=376"},"modified":"2018-02-02T08:41:23","modified_gmt":"2018-02-02T01:41:23","slug":"ta-quan-goon-renew-slim-size-l-48-mieng-danh-cho-cac-be","status":"publish","type":"product","link":"https:\/\/demo.bmconnect.vn\/shop\/s\u1ea3n ph\u1ea9m\/ta-quan-goon-renew-slim-size-l-48-mieng-danh-cho-cac-be\/","title":{"rendered":"T\u00e3 qu\u1ea7n Goon Renew Slim size L 48 mi\u1ebfng d\u00e0nh cho c\u00e1c b\u00e9"},"content":{"rendered":"<div><strong>T\u00e3 qu\u1ea7n Goon\u00a0Renew Slim<\/strong>\u00a0<strong>size L<\/strong> 48 mi\u1ebfng d\u00e0nh cho c\u00e1c b\u00e9 t\u1eeb 9 &#8211; 14kg\u00a0\u0111\u01b0\u1ee3c s\u1ea3n xu\u1ea5t tr\u00ean d\u00e2y chuy\u1ec1n c\u00f4ng ngh\u1ec7 hi\u1ec7n \u0111\u1ea1i, c\u00e1c ch\u1ea5t li\u1ec7u c\u1ea5u t\u1ea1o n\u00ean t\u00e3 Goon c\u0169ng \u0111\u1ec1u tu\u00e2n th\u1ee7 nghi\u00eam ng\u1eb7t c\u00e1c quy \u0111\u1ecbnh v\u1ec1 s\u1ef1 an to\u00e0n theo ti\u00eau chu\u1ea9n Nh\u1eadt B\u1ea3n gi\u00fap b\u1ea3o v\u1ec7 l\u00e0n da b\u00e9 tr\u01b0\u1edbc c\u00e1c t\u00e1c nh\u00e2n g\u00e2y d\u1ecb \u1ee9ng, mang \u0111\u1ebfn s\u1ef1 an t\u00e2m cho b\u1ed1 m\u1eb9 khi cho b\u00e9 s\u1eed d\u1ee5ng. T\u00e3 qu\u1ea7n Goon s\u1ebd l\u00e0 m\u1ed9t l\u1ef1a ch\u1ecdn kh\u00f4ng th\u1ec3 b\u1ecf qua c\u1ee7a b\u1ed1 m\u1eb9 d\u00e0nh cho b\u00e9, gi\u00fap b\u1ea3o v\u1ec7 s\u1ee9c kh\u1ecfe b\u00e9 t\u1ed1t nh\u1ea5t trong nh\u1eefng n\u0103m th\u00e1ng \u0111\u1ea7u \u0111\u1eddi.<\/div>\n<div><img src=\"https:\/\/media.bibomart.net\/u\/bbm\/product\/2015\/11\/26\/23\/29\/410_410\/112035-bbim-quan-goon-renew-slim-l48_1.jpg\" alt=\"\" \/><\/div>\n<div><em>T\u00e3 qu\u1ea7n Goon\u00a0Renew Slim<\/em>\u00a0<em>size L<\/em><\/div>\n<div><\/div>\n<div><\/div>\n<h3><strong>\u0110\u1eb7c \u0111i\u1ec3m n\u1ed5i b\u1eadt c\u1ee7a s\u1ea3n ph\u1ea9m<\/strong><\/h3>\n<div><\/div>\n<div><\/div>\n<div>\n<div><em><strong>Ch\u1ea5t li\u1ec7u m\u1ec1m m\u1ea1i, an to\u00e0n<\/strong><\/em><\/div>\n<div><\/div>\n<div><u>T\u00e3 qu\u1ea7n Goon\u00a0Renew Slim\u00a0size L<\/u>\u00a0\u0111\u01b0\u1ee3c s\u1ea3n xu\u1ea5t tr\u00ean d\u00e2y chuy\u1ec1n c\u00f4ng ngh\u1ec7 hi\u1ec7n \u0111\u1ea1i, c\u00e1c ch\u1ea5t li\u1ec7u c\u1ea5u t\u1ea1o n\u00ean t\u00e3 c\u0169ng \u0111\u1ec1u tu\u00e2n th\u1ee7 nghi\u00eam ng\u1eb7t c\u00e1c quy \u0111\u1ecbnh v\u1ec1 s\u1ef1 an to\u00e0n theo ti\u00eau chu\u1ea9n Nh\u1eadt B\u1ea3n. B\u1ec1 m\u1eb7t t\u00e3 \u0111\u01b0\u1ee3c s\u1eed d\u1ee5ng ch\u1ea5t li\u1ec7u m\u1ec1m m\u1ea1i nh\u01b0 b\u00f4ng v\u1edbi c\u00e1c l\u1ed7 tho\u00e1ng. B\u1ed1 m\u1eb9 ho\u00e0n to\u00e0n c\u00f3 th\u1ec3 y\u00ean t\u00e2m s\u1ef1 m\u1ec1m m\u1ea1i c\u1ee7a Goon c\u00f3 th\u1ec3 b\u1ea3o v\u1ec7 l\u00e0n da b\u00e9 tr\u01b0\u1edbc c\u00e1c t\u00e1c nh\u00e2n g\u00e2y d\u1ecb \u1ee9ng.<\/div>\n<div><\/div>\n<div><img src=\"https:\/\/bibomart.com.vn\/images\/editor\/images\/bim-quan-Goon-renew-slim-XL42%201.jpg\" alt=\"\" \/><\/div>\n<div><\/div>\n<div><\/div>\n<div><em><strong>L\u1ed7 th\u1ea5m h\u00fat 3D k\u1ebft h\u1ee3p c\u00f4ng ngh\u1ec7 kh\u00f3a ch\u1ea5t l\u1ecfng\u00a0<\/strong><\/em><\/div>\n<div><\/div>\n<div>T\u00e3\u00a0qu\u1ea7n Goon m\u1edbi \u0111\u01b0\u1ee3c thi\u1ebft k\u1ebf l\u1ed7 3D d\u1eadp n\u1ed5i c\u00f3 t\u00e1c d\u1ee5ng gi\u00fap b\u1ec1 m\u1eb7t t\u00e3 kh\u00f4ng ch\u1ea1m tr\u1ef1c ti\u1ebfp v\u1edbi da b\u00e9. T\u1eeb \u0111\u00f3 gi\u00fap qu\u00e1 tr\u00ecnh th\u1ea5m h\u00fat di\u1ec5n ra nhanh ch\u00f3ng v\u00e0 b\u1ec1 m\u1eb7t t\u00e3 c\u0169ng nh\u01b0 m\u00f4ng b\u00e9 lu\u00f4n kh\u00f4 r\u00e1o su\u1ed1t nhi\u1ec1u gi\u1edd. C\u00f9ng v\u1edbi c\u00f4ng ngh\u1ec7 kh\u00f3a ch\u1ea5t l\u1ecfng nhanh ch\u00f3ng, ch\u1ea5t l\u1ecfng sau khi \u0111\u01b0\u1ee3c th\u1ea3i ra s\u1ebd th\u1ea5m ngay v\u00e0o t\u00e3 v\u00e0 ng\u0103n kh\u00f4ng cho th\u1ea5m ng\u01b0\u1ee3c tr\u1edf l\u1ea1i.<\/div>\n<div><\/div>\n<div><img src=\"https:\/\/bibomart.com.vn\/images\/editor\/images\/bim-quan-Goon-renew-slim-XL42%202.jpg\" alt=\"\" \/><\/div>\n<div><\/div>\n<div><\/div>\n<div><em><strong>Si\u00eau kh\u00f4 tho\u00e1ng<\/strong><\/em><\/div>\n<div><\/div>\n<div>Kh\u1ea3 n\u0103ng th\u1ea5m h\u00fat v\u01b0\u1ee3t tr\u1ed9i h\u01a1n &#8211; th\u1ea5m h\u00fat \u0111\u1ebfn 5 l\u1ea7n b\u00e9 t\u00e8, tho\u00e1ng kh\u00ed h\u01a1n nh\u1edd thi\u1ebft k\u1ebf m\u00e0ng \u0111\u00e1y tho\u00e1t \u1ea9m si\u00eau kh\u00f4 tho\u00e1ng. H\u01a1i \u1ea9m v\u00e0 kh\u00f4ng kh\u00ed sau m\u1ed7i l\u1ea7n b\u00e9 t\u00e8 s\u1ebd \u0111\u01b0\u1ee3c tho\u00e1t qua m\u00e0ng \u0111\u00e1y nhanh ch\u00f3ng, gi\u00fap da b\u00e9 lu\u00f4n th\u00f4ng tho\u00e1ng v\u00e0 ng\u1eeba h\u0103m t\u00e3 hi\u1ec7u qu\u1ea3.<\/div>\n<div><\/div>\n<div><\/div>\n<div><em><strong>Thi\u1ebft k\u1ebf v\u1eeba v\u1eb7n, \u00f4m g\u1ecdn<\/strong><\/em><\/div>\n<div><\/div>\n<div>Ph\u1ea7n \u0111\u00f9i v\u00e0 eo \u0111\u01b0\u1ee3c s\u1eed d\u1ee5ng ch\u1ea5t li\u1ec7u m\u1ec1m m\u1ea1i v\u1edbi thun co gi\u00e3n v\u1eeba v\u1eb7n, \u00f4m g\u1ecdn c\u01a1 th\u1ec3 b\u00e9. B\u00e9 y\u00eau ho\u00e0n to\u00e0n c\u00f3 th\u1ec3 v\u1eadn \u0111\u1ed9ng tho\u1ea3i m\u00e1i m\u00e0 kh\u00f4ng lo tr\u00e0n c\u0169ng nh\u01b0 kh\u00f4ng \u0111\u1ec3 l\u1ea1i c\u00e1c n\u1ebfp h\u1eb1n l\u00e0m t\u1ed5n th\u01b0\u01a1ng da b\u00e9. Thi\u1ebft k\u1ebf m\u1ecfng h\u01a1n 20% so v\u1edbi t\u00e3 qu\u1ea7n Goon c\u0169 (xanh tr\u1eddi) t\u0103ng th\u00eam s\u1ef1 tho\u1ea3i m\u00e1i v\u00e0 d\u1ec5 ch\u1ecbu khi b\u00e9 v\u1eadn \u0111\u1ed9ng.<\/div>\n<div><\/div>\n<div><img src=\"https:\/\/bibomart.com.vn\/images\/editor\/images\/bim-quan-Goon-renew-slim-XL42%203.jpg\" alt=\"\" \/><\/div>\n<div><\/div>\n<div><\/div>\n<div><\/div>\n<div><em><strong>B\u0103ng d\u00ednh cu\u1ed9n mi\u1ebfng t\u00e3 ti\u1ec7n l\u1ee3i<\/strong><\/em><\/div>\n<div><\/div>\n<div>T\u00e3 qu\u1ea7n Goon m\u1edbi \u0111\u01b0\u1ee3c thi\u1ebft k\u1ebf th\u00eam b\u0103ng d\u00ednh cu\u1ed9n t\u00e3 ph\u00eda sau c\u00f3 t\u00e1c d\u1ee5ng gi\u00fap m\u1eb9 cu\u1ed9n mi\u1ebfng t\u00e3 l\u1ea1i g\u1ecdn g\u00e0ng v\u00e0 b\u1ecf v\u00e0o th\u00f9ng r\u00e1c sau khi d\u00f9ng. Thi\u1ebft k\u1ebf n\u00e0y gi\u00fap m\u1eb9 ti\u1ec7n l\u1ee3i h\u01a1n khi s\u1eed d\u1ee5ng cho b\u00e9, h\u1ee3p v\u1ec7 sinh v\u00e0 th\u00e2n thi\u1ec7n v\u1edbi m\u00f4i tr\u01b0\u1eddng.<\/div>\n<div><\/div>\n<div><img src=\"https:\/\/bibomart.com.vn\/images\/editor\/images\/bim-quan-Goon-renew-slim-XL42%206.jpg\" alt=\"\" \/><\/div>\n<div><\/div>\n<div><\/div>\n<div><em><strong>Thi\u1ebft k\u1ebf m\u1eabu m\u00e3 sinh \u0111\u1ed9ng<\/strong><\/em><\/div>\n<div><\/div>\n<div><a href=\"https:\/\/bibomart.com.vn\/bim-ta-goon-c362.html\">T\u00e3 Goon<\/a>\u00a0Renew Slim m\u1edbi \u0111\u01b0\u1ee3c thi\u1ebft k\u1ebf v\u1edbi m\u1eabu m\u00e3 sinh \u0111\u1ed9ng. B\u1ec1 ngo\u00e0i m\u1eb7t t\u00e3 \u0111\u01b0\u1ee3c trang tr\u00ed c\u00e1c h\u00ecnh th\u00fa ng\u1ed9 ngh\u0129nh c\u00f9ng m\u00e0u s\u1eafc t\u01b0\u01a1i t\u1eafn, ch\u1eafc ch\u1eafn s\u1ebd gi\u00fap b\u00e9 th\u00edch th\u00fa kh\u00e1m ph\u00e1 v\u00e0 th\u00eam y\u00eau m\u1ebfn \u201cchi\u1ebfc qu\u1ea7n\u201d xinh x\u1eafn c\u1ee7a m\u00ecnh.<\/div>\n<div><\/div>\n<div><\/div>\n<h3><strong>H\u01b0\u1edbng d\u1eabn m\u1eb9 ch\u1ecdn size t\u00e3 qu\u1ea7n Goon cho b\u00e9<\/strong><\/h3>\n<div><\/div>\n<div><\/div>\n<div>\n<div>&#8211; Size S: 4 &#8211; 8kg<\/div>\n<div><\/div>\n<div>&#8211; Size M: 7 &#8211; 12kg<\/div>\n<div><\/div>\n<div>&#8211; Size L: 9 &#8211; 14kg<\/div>\n<div><\/div>\n<div>&#8211; Size XL: 12 &#8211; 17kg<\/div>\n<div><\/div>\n<div>&#8211; Size XXL: 15 &#8211; 25kg<\/div>\n<div><\/div>\n<div>&#8211; Size XXXL: 18 &#8211; 30kg.<\/div>\n<\/div>\n<\/div>\n","protected":false},"excerpt":{"rendered":"<ul class=\"attribute-info\">\n<li>Ch\u1ea5t li\u1ec7u m\u1ec1m m\u1ea1i, an to\u00e0n<\/li>\n<li>L\u1ed7 th\u1ea5m h\u00fat 3D v\u00e0 c\u00f4ng ngh\u1ec7 kh\u00f3a ch\u1ea5t l\u1ecfng<\/li>\n<li>C\u00f3 b\u0103ng d\u00ednh cu\u1ed9n t\u00e3<\/li>\n<\/ul>\n","protected":false},"featured_media":377,"comment_status":"open","ping_status":"closed","template":"","meta":[],"product_cat":[25],"product_tag":[],"_links":{"self":[{"href":"https:\/\/demo.bmconnect.vn\/shop\/wp-json\/wp\/v2\/product\/376"}],"collection":[{"href":"https:\/\/demo.bmconnect.vn\/shop\/wp-json\/wp\/v2\/product"}],"about":[{"href":"https:\/\/demo.bmconnect.vn\/shop\/wp-json\/wp\/v2\/types\/product"}],"replies":[{"embeddable":true,"href":"https:\/\/demo.bmconnect.vn\/shop\/wp-json\/wp\/v2\/comments?post=376"}],"wp:featuredmedia":[{"embeddable":true,"href":"https:\/\/demo.bmconnect.vn\/shop\/wp-json\/wp\/v2\/media\/377"}],"wp:attachment":[{"href":"https:\/\/demo.bmconnect.vn\/shop\/wp-json\/wp\/v2\/media?parent=376"}],"wp:term":[{"taxonomy":"product_cat","embeddable":true,"href":"https:\/\/demo.bmconnect.vn\/shop\/wp-json\/wp\/v2\/product_cat?post=376"},{"taxonomy":"product_tag","embeddable":true,"href":"https:\/\/demo.bmconnect.vn\/shop\/wp-json\/wp\/v2\/product_tag?post=376"}],"curies":[{"name":"wp","href":"https:\/\/api.w.org\/{rel}","templated":true}]}}