{"id":148,"date":"2017-03-22T14:54:24","date_gmt":"2017-03-22T14:54:24","guid":{"rendered":"http:\/\/localhost\/shoes\/?post_type=product&#038;p=148"},"modified":"2017-03-22T14:54:24","modified_gmt":"2017-03-22T14:54:24","slug":"giay-luoi-nam-sanvado-da-bong-quai-da-mau-den-bt-002","status":"publish","type":"product","link":"https:\/\/demo.bmconnect.vn\/shoes\/s\u1ea3n ph\u1ea9m\/giay-luoi-nam-sanvado-da-bong-quai-da-mau-den-bt-002\/","title":{"rendered":"Gi\u00e0y l\u01b0\u1eddi nam Sanvado da b\u00f3ng quai da m\u00e0u \u0111en (BT-002)"},"content":{"rendered":"","protected":false},"excerpt":{"rendered":"","protected":false},"featured_media":112,"comment_status":"open","ping_status":"closed","template":"","meta":[],"product_cat":[8],"product_tag":[],"_links":{"self":[{"href":"https:\/\/demo.bmconnect.vn\/shoes\/wp-json\/wp\/v2\/product\/148"}],"collection":[{"href":"https:\/\/demo.bmconnect.vn\/shoes\/wp-json\/wp\/v2\/product"}],"about":[{"href":"https:\/\/demo.bmconnect.vn\/shoes\/wp-json\/wp\/v2\/types\/product"}],"replies":[{"embeddable":true,"href":"https:\/\/demo.bmconnect.vn\/shoes\/wp-json\/wp\/v2\/comments?post=148"}],"wp:featuredmedia":[{"embeddable":true,"href":"https:\/\/demo.bmconnect.vn\/shoes\/wp-json\/wp\/v2\/media\/112"}],"wp:attachment":[{"href":"https:\/\/demo.bmconnect.vn\/shoes\/wp-json\/wp\/v2\/media?parent=148"}],"wp:term":[{"taxonomy":"product_cat","embeddable":true,"href":"https:\/\/demo.bmconnect.vn\/shoes\/wp-json\/wp\/v2\/product_cat?post=148"},{"taxonomy":"product_tag","embeddable":true,"href":"https:\/\/demo.bmconnect.vn\/shoes\/wp-json\/wp\/v2\/product_tag?post=148"}],"curies":[{"name":"wp","href":"https:\/\/api.w.org\/{rel}","templated":true}]}}