{"id":2128,"date":"2017-12-06T15:58:24","date_gmt":"2017-12-06T08:58:24","guid":{"rendered":"https:\/\/demo.bmconnect.vn\/saoviet\/?post_type=product&#038;p=2128"},"modified":"2017-12-23T11:13:05","modified_gmt":"2017-12-23T04:13:05","slug":"khuon-silicon-do-socola-hinh-tho-melody-tai-cup-cai-no-3d","status":"publish","type":"product","link":"https:\/\/demo.bmconnect.vn\/saoviet\/product\/khuon-silicon-do-socola-hinh-tho-melody-tai-cup-cai-no-3d\/","title":{"rendered":"Khu\u00f4n silicon \u0111\u1ed5 socola h\u00ecnh th\u1ecf melody tai c\u1ee5p c\u00e0i n\u01a1 3d"},"content":{"rendered":"<h2><b>Th\u1ecf melody tai c\u1ee5p c\u00e0i n\u01a1 &#8211; khu\u00f4n silicon \u0111\u1ed5 socola 3d<\/b><\/h2>\n<h3><strong>\u0110\u1eb7c t\u00ednh s\u1ea3n ph\u1ea9m:<\/strong><\/h3>\n<h4><strong>M\u00e0u s\u1eafc<\/strong><\/h4>\n<p>Khu\u00f4n c\u00f3 m\u00e0u h\u1ed3ng nh\u1eb9<\/p>\n<h4><strong>K\u00edch th\u01b0\u1edbc khu\u00f4n<\/strong><\/h4>\n<p>13 x 11 x 11cm<\/p>\n<h4><strong>K\u00edch th\u01b0\u1edbc s\u1ea3n ph\u1ea9m<\/strong><\/h4>\n<h4>11 x 9 x 9cm<\/h4>\n<h4><strong>Tr\u1ecdng l\u01b0\u1ee3ng khu\u00f4n<\/strong><\/h4>\n<p>1200gram<\/p>\n<h3><strong>C\u00f4ng d\u1ee5ng<\/strong><\/h3>\n<p>&#8211; <strong>Khu\u00f4n silicon \u0111\u1ed5 socola h\u00ecnh th\u00fa 3D<\/strong> l\u00e0 xu h\u01b0\u1edbng trang tr\u00ed b\u00e1nh kem \u0111\u1ed9c \u0111\u00e1o, \u1ea5n t\u01b0\u1eddng g\u00f3p ph\u1ea7n gi\u00fap s\u1ea3n ph\u1ea9m c\u1ee7a b\u1ea1n th\u00eam ph\u1ea7n l\u00f4i cu\u1ed1n, sang tr\u1ecdng<\/p>\n<p>&#8211; S\u1ea3n ph\u1ea9m c\u0169ng l\u00e0 m\u00f3n qu\u00e0 \u00fd ngh\u0129a trao g\u1eedi y\u00eau th\u01b0\u01a1ng \u0111\u1ebfn ng\u01b0\u1eddi th\u00e2n c\u1ee7a b\u1ea1n.<\/p>\n<h3><strong>\u01afu \u0111i\u1ec3m<\/strong><\/h3>\n<p>&#8211; Khu\u00f4n \u0111\u1ed5 socola d\u1ea1ng silicon d\u1ec5 d\u00e0ng thao t\u00e1c t\u1ea1o ra s\u1ea3n ph\u1ea9m socola trang tr\u00ed h\u00ecnh th\u00fa b\u1eaft m\u1eaft (kh\u00f4ng \u0111\u00f2i h\u1ecfi nhi\u1ec1u k\u1ef9 thu\u1eadt).<\/p>\n<p>&#8211; Khu\u00f4n silicon d\u1ebbo dai, b\u1ec1n \u0111\u1eb9p an to\u00e0n trong s\u1eed d\u1ee5ng v\u00e0 d\u1ec5 d\u00e0ng v\u1ec7 sinh l\u00e0m s\u1ea1ch sau khi d\u00f9ng.<\/p>\n<h3><strong>H\u01b0\u1edbng d\u1eabn s\u1eed d\u1ee5ng<\/strong><\/h3>\n<p>&#8211; B\u1ea1n c\u1ea7n l\u00e0m l\u1ea1nh <strong>khu\u00f4n silicon \u0111\u1ed5 socola h\u00ecnh th\u00fa 3D<\/strong> \u1edf nhi\u1ec7t \u0111\u1ed9 5 &#8211; 10\u00b0c tr\u01b0\u1edbc kho\u1ea3ng<\/p>\n<p>&#8211; Sau \u0111\u00f3,<\/p>\n<h3><strong>Xu\u1ea5t x\u1ee9<\/strong><\/h3>\n<p>S\u1ea3n xu\u1ea5t t\u1ea1i Trung Qu\u1ed1c.<\/p>\n<h3><strong>B\u1ea3o qu\u1ea3n<\/strong><\/h3>\n<p>N\u01a1i tho\u00e1ng m\u00e1t, s\u1ea1ch s\u1ebd.<\/p>\n<p>&nbsp;<\/p>\n<p>&nbsp;<\/p>\n","protected":false},"excerpt":{"rendered":"<p>&nbsp;<\/p>\n<p>&#8211; Thi\u1ebft k\u1ebf \u0111\u1ed9c \u0111\u00e1o, \u0111i\u1ec3m nh\u1ea5n trang tr\u1ecdng cho nh\u1eefng chi\u1ebfc b\u00e1nh kem c\u1ee7a b\u1ea1n th\u00eam ph\u1ea7n l\u00f4i cu\u1ed1n.<\/p>\n<p>&#8211; C\u00f4ng ty Ong V\u00e0ng cung c\u1ea5p \u0111a d\u1ea1ng c\u00e1c m\u1eabu khu\u00f4n silicon \u0111\u1ed5 socola 3D, th\u00eam\u00a0<span class=\"text_exposed_show\">nhi\u1ec1u s\u1ef1 l\u1ef1a ch\u1ecdn cho ti\u1ec7m b\u00e1nh chuy\u00ean nghi\u1ec7p.<\/span><\/p>\n<p>&nbsp;<\/p>\n","protected":false},"featured_media":2126,"comment_status":"open","ping_status":"closed","template":"","meta":[],"product_cat":[276,278,302,301],"product_tag":[351,349,350],"_links":{"self":[{"href":"https:\/\/demo.bmconnect.vn\/saoviet\/wp-json\/wp\/v2\/product\/2128"}],"collection":[{"href":"https:\/\/demo.bmconnect.vn\/saoviet\/wp-json\/wp\/v2\/product"}],"about":[{"href":"https:\/\/demo.bmconnect.vn\/saoviet\/wp-json\/wp\/v2\/types\/product"}],"replies":[{"embeddable":true,"href":"https:\/\/demo.bmconnect.vn\/saoviet\/wp-json\/wp\/v2\/comments?post=2128"}],"wp:featuredmedia":[{"embeddable":true,"href":"https:\/\/demo.bmconnect.vn\/saoviet\/wp-json\/wp\/v2\/media\/2126"}],"wp:attachment":[{"href":"https:\/\/demo.bmconnect.vn\/saoviet\/wp-json\/wp\/v2\/media?parent=2128"}],"wp:term":[{"taxonomy":"product_cat","embeddable":true,"href":"https:\/\/demo.bmconnect.vn\/saoviet\/wp-json\/wp\/v2\/product_cat?post=2128"},{"taxonomy":"product_tag","embeddable":true,"href":"https:\/\/demo.bmconnect.vn\/saoviet\/wp-json\/wp\/v2\/product_tag?post=2128"}],"curies":[{"name":"wp","href":"https:\/\/api.w.org\/{rel}","templated":true}]}}