{"id":1777,"date":"2017-11-20T17:02:24","date_gmt":"2017-11-20T10:02:24","guid":{"rendered":"https:\/\/demo.bmconnect.vn\/saoviet\/?post_type=product&#038;p=1777"},"modified":"2017-11-22T10:01:22","modified_gmt":"2017-11-22T03:01:22","slug":"bo-dau-dang-long-run-long","status":"publish","type":"product","link":"https:\/\/demo.bmconnect.vn\/saoviet\/product\/bo-dau-dang-long-run-long\/","title":{"rendered":"B\u01a1 d\u1ea7u d\u1ea1ng l\u1ecfng run long"},"content":{"rendered":"<h2><strong>B\u01a1 d\u1ea7u d\u1ea1ng l\u1ecfng Run Long (v\u1ecf h\u1ed3ng)<\/strong><\/h2>\n<h3><strong>\u0110\u1eb7c t\u00ednh n\u1ed5i b\u1eadt s\u1ea3n ph\u1ea9m:<\/strong><\/h3>\n<h4><strong>H\u01b0\u01a1ng v\u1ecb<\/strong><\/h4>\n<p>Th\u01a1m h\u01b0\u01a1ng vani, l\u01b0u l\u00e2u h\u01a1n, m\u1ec1m \u1ea9m.<\/p>\n<h4><strong>Tr\u1ea1ng th\u00e1i, m\u00e0u s\u1eafc<\/strong><\/h4>\n<p>B\u01a1 d\u1ea1ng d\u1ea7u \u0111\u01b0\u1ee3c h\u00f3a l\u1ecfng c\u00f3 th\u1ec3 gi\u1eef \u0111\u01b0\u1ee3c tr\u1ea1ng th\u00e1i l\u1ecfng \u1edf nhi\u1ec7t \u0111\u1ed9 th\u01b0\u1eddng. c\u00f3 m\u00e0u v\u00e0ng \u00e1nh kim, trong su\u1ed1t.<\/p>\n<h3><strong>C\u00f4ng d\u1ee5ng<\/strong><\/h3>\n<p><b>&#8211; B\u01a1 d\u1ea7u d\u1ea1ng l\u1ecfng\u00a0<\/b>\u0111\u01b0\u1ee3c kh\u00e1ch h\u00e0ng \u01b0a chu\u1ed9ng trong l\u00e0m c\u1ed1t b\u00e1nh gato, l\u1edbp v\u1ecf b\u00e1nh n\u01b0\u1edbng trung thu b\u1edfi kh\u1ea3 n\u0103ng l\u01b0u h\u01b0\u01a1ng r\u1ea5t l\u00e2u c\u1ee7a b\u01a1 d\u1ea7u khi \u0111\u00e3 n\u01b0\u1edbng (s\u1ea3n ph\u1ea9m c\u00f3 kh\u1ea3 n\u0103ng ch\u1ecbu nhi\u1ec7t cao).<\/p>\n<p>&#8211; Ngo\u00e0i ra, s\u1eed d\u1ee5ng trong c\u00e1c d\u00f2ng b\u00e1nh cao c\u1ea5p kh\u00e1c nh\u01b0: Chiffon, pound cake, Sponge cake; b\u00e1nh \u00e2u, da b\u00e1nh, nh\u00e2n b\u00e1nh c\u00e1c lo\u1ea1i, dung \u0111\u1ec3 s\u01a1n ph\u1ebft l\u00ean b\u1ec1 m\u1eb7t b\u00e1nh t\u1ea1o l\u1edbp b\u1ecf b\u00f3ng m\u01b0\u1ee3t, b\u1ea3o qu\u1ea3n b\u00e1nh l\u00e2u h\u01a1n\u2026<\/p>\n<h3><strong>\u01afu \u0111i\u1ec3m<\/strong><\/h3>\n<p>&#8211;\u00a0H\u01b0\u01a1ng vani th\u01a1m l\u00e2u, d\u1eady m\u00f9i (s\u1ea3n ph\u1ea9m c\u00f3 kh\u1ea3 n\u0103ng ch\u1ecbu nhi\u1ec7t).<\/p>\n<p>&#8211; Gi\u00e1 c\u1ea3 c\u1ea1nh tranh mang l\u1ea1i t\u00ednh kinh t\u1ebf, l\u1ee3i nhu\u1eadn cao so v\u1edbi c\u00e1c d\u00f2ng b\u01a1 tr\u00ean th\u1ecb tr\u01b0\u1eddng.<\/p>\n<p>&#8211; D\u1ec5 d\u00e0ng thao t\u00e1c v\u00e0 s\u1eed d\u1ee5ng linh ho\u1ea1t v\u00e0 ti\u1ebft ki\u1ec7m th\u1eddi gian (b\u1ea1n kh\u00f4ng ph\u1ea3i m\u1ea5t th\u1eddi gian l\u00e0m ch\u1ea3y b\u01a1 nh\u01b0 th\u00f4ng th\u01b0\u1eddng).<\/p>\n<p>&#8211; S\u1ea3n ph\u1ea9m l\u00e0m ra c\u00f3 \u0111\u1ed9 m\u1ec1m \u1ea9m t\u1ed1t, gi\u1eef b\u1ea3o qu\u1ea3n \u0111\u01b0\u1ee3c l\u00e2u h\u01a1n.<\/p>\n<h3><strong>Tr\u1ecdng l\u01b0\u1ee3ng:<\/strong><\/h3>\n<p>\u0110\u00f3ng th\u00f9ng: t\u1ed1i thi\u1ec3u 5 l\u00edt v\u00e0 20 l\u00edt (gi\u00e1 li\u00ean h\u1ec7).<\/p>\n<h3><strong>Xu\u1ea5t x\u1ee9:<\/strong><\/h3>\n<p>C\u00f4ng ngh\u1ec7 M\u1ef9, \u0110an M\u1ea1ch, Israel.\u00a0\u0111\u01b0\u1ee3c s\u1ea3n xu\u1ea5t t\u1ea1i Vi\u1ec7t Nam.<\/p>\n<h3><strong>Th\u00e0nh ph\u1ea7n:<\/strong><\/h3>\n<p>D\u1ea7u tinh luy\u1ec7n, ch\u1ea5t nh\u0169 h\u00f3a Mono v\u00e0 diglycerid c\u1ee7a axit b\u00e9o (471), ch\u1ea5t ch\u1ed1ng oxy Tert &#8211; butylhydroquinon (319), h\u01b0\u01a1ng li\u1ec7u t\u1ed5ng h\u1ee3p, h\u01b0\u01a1ng b\u01a1, ph\u1ea9m m\u00e0u t\u1ed5ng h\u1ee3p Beta- carotene 160a (iii).<\/p>\n<h3><strong>H\u01b0\u1edbng d\u1eabn s\u1eed d\u1ee5ng:<\/strong><\/h3>\n<p>&#8211; D\u00f9ng l\u00e0m nguy\u00ean li\u1ec7u s\u1ea3n xu\u1ea5t c\u00e1c s\u1ea3n ph\u1ea9m th\u1ef1c ph\u1ea9m, s\u1eed d\u1ee5ng cho c\u00e1c lo\u1ea1i b\u00e1nh n\u01b0\u1edbng.<\/p>\n<p>&#8211; \u0110\u1ed5 tr\u1ef1c ti\u1ebfp v\u00e0 s\u1eed d\u1ee5ng theo li\u1ec1u l\u01b0\u1ee3ng c\u00f4ng th\u1ee9c.<\/p>\n<h3><strong>B\u1ea3o qu\u1ea3n:<\/strong><\/h3>\n<p>\u2013 N\u01a1i tho\u00e1ng m\u00e1t<\/p>\n<p>\u2013 <i>Tr\u00e1nh \u00e1nh n\u1eafng tr\u1ef1c ti\u1ebfp.<\/i><\/p>\n","protected":false},"excerpt":{"rendered":"<p>&#8211; M\u1ed9t s\u1ea3n ph\u1ea9m m\u1edbi c\u00f3 m\u1eb7t tr\u00ean th\u1ecb tr\u01b0\u1eddng,<strong> B\u01a1 d\u1ea7u d\u1ea1ng l\u1ecfng\u00a0<\/strong>th\u1ef1c h\u1eefu hi\u1ec7u, gi\u1ea3i ph\u00e1p nhanh ch\u00f3ng, ti\u1ebft ki\u1ec7m th\u1eddi gian, c\u00f4ng s\u1ee9c c\u1ee7a b\u1ea1n.<\/p>\n<p>&#8211; B\u1ea1n kh\u00f4ng c\u1ea7n ph\u1ea3i d\u00e0nh th\u1eddi gian l\u00e0m ch\u1ea3y b\u01a1 nh\u01b0 th\u00f4ng th\u01b0\u1eddng, b\u01a1 d\u1ea7u d\u1ea1ng l\u1ecfng v\u1eabn gi\u1eef nguy\u00ean \u0111\u01b0\u1ee3c tr\u1ea1ng th\u00e1i d\u00f9 \u1edf nhi\u1ec7t \u0111\u1ed9 th\u01b0\u1eddng.<\/p>\n<p>&#8211; L\u00e0 m\u1ed9t s\u1ea3n ph\u1ea9m 2 trong 1 v\u1eeba l\u00e0 b\u01a1 v\u1eeba l\u00e0 d\u1ea7u. S\u1ea3n ph\u1ea9m c\u00f3 th\u00eam \u01b0u \u0111i\u1ec3m n\u1ed5i tr\u1ed9i l\u00e0 v\u1eabn gi\u1eef t\u1ed1i \u0111a h\u01b0\u01a1ng th\u01a1m d\u00f9 n\u01b0\u1edbng nhi\u1ec7t.<\/p>\n<p>&#8211; Gi\u00fap b\u1ea1n b\u1ea3o qu\u1ea3n b\u00e1nh l\u00e2u h\u01a1n, b\u00e1nh \u0111\u1ed9 m\u1ec1m \u1ea9m t\u1ed1t.<\/p>\n<p>&nbsp;<\/p>\n","protected":false},"featured_media":1792,"comment_status":"open","ping_status":"closed","template":"","meta":[],"product_cat":[56,202,18],"product_tag":[203,204],"_links":{"self":[{"href":"https:\/\/demo.bmconnect.vn\/saoviet\/wp-json\/wp\/v2\/product\/1777"}],"collection":[{"href":"https:\/\/demo.bmconnect.vn\/saoviet\/wp-json\/wp\/v2\/product"}],"about":[{"href":"https:\/\/demo.bmconnect.vn\/saoviet\/wp-json\/wp\/v2\/types\/product"}],"replies":[{"embeddable":true,"href":"https:\/\/demo.bmconnect.vn\/saoviet\/wp-json\/wp\/v2\/comments?post=1777"}],"wp:featuredmedia":[{"embeddable":true,"href":"https:\/\/demo.bmconnect.vn\/saoviet\/wp-json\/wp\/v2\/media\/1792"}],"wp:attachment":[{"href":"https:\/\/demo.bmconnect.vn\/saoviet\/wp-json\/wp\/v2\/media?parent=1777"}],"wp:term":[{"taxonomy":"product_cat","embeddable":true,"href":"https:\/\/demo.bmconnect.vn\/saoviet\/wp-json\/wp\/v2\/product_cat?post=1777"},{"taxonomy":"product_tag","embeddable":true,"href":"https:\/\/demo.bmconnect.vn\/saoviet\/wp-json\/wp\/v2\/product_tag?post=1777"}],"curies":[{"name":"wp","href":"https:\/\/api.w.org\/{rel}","templated":true}]}}