{"id":1634,"date":"2017-11-16T10:53:58","date_gmt":"2017-11-16T03:53:58","guid":{"rendered":"https:\/\/demo.bmconnect.vn\/saoviet\/?post_type=product&#038;p=1634"},"modified":"2017-11-16T16:11:46","modified_gmt":"2017-11-16T09:11:46","slug":"pacific-pride-kem-topping-richs","status":"publish","type":"product","link":"https:\/\/demo.bmconnect.vn\/saoviet\/product\/pacific-pride-kem-topping-richs\/","title":{"rendered":"Pacific pride kem topping rich&#8217;s"},"content":{"rendered":"<h2><b>Kem topping rich&#8217;s pacific pride<\/b><\/h2>\n<h3><b>\u01afu \u0111i\u1ec3m<\/b><\/h3>\n<p>Kem c\u00f3 gi\u00e1 th\u00e0nh h\u1ee3p l\u00fd<\/p>\n<h3><strong>Tr\u1ecdng l\u01b0\u1ee3ng:<\/strong><\/h3>\n<p>\u0110\u00f3ng h\u1ed9p 1kg.<\/p>\n<h3><strong>Xu\u1ea5t x\u1ee9:<\/strong><\/h3>\n<p>C\u00f4ng ngh\u1ec7 M\u1ef9 \u0111\u01b0\u1ee3c s\u1ea3n xu\u1ea5t t\u1ea1i Vi\u1ec7t Nam.<\/p>\n<h3><strong>Th\u00e0nh ph\u1ea7n:<\/strong><\/h3>\n<p>D\u1ea7u h\u1ea1t c\u1ecd \u0111\u00e3 hy\u0111r\u00f4 h\u00f3a m\u1ed9t ph\u1ea7n (ch\u1ee9a Lecithin \u0111\u1eadu n\u00e0nh), Syr\u00f4 b\u1eafp ch\u1ee9a h\u00e0m l\u01b0\u1ee3ng Fructose cao, N\u01b0\u1edbc, Syr\u00f4 b\u1eafp, S\u1eefa b\u1ed9t g\u1ea7y (ch\u1ee9a Lecithin t\u1eeb \u0111\u1eadu n\u00e0nh), Sodium Caseinate (Ch\u1ea5t d\u1eabn xu\u1ea5t t\u1eeb s\u1eefa), Ch\u1ea5t Nh\u0169 H\u00f3a (Ester c\u1ee7a Sucrose v\u1edbi c\u00e1c Ax\u00edt B\u00e9o (473), Lecithin \u0110\u1eadu n\u00e0nh (322), Mono v\u00e0 Diglycerid c\u1ee7a c\u00e1c ax\u00edt b\u00e9o (471)), Ch\u1ea5t l\u00e0m d\u00e0y (Methylcellulose (461), Propylene Glycol Alginate (405)), \u0110\u01b0\u1eddng, Protein \u0110\u1eadu n\u00e0nh ph\u00e2n l\u1eadp, Mu\u1ed1i, H\u01b0\u01a1ng t\u1ed5ng h\u1ee3p, M\u00e0u t\u1ed5ng h\u1ee3p (Beta Carotene (160a(i)))<\/p>\n<h3><strong>H\u01b0\u1edbng d\u1eabn s\u1eed d\u1ee5ng:<\/strong><\/h3>\n<p>\u2013 X\u1ea3 \u0111\u00f4ng trong t\u1ee7 l\u1ea1nh.<\/p>\n<p>\u2013\u00a0L\u1eafc \u0111\u1ec1u h\u1ed9p kem tr\u01b0\u1edbc khi m\u1edf.<\/p>\n<p>&#8211;\u00a0Cho nguy\u00ean li\u1ec7u v\u00e0o th\u1ed1 \u0111\u00e3 \u0111\u1ec3 l\u1ea1nh v\u00e0 kem l\u1ecfng kh\u00f4ng n\u00ean qu\u00e1 20% s\u1ee9c ch\u1ee9a c\u1ee7a th\u1ed1.<\/p>\n<p>&#8211; \u0110\u00e1nh m\u00e1y \u1edf t\u1ed1c \u0111\u1ed9 trung b\u00ecnh cho \u0111\u1ebfn khi s\u1ea3n ph\u1ea9m n\u1ed5i l\u00ean \u0111\u1ea1t \u0111\u01b0\u1ee3c \u0111\u1ed9 \u0111\u1ee9ng v\u1eeba \u00fd nh\u1ea5t v\u00e0 n\u01b0\u1edbc b\u00f3ng kh\u00f4ng c\u00f2n.<\/p>\n<p>&#8211; S\u1ea3n ph\u1ea9m \u0111\u00e3 \u0111\u00e1nh ph\u1ea3i b\u1ea3o qu\u1ea3n l\u1ea1nh ho\u1eb7c tr\u1eef \u0111\u00f4ng.<\/p>\n<h3><strong>B\u1ea3o qu\u1ea3n:<\/strong><\/h3>\n<p>\u2013 Tr\u1eef \u0111\u00f4ng \u1edf nhi\u1ec7t \u0111\u1ed9 -18<sup>o<\/sup>C<\/p>\n<p>&#8211;\u00a0\u0110\u00e3 x\u1ea3 \u0111\u00f4ng, ch\u01b0a m\u1edf h\u1ed9p v\u00e0 \u0111\u01b0\u1ee3c gi\u1eef trong t\u1ee7 m\u00e1t t\u1eeb 2- 7 \u0111\u1ed9 C trong 2 tu\u1ea7n.<\/p>\n<p>&#8211;\u00a0\u0110\u00e3 x\u1ea3 \u0111\u00f4ng, \u0111\u00e3 m\u1edf h\u1ed9p v\u00e0 \u0111\u01b0\u1ee3c gi\u1eef trong t\u1ee7 m\u00e1t t\u1eeb 2- 7 \u0111\u1ed9 C trong 1 tu\u1ea7n.<\/p>\n<p>\u2013\u00a0<em><strong>L<\/strong><\/em><em><strong>\u01b0u \u00fd<\/strong><\/em>: kh\u00f4ng t\u00e1i \u0111\u00f4ng s\u1ea3n ph\u1ea9m.<\/p>\n<p>&nbsp;<\/p>\n","protected":false},"excerpt":{"rendered":"<p><strong>Pacific pride<\/strong>\u00a0l\u00e0 kem topping c\u1ee7a rich&#8217;s c\u00f3 gi\u00e1 th\u00e0nh h\u1ee3p l\u00fd s\u1eed d\u1ee5ng ch\u00e0 l\u00e1ng, ph\u1ee7 v\u00e0 trang tr\u00ed b\u00e1nh kem.<\/p>\n","protected":false},"featured_media":1628,"comment_status":"open","ping_status":"closed","template":"","meta":[],"product_cat":[132,25,18],"product_tag":[121,122],"_links":{"self":[{"href":"https:\/\/demo.bmconnect.vn\/saoviet\/wp-json\/wp\/v2\/product\/1634"}],"collection":[{"href":"https:\/\/demo.bmconnect.vn\/saoviet\/wp-json\/wp\/v2\/product"}],"about":[{"href":"https:\/\/demo.bmconnect.vn\/saoviet\/wp-json\/wp\/v2\/types\/product"}],"replies":[{"embeddable":true,"href":"https:\/\/demo.bmconnect.vn\/saoviet\/wp-json\/wp\/v2\/comments?post=1634"}],"wp:featuredmedia":[{"embeddable":true,"href":"https:\/\/demo.bmconnect.vn\/saoviet\/wp-json\/wp\/v2\/media\/1628"}],"wp:attachment":[{"href":"https:\/\/demo.bmconnect.vn\/saoviet\/wp-json\/wp\/v2\/media?parent=1634"}],"wp:term":[{"taxonomy":"product_cat","embeddable":true,"href":"https:\/\/demo.bmconnect.vn\/saoviet\/wp-json\/wp\/v2\/product_cat?post=1634"},{"taxonomy":"product_tag","embeddable":true,"href":"https:\/\/demo.bmconnect.vn\/saoviet\/wp-json\/wp\/v2\/product_tag?post=1634"}],"curies":[{"name":"wp","href":"https:\/\/api.w.org\/{rel}","templated":true}]}}