{"id":1633,"date":"2017-11-16T10:40:47","date_gmt":"2017-11-16T03:40:47","guid":{"rendered":"https:\/\/demo.bmconnect.vn\/saoviet\/?post_type=product&#038;p=1633"},"modified":"2017-11-16T16:12:05","modified_gmt":"2017-11-16T09:12:05","slug":"kem-chiu-nhiet-value-pride-plus-richs","status":"publish","type":"product","link":"https:\/\/demo.bmconnect.vn\/saoviet\/product\/kem-chiu-nhiet-value-pride-plus-richs\/","title":{"rendered":"Kem ch\u1ecbu nhi\u1ec7t value pride plus richs"},"content":{"rendered":"<h2><strong>Value pride plus kem ch\u1ecbu nhi\u1ec7t c\u1ee7a rich&#8217;s<\/strong><\/h2>\n<h3><strong>\u0110\u1eb7c t\u00ednh s\u1ea3n ph\u1ea9m:<\/strong><\/h3>\n<h4><strong>\u01afu th\u1ebf v\u01b0\u1ee3t tr\u1ed9i<\/strong><\/h4>\n<p>&#8211;\u00a0\u0110\u1ed9 b\u1ec1n n\u1ed5i tr\u1ed9i cho kem trang tr\u00ed tr\u00ean b\u00e1nh ngay c\u1ea3 khi b\u00e1nh kem \u0111\u01b0\u1ee3c \u0111\u1ec3 \u1edf nhi\u1ec7t \u0111\u1ed9 cao hay h\u1ea1n ch\u1ebf m\u00e1y \u0111i\u1ec1u h\u00f2a.<\/p>\n<p>&#8211;\u00a0Kem \u0111\u00e3 \u0111\u00e1nh v\u1eabn b\u00f3ng m\u1ecbn v\u00e0 \u1ed5n \u0111\u1ecbnh t\u1ed1t trong th\u1ed1 v\u00e0 trong bao kem trang tr\u00ed cho b\u1ea1n nhi\u1ec1u th\u1eddi gian h\u01a1n trong vi\u1ec7c trang tr\u00ed b\u00e1nh kem.<\/p>\n<p>&#8211; <strong>Value pride Plus c\u1ee7a rich&#8217;s<\/strong> th\u00edch h\u1ee3p trang tr\u00ed b\u00e1nh c\u01b0\u1edbi, kem ch\u1ecbu \u0111\u01b0\u1ee3c nhi\u1ec7t \u0111\u1ed9 cao\u00a0m\u00e0 \u0111\u1ed9 b\u1ec1n c\u1ee7a b\u00e1nh v\u1eabn \u0111\u01b0\u1ee3c \u0111\u1ea3m b\u1ea3o.<\/p>\n<p>&#8211; Giao b\u00e1nh kem d\u01b0\u1edbi nhi\u1ec7t \u0111\u1ed9 cao ho\u00e0n to\u00e0n tho\u1ea3i m\u00e1i, \u0111\u1eadp tan n\u1ed7i lo kem ch\u1ea3y x\u1ec7.<\/p>\n<p>&#8211; Kem v\u1eabn gi\u1eef \u0111\u01b0\u1ee3c \u0111\u1ed9 b\u00f3ng m\u1ecbn trong su\u1ed1t 5 ng\u00e0y b\u1ea3o qu\u1ea3n trong t\u1ee7 m\u00e1t.<\/p>\n<h3><strong>Tr\u1ecdng l\u01b0\u1ee3ng:<\/strong><\/h3>\n<p>\u0110\u00f3ng h\u1ed9p 1kg.<\/p>\n<h3><strong>Xu\u1ea5t x\u1ee9:<\/strong><\/h3>\n<p>C\u00f4ng ngh\u1ec7 M\u1ef9 \u0111\u01b0\u1ee3c s\u1ea3n xu\u1ea5t t\u1ea1i Vi\u1ec7t Nam.<\/p>\n<h3><strong>Th\u00e0nh ph\u1ea7n:<\/strong><\/h3>\n<p>D\u1ea7u h\u1ea1t c\u1ecd \u0111\u00e3 hy\u0111r\u00f4 h\u00f3a m\u1ed9t ph\u1ea7n (ch\u1ee9a Lecithin \u0111\u1eadu n\u00e0nh), Syr\u00f4 b\u1eafp ch\u1ee9a h\u00e0m l\u01b0\u1ee3ng Fructose cao, N\u01b0\u1edbc, Syr\u00f4 b\u1eafp, S\u1eefa b\u1ed9t g\u1ea7y (ch\u1ee9a Lecithin t\u1eeb \u0111\u1eadu n\u00e0nh), Sodium Caseinate (Ch\u1ea5t d\u1eabn xu\u1ea5t t\u1eeb s\u1eefa), Ch\u1ea5t Nh\u0169 H\u00f3a (Ester c\u1ee7a Sucrose v\u1edbi c\u00e1c Ax\u00edt B\u00e9o (473), Lecithin \u0110\u1eadu n\u00e0nh (322), Mono v\u00e0 Diglycerid c\u1ee7a c\u00e1c ax\u00edt b\u00e9o (471)), Ch\u1ea5t l\u00e0m d\u00e0y (Methylcellulose (461), Propylene Glycol Alginate (405)), \u0110\u01b0\u1eddng, Protein \u0110\u1eadu n\u00e0nh ph\u00e2n l\u1eadp, Mu\u1ed1i, H\u01b0\u01a1ng t\u1ed5ng h\u1ee3p, M\u00e0u t\u1ed5ng h\u1ee3p (Beta Carotene (160a(i)))<\/p>\n<h3><strong>H\u01b0\u1edbng d\u1eabn s\u1eed d\u1ee5ng:<\/strong><\/h3>\n<p>\u2013 X\u1ea3 \u0111\u00f4ng trong t\u1ee7 l\u1ea1nh.<\/p>\n<p>\u2013\u00a0L\u1eafc \u0111\u1ec1u h\u1ed9p kem tr\u01b0\u1edbc khi m\u1edf.<\/p>\n<p>&#8211;\u00a0Cho nguy\u00ean li\u1ec7u v\u00e0o th\u1ed1 \u0111\u00e3 \u0111\u1ec3 l\u1ea1nh v\u00e0 kem l\u1ecfng kh\u00f4ng n\u00ean qu\u00e1 20% s\u1ee9c ch\u1ee9a c\u1ee7a th\u1ed1.<\/p>\n<p>&#8211; \u0110\u00e1nh m\u00e1y \u1edf t\u1ed1c \u0111\u1ed9 trung b\u00ecnh cho \u0111\u1ebfn khi s\u1ea3n ph\u1ea9m n\u1ed5i l\u00ean \u0111\u1ea1t \u0111\u01b0\u1ee3c \u0111\u1ed9 \u0111\u1ee9ng v\u1eeba \u00fd nh\u1ea5t v\u00e0 n\u01b0\u1edbc b\u00f3ng kh\u00f4ng c\u00f2n.<\/p>\n<p>&#8211; S\u1ea3n ph\u1ea9m \u0111\u00e3 \u0111\u00e1nh ph\u1ea3i b\u1ea3o qu\u1ea3n l\u1ea1nh ho\u1eb7c tr\u1eef \u0111\u00f4ng.<\/p>\n<h3><strong>B\u1ea3o qu\u1ea3n:<\/strong><\/h3>\n<p>\u2013 Tr\u1eef \u0111\u00f4ng \u1edf nhi\u1ec7t \u0111\u1ed9 -18<sup>o<\/sup>C<\/p>\n<p>&#8211;\u00a0\u0110\u00e3 x\u1ea3 \u0111\u00f4ng, ch\u01b0a m\u1edf h\u1ed9p v\u00e0 \u0111\u01b0\u1ee3c gi\u1eef trong t\u1ee7 m\u00e1t t\u1eeb 2- 7 \u0111\u1ed9 C trong 2 tu\u1ea7n.<\/p>\n<p>&#8211;\u00a0\u0110\u00e3 x\u1ea3 \u0111\u00f4ng, \u0111\u00e3 m\u1edf h\u1ed9p v\u00e0 \u0111\u01b0\u1ee3c gi\u1eef trong t\u1ee7 m\u00e1t t\u1eeb 2- 7 \u0111\u1ed9 C trong 1 tu\u1ea7n.<\/p>\n<p>\u2013\u00a0<em><strong>L<\/strong><\/em><em><strong>\u01b0u \u00fd<\/strong><\/em>: kh\u00f4ng t\u00e1i \u0111\u00f4ng s\u1ea3n ph\u1ea9m.<\/p>\n<p>&nbsp;<\/p>\n","protected":false},"excerpt":{"rendered":"<p>&#8211; <strong>Value pride Plus<\/strong> ch\u00ednh l\u00e0 b\u00ed quy\u1ebft \u0111\u1ec3 b\u1ea1n s\u00e1ng t\u1ea1o ra c\u00e1c s\u1ea3n ph\u1ea9m b\u00e1nh kem trang tr\u00ed c\u00f3 \u0111\u1ed9 b\u1ec1n cao d\u00e0nh t\u1eb7ng c\u00e1c kh\u00e1ch h\u00e0ng th\u00e2n y\u00eau c\u1ee7a m\u00ecnh,<\/p>\n<p>&#8211; Ho\u00e0n h\u1ea3o cho nh\u1eefng v\u00f9ng c\u00f3 kh\u00ed h\u1eadu n\u00f3ng \u1ea9m nhi\u1ec7t \u0111\u1edbi.<\/p>\n<p>&#8211; S\u1ea3n ph\u1ea9m v\u1edbi \u0111\u1ed9 b\u1ec1n cao ngay c\u1ea3 trong \u0111i\u1ec1u ki\u1ec7n nhi\u1ec7t \u0111\u1ed9 cao v\u00e0 trong m\u00f4i tr\u01b0\u1eddng h\u1ea1n ch\u1ebf m\u00e1y \u0111i\u1ec1u h\u00f2a.<\/p>\n","protected":false},"featured_media":1629,"comment_status":"open","ping_status":"closed","template":"","meta":[],"product_cat":[132,25,18],"product_tag":[119,120],"_links":{"self":[{"href":"https:\/\/demo.bmconnect.vn\/saoviet\/wp-json\/wp\/v2\/product\/1633"}],"collection":[{"href":"https:\/\/demo.bmconnect.vn\/saoviet\/wp-json\/wp\/v2\/product"}],"about":[{"href":"https:\/\/demo.bmconnect.vn\/saoviet\/wp-json\/wp\/v2\/types\/product"}],"replies":[{"embeddable":true,"href":"https:\/\/demo.bmconnect.vn\/saoviet\/wp-json\/wp\/v2\/comments?post=1633"}],"wp:featuredmedia":[{"embeddable":true,"href":"https:\/\/demo.bmconnect.vn\/saoviet\/wp-json\/wp\/v2\/media\/1629"}],"wp:attachment":[{"href":"https:\/\/demo.bmconnect.vn\/saoviet\/wp-json\/wp\/v2\/media?parent=1633"}],"wp:term":[{"taxonomy":"product_cat","embeddable":true,"href":"https:\/\/demo.bmconnect.vn\/saoviet\/wp-json\/wp\/v2\/product_cat?post=1633"},{"taxonomy":"product_tag","embeddable":true,"href":"https:\/\/demo.bmconnect.vn\/saoviet\/wp-json\/wp\/v2\/product_tag?post=1633"}],"curies":[{"name":"wp","href":"https:\/\/api.w.org\/{rel}","templated":true}]}}