{"id":1606,"date":"2017-11-16T09:25:20","date_gmt":"2017-11-16T02:25:20","guid":{"rendered":"https:\/\/demo.bmconnect.vn\/saoviet\/?post_type=product&#038;p=1606"},"modified":"2017-11-16T16:12:28","modified_gmt":"2017-11-16T09:12:28","slug":"kem-nhan-banh-bettercreme-richs","status":"publish","type":"product","link":"https:\/\/demo.bmconnect.vn\/saoviet\/product\/kem-nhan-banh-bettercreme-richs\/","title":{"rendered":"Kem nh\u00e2n b\u00e1nh bettercreme rich&#8217;s"},"content":{"rendered":"<h2><strong>Kem l\u00e0m nh\u00e2n b\u00e1nh bettercreme Rich&#8217;s<\/strong><\/h2>\n<h3><strong>\u0110\u1eb7c t\u00ednh n\u1ed5i b\u1eadt s\u1ea3n ph\u1ea9m:<\/strong><\/h3>\n<h4><strong>H\u01b0\u01a1ng v\u1ecb \u0111\u1eb7c tr\u01b0ng<\/strong><\/h4>\n<p>&#8211; S\u1ea3n ph\u1ea9m v\u1edbi h\u01b0\u01a1ng v\u1ecb b\u00e9o ng\u1eady \u0111\u1eb7c tr\u01b0ng c\u1ee7a kem s\u1eefa, tan nhanh trong mi\u1ec7ng.<\/p>\n<p>&#8211; <strong>Bettercreme\u00a0<\/strong>v\u1edbi \u01b0u th\u1ebf v\u01b0\u1ee3t tr\u1ed9i, v\u1eabn gi\u1eef \u0111\u01b0\u1ee3c h\u01b0\u01a1ng v\u1ecb tuy\u1ec7t v\u1eddi ngay c\u1ea3 khi l\u01b0u tr\u1eef \u1edf nhi\u1ec7t \u0111\u1ed9 ph\u00f2ng (25\u00b0c). Th\u00edch h\u1ee3p l\u00e0m nh\u00e2n b\u00e1nh m\u00ec v\u00e0 b\u00e1nh kem \u0111\u1ed3ng th\u1eddi trang tr\u00ed cho c\u00e1c lo\u1ea1i b\u00e1nh.<\/p>\n<p>&#8211; S\u1ea3n ph\u1ea9m c\u00f3 ngu\u1ed3n g\u1ed1c\u00a0t\u1eeb c\u00f4ng ngh\u1ec7 &#8220;Freeze flow&#8221;, \u0111i\u1ec1u \u0111\u00f3 gi\u00fap b\u00e1nh c\u00f3 th\u1ec3 s\u1eed d\u1ee5ng \u0111\u01b0\u1ee3c trong \u0111i\u1ec1u ki\u1ec7n nhi\u1ec7t \u0111\u1ed9 th\u01b0\u1eddng m\u00e0 kh\u00f4ng g\u00e2y nguy c\u01a1 ph\u00e1t sinh vi khu\u1ea9n. Do \u0111\u00f3, kem Bettercreme c\u1ee7a rich&#8217;s \u0111\u01b0\u1ee3c ch\u1ee9ng nh\u1eadn l\u00e0 r\u1ea5t an to\u00e0n khi s\u1eed d\u1ee5ng l\u00e0m nh\u00e2n cho b\u00e1nh m\u00ec v\u00e0 b\u00e1nh kem.<\/p>\n<h3><strong>Tr\u1ecdng l\u01b0\u1ee3ng:<\/strong><\/h3>\n<p>\u0110\u00f3ng h\u1ed9p 907gram.<\/p>\n<h3><strong>Xu\u1ea5t x\u1ee9:<\/strong><\/h3>\n<p>C\u00f4ng ngh\u1ec7 M\u1ef9 \u0111\u01b0\u1ee3c s\u1ea3n xu\u1ea5t t\u1ea1i Vi\u1ec7t Nam.<\/p>\n<h3><strong>Th\u00e0nh ph\u1ea7n:<\/strong><\/h3>\n<p>D\u1ea7u h\u1ea1t c\u1ecd \u0111\u00e3 hy\u0111r\u00f4 h\u00f3a m\u1ed9t ph\u1ea7n (ch\u1ee9a Lecithin \u0111\u1eadu n\u00e0nh), Syr\u00f4 b\u1eafp ch\u1ee9a h\u00e0m l\u01b0\u1ee3ng Fructose cao, N\u01b0\u1edbc, Syr\u00f4 b\u1eafp, S\u1eefa b\u1ed9t g\u1ea7y (ch\u1ee9a Lecithin t\u1eeb \u0111\u1eadu n\u00e0nh), Sodium Caseinate (Ch\u1ea5t d\u1eabn xu\u1ea5t t\u1eeb s\u1eefa), Ch\u1ea5t Nh\u0169 H\u00f3a (Ester c\u1ee7a Sucrose v\u1edbi c\u00e1c Ax\u00edt B\u00e9o (473), Lecithin \u0110\u1eadu n\u00e0nh (322), Mono v\u00e0 Diglycerid c\u1ee7a c\u00e1c ax\u00edt b\u00e9o (471)), Ch\u1ea5t l\u00e0m d\u00e0y (Methylcellulose (461), Propylene Glycol Alginate (405)), \u0110\u01b0\u1eddng, Protein \u0110\u1eadu n\u00e0nh ph\u00e2n l\u1eadp, Mu\u1ed1i, H\u01b0\u01a1ng t\u1ed5ng h\u1ee3p, M\u00e0u t\u1ed5ng h\u1ee3p (Beta Carotene (160a(i)))<\/p>\n<h3><strong>H\u01b0\u1edbng d\u1eabn s\u1eed d\u1ee5ng:<\/strong><\/h3>\n<p>\u2013 X\u1ea3 \u0111\u00f4ng trong t\u1ee7 l\u1ea1nh.<\/p>\n<p>\u2013\u00a0L\u1eafc \u0111\u1ec1u h\u1ed9p kem tr\u01b0\u1edbc khi m\u1edf.<\/p>\n<p>&#8211; C\u00f3 th\u1ec3 s\u1eed d\u1ee5ng ngay sau khi \u0111\u00e1nh n\u1ed5i l\u00ean. \u1ede nhi\u1ec7t \u0111\u1ed9 kh\u00e1c nhau, s\u1ea3n ph\u1ea9m v\u1eabn gi\u1eef \u0111\u01b0\u1ee3c \u0111\u1ed9 \u1ed5n \u0111\u1ecbnh.<\/p>\n<p>&#8211;\u00a0S\u1ea3n ph\u1ea9m kem \u0111\u00e3 \u0111\u00e1nh n\u1ed5i c\u00f3 th\u1ec3 l\u01b0u tr\u1eef \u1edf nhi\u1ec7t \u0111\u1ed9 ph\u00f2ng (25<sup>o<\/sup>C) v\u00e0 h\u1ea1n s\u1eed d\u1ee5ng ph\u1ee5 thu\u1ed9c v\u00e0o \u0111i\u1ec1u ki\u1ec7n v\u1ec7 sinh m\u00f4i tr\u01b0\u1eddng.<\/p>\n<p>&#8211;\u00a0M\u1eb7t kh\u00e1c khi s\u1eed d\u1ee5ng v\u1edbi b\u01a1 v\u00e0 magarine c\u1ea7n ph\u1ea3i cho th\u00eam \u0111\u01b0\u1eddng v\u00e0 c\u00e1c nguy\u00ean li\u1ec7u kh\u00e1c. H\u1ed7n h\u1ee3p kem b\u01a1 v\u00e0 magarine ch\u1ec9 c\u00f3 th\u1ec3 l\u01b0u tr\u1eef \u1edf nhi\u1ec7t \u0111\u1ed9 th\u01b0\u1eddng v\u00e0 kh\u00f4ng th\u1ec3 tr\u1eef l\u1ea1nh v\u00ec h\u1ed7n h\u1ee3p s\u1ebd tr\u1edf n\u00ean c\u1ee9ng v\u00e0 kh\u00f3 s\u1eed d\u1ee5ng.<\/p>\n<h3><strong>B\u1ea3o qu\u1ea3n:<\/strong><\/h3>\n<p>\u2013 Tr\u1eef \u0111\u00f4ng \u1edf nhi\u1ec7t \u0111\u1ed9 -18<sup>o<\/sup>C<\/p>\n<p>\u2013\u00a0<em><strong>L<\/strong><\/em><em><strong>\u01b0u \u00fd<\/strong><\/em>: kh\u00f4ng t\u00e1i \u0111\u00f4ng s\u1ea3n ph\u1ea9m.<\/p>\n<p>&nbsp;<\/p>\n","protected":false},"excerpt":{"rendered":"<p>Bettercreme rich&#8217;s \u0111\u01b0\u1ee3c \u01b0a chu\u1ed9ng \u0111\u1ec3 l\u00e0m nh\u00e2n b\u00e1nh v\u00ec c\u1ea5u tr\u00fac nh\u1eb9 nh\u00e0ng, \u0111\u1ed9 \u1ed5n \u0111\u1ecbnh cao, d\u1ec5 d\u00e0ng b\u1ea3o qu\u1ea3n trong nhi\u1ec7t \u0111\u1ed9 ph\u00f2ng (25\u00b0c) ph\u00f9 h\u1ee3p v\u1edbi nhi\u1ec1u \u1ee9ng d\u1ee5ng v\u00e0 d\u1ec5 s\u1eed d\u1ee5ng.<\/p>\n<p>&#8211; \u0110\u1ed1i v\u1edbi vi\u1ec7c ph\u1ee7 v\u00e0 ch\u00e0 l\u00e1ng, kem ph\u1ee7 nh\u1eb9 tr\u00ean b\u00e1nh kh\u00f4ng b\u1ecb n\u1ee9t n\u1ebb hay t\u00e1ch n\u01b0\u1edbc.<\/p>\n<p>&#8211; M\u1eddi b\u1ea1n d\u00f9ng th\u1eed s\u1ea3n ph\u1ea9m v\u00e0 c\u1ea3m nh\u1eadn s\u1ef1 kh\u00e1c bi\u1ec7t.<\/p>\n","protected":false},"featured_media":1607,"comment_status":"open","ping_status":"closed","template":"","meta":[],"product_cat":[132,25,18],"product_tag":[114,115],"_links":{"self":[{"href":"https:\/\/demo.bmconnect.vn\/saoviet\/wp-json\/wp\/v2\/product\/1606"}],"collection":[{"href":"https:\/\/demo.bmconnect.vn\/saoviet\/wp-json\/wp\/v2\/product"}],"about":[{"href":"https:\/\/demo.bmconnect.vn\/saoviet\/wp-json\/wp\/v2\/types\/product"}],"replies":[{"embeddable":true,"href":"https:\/\/demo.bmconnect.vn\/saoviet\/wp-json\/wp\/v2\/comments?post=1606"}],"wp:featuredmedia":[{"embeddable":true,"href":"https:\/\/demo.bmconnect.vn\/saoviet\/wp-json\/wp\/v2\/media\/1607"}],"wp:attachment":[{"href":"https:\/\/demo.bmconnect.vn\/saoviet\/wp-json\/wp\/v2\/media?parent=1606"}],"wp:term":[{"taxonomy":"product_cat","embeddable":true,"href":"https:\/\/demo.bmconnect.vn\/saoviet\/wp-json\/wp\/v2\/product_cat?post=1606"},{"taxonomy":"product_tag","embeddable":true,"href":"https:\/\/demo.bmconnect.vn\/saoviet\/wp-json\/wp\/v2\/product_tag?post=1606"}],"curies":[{"name":"wp","href":"https:\/\/api.w.org\/{rel}","templated":true}]}}