{"id":1502,"date":"2017-11-03T15:18:27","date_gmt":"2017-11-03T08:18:27","guid":{"rendered":"https:\/\/demo.bmconnect.vn\/saoviet\/?post_type=product&#038;p=1502"},"modified":"2017-12-20T13:31:35","modified_gmt":"2017-12-20T06:31:35","slug":"kem-niagara-farms-richs","status":"publish","type":"product","link":"https:\/\/demo.bmconnect.vn\/saoviet\/product\/kem-niagara-farms-richs\/","title":{"rendered":"Niagara farms rich&#8217;s"},"content":{"rendered":"<h2 class=\"product-title entry-title\"><strong>Niagara farms rich\u2019s<\/strong><\/h2>\n<h3><strong>\u0110\u1eb7c t\u00ednh n\u1ed5i b\u1eadt s\u1ea3n ph\u1ea9m:<\/strong><\/h3>\n<p>&#8211; \u0110\u1eadm \u0111\u00e0 h\u01b0\u01a1ng v\u1ecb kem s\u1eefa \u0111\u1ed9ng v\u1eadt b\u00e9o m\u1ecbn<\/p>\n<p>&#8211; \u00cdt ng\u1ecdt<\/p>\n<p>&#8211; \u0110\u1ed9 n\u1ed5i t\u1ed1t h\u01a1n v\u00e0 t\u00ednh \u1ed5n \u0111\u1ecbnh cao h\u01a1n so v\u1edbi c\u00e1c lo\u1ea1i kem trang tr\u00ed c\u00f3 ngu\u1ed3n g\u1ed1c t\u1eeb \u0111\u1ed9ng v\u1eadt kh\u00e1c<\/p>\n<p>&#8211; D\u1ec5 thao t\u00e1c h\u01a1n so v\u1edbi c\u00e1c lo\u1ea1i kem trang tr\u00ed c\u00f3 ngu\u1ed3n g\u1ed1c t\u1eeb \u0111\u1ed9ng v\u1eadt kh\u00e1c (kh\u00f4ng ph\u1ea3i lo l\u1eafng v\u1ec1 v\u1ea5n \u0111\u1ec1 kem \u0111\u00e1nh qu\u00e1 tay)<\/p>\n<h3><strong>Tr\u1ecdng l\u01b0\u1ee3ng<\/strong><\/h3>\n<p>\u0111\u00f3ng h\u1ed9p 1kg.<\/p>\n<h3><strong>Xu\u1ea5t x\u1ee9<\/strong><\/h3>\n<p>C\u00f4ng ngh\u1ec7 M\u1ef9 \u0111\u01b0\u1ee3c s\u1ea3n xu\u1ea5t t\u1ea1i Vi\u1ec7t Nam.<\/p>\n<h3><strong>C\u00f4ng d\u1ee5ng<\/strong><\/h3>\n<p>&#8211; Kem <strong>Niagara farms rich&#8217;s\u00a0<\/strong>\u0111\u01b0\u1ee3c \u01b0a chu\u1ed9ng s\u1eed d\u1ee5ng k\u1ebft h\u1ee3p c\u00f9ng kem <strong>soft blend richs (v\u1ecf h\u1ed3ng)\u00a0<\/strong>\u0111\u1ec3 t\u0103ng \u0111\u1ed9 b\u00e9o ng\u1eady h\u1ea5p d\u1eabn cho s\u1ea3n ph\u1ea9m.<\/p>\n<p>&#8211; \u1ee8ng d\u1ee5ng l\u00e0m kem b\u00e1nh b\u1eafp. ch\u00e0 l\u00e1ng, ph\u1ee7, l\u00e0m nh\u00e2n, trang tr\u00ed b\u00e1nh kem.<\/p>\n<figure id=\"attachment_2281\" aria-describedby=\"caption-attachment-2281\" style=\"width: 402px\" class=\"wp-caption alignright\"><img loading=\"lazy\" class=\" wp-image-2281\" src=\"https:\/\/demo.bmconnect.vn\/saoviet\/wp-content\/uploads\/2017\/11\/20770278_1440273396053542_8041898384989341317_n-1-300x225.jpg\" alt=\"ung-dung-banh-bap-kem-nia-garafarm-richs\" width=\"402\" height=\"301\" srcset=\"https:\/\/demo.bmconnect.vn\/saoviet\/wp-content\/uploads\/2017\/11\/20770278_1440273396053542_8041898384989341317_n-1-300x225.jpg 300w, https:\/\/demo.bmconnect.vn\/saoviet\/wp-content\/uploads\/2017\/11\/20770278_1440273396053542_8041898384989341317_n-1-600x450.jpg 600w, https:\/\/demo.bmconnect.vn\/saoviet\/wp-content\/uploads\/2017\/11\/20770278_1440273396053542_8041898384989341317_n-1-768x576.jpg 768w, https:\/\/demo.bmconnect.vn\/saoviet\/wp-content\/uploads\/2017\/11\/20770278_1440273396053542_8041898384989341317_n-1.jpg 800w\" sizes=\"(max-width: 402px) 100vw, 402px\" \/><figcaption id=\"caption-attachment-2281\" class=\"wp-caption-text\">ung-dung-banh-bap-kem-nia-garafarm-richs<\/figcaption><\/figure>\n<h3><strong>Th\u00e0nh ph\u1ea7n<\/strong><\/h3>\n<p>N\u01b0\u1edbc, Sir\u00f4 b\u1eafp, D\u1ea7u h\u1ea1t c\u1ecd \u0111\u00e3 Hy\u0111r\u00f4 h\u00f3a m\u1ed9t ph\u1ea7n (ch\u1ee9a Lecithine \u0111\u1eadu n\u00e0nh), D\u1ea7u b\u01a1 khan (ch\u1ee9a s\u1eefa v\u00e0 \u0111\u1eadu n\u00e0nh), *Ch\u1ea5t d\u1eabn xu\u1ea5t t\u1eeb s\u1eefa (Sodium caseinate), Ch\u1ea5t nh\u0169 h\u00f3a (Sodium Stearoyl Lactylate (481(i)), Polyoxyethylen (20) sorbitan monostearat (435), Mono and diglycerid c\u1ee7a c\u00e1c axit b\u00e9o (471), Polyglycerol Esters of Fatty Acids (475), Sorbitan Monostearate (491)), Ch\u1ea5t \u1ed5n \u0111\u1ecbnh (Hydroxypropylmethyl Cellulose (464), Xathan Gum (415), Guar Gum (412), Gellan Gum (418)), Ch\u1ea5t \u0111i\u1ec1u ch\u1ec9nh \u0111\u1ed9 ax\u00edt (Dipotassium Orthophosphate (340(ii))), H\u01b0\u01a1ng nh\u00e2n t\u1ea1o (ch\u1ee9a tr\u1ee9ng v\u00e0 s\u1eefa), M\u00e0u nh\u00e2n t\u1ea1o (Beta Carotene (160a(i)), Mu\u1ed1i.<\/p>\n<p><em>*Kh\u00f4ng ph\u1ea3i l\u00e0 ngu\u1ed3n cung c\u1ea5p lactose.<\/em><\/p>\n<h3><strong>H\u01b0\u1edbng d\u1eabn s\u1eed d\u1ee5ng<\/strong><\/h3>\n<p>\u2013 X\u1ea3 \u0111\u00f4ng trong t\u1ee7 l\u1ea1nh.<\/p>\n<p>\u2013 L\u1eafc \u0111\u1ec1u h\u1ed9p ch\u1ee9a kem tr\u01b0\u1edbc khi m\u1edf h\u1ed9p. \u0110\u1ed5 kem l\u1ecfng c\u00f2n d\u0103m \u0111\u00e1 v\u00e0o th\u1ed1 l\u1ea1nh.<\/p>\n<p>\u2013 \u0110\u00e1nh kem v\u1edbi t\u1ed1c \u0111\u1ed9 trung b\u00ecnh \u1edf nhi\u1ec7t \u0111\u1ed9 t\u1eeb 4<sup>o<\/sup>C \u0111\u1ebfn 7<sup>o<\/sup>C cho \u0111\u1ebfn khi kem \u0111\u1ea1t \u0111\u1ed9 m\u1ecbn v\u1eeba \u00fd.<\/p>\n<p><strong>B\u1ea3o qu\u1ea3n:<\/strong><\/p>\n<p>\u2013 Tr\u1eef \u0111\u00f4ng \u1edf nhi\u1ec7t \u0111\u1ed9 -18<sup>o<\/sup>C<\/p>\n<p>\u2013\u00a0<em><strong>L<\/strong><\/em><em><strong>\u01b0u \u00fd<\/strong><\/em>: kh\u00f4ng t\u00e1i \u0111\u00f4ng s\u1ea3n ph\u1ea9m.<\/p>\n<p><iframe loading=\"lazy\" width=\"1020\" height=\"574\" src=\"https:\/\/www.youtube.com\/embed\/HB6fBPdzprM?start=8&#038;feature=oembed\" frameborder=\"0\" gesture=\"media\" allow=\"encrypted-media\" allowfullscreen><\/iframe><\/p>\n","protected":false},"excerpt":{"rendered":"<p>&#8211; Kem l\u00e0m b\u00e1nh cao c\u1ea5p <strong>Niagara farms rich&#8217;s<\/strong> l\u00e0 kem trang tr\u00ed b\u00e1nh c\u00f3 pha tr\u1ed9n th\u00e0nh ph\u1ea7n kem s\u1eefa \u0111\u1ed9ng v\u1eadt \u0111\u1ea7u ti\u00ean t\u1ea1i Vi\u1ec7t Nam.<\/p>\n<p>&#8211; <strong>Niagara farms d\u00f9ng<\/strong>\u00a0\u0111\u1ec3 ph\u1ee7, trang tr\u00ed b\u00e1nh ho\u1eb7c d\u00f9ng l\u00e0m b\u00e1nh Mousse.<\/p>\n","protected":false},"featured_media":1588,"comment_status":"open","ping_status":"closed","template":"","meta":[],"product_cat":[132,25,18],"product_tag":[345,99,98],"_links":{"self":[{"href":"https:\/\/demo.bmconnect.vn\/saoviet\/wp-json\/wp\/v2\/product\/1502"}],"collection":[{"href":"https:\/\/demo.bmconnect.vn\/saoviet\/wp-json\/wp\/v2\/product"}],"about":[{"href":"https:\/\/demo.bmconnect.vn\/saoviet\/wp-json\/wp\/v2\/types\/product"}],"replies":[{"embeddable":true,"href":"https:\/\/demo.bmconnect.vn\/saoviet\/wp-json\/wp\/v2\/comments?post=1502"}],"wp:featuredmedia":[{"embeddable":true,"href":"https:\/\/demo.bmconnect.vn\/saoviet\/wp-json\/wp\/v2\/media\/1588"}],"wp:attachment":[{"href":"https:\/\/demo.bmconnect.vn\/saoviet\/wp-json\/wp\/v2\/media?parent=1502"}],"wp:term":[{"taxonomy":"product_cat","embeddable":true,"href":"https:\/\/demo.bmconnect.vn\/saoviet\/wp-json\/wp\/v2\/product_cat?post=1502"},{"taxonomy":"product_tag","embeddable":true,"href":"https:\/\/demo.bmconnect.vn\/saoviet\/wp-json\/wp\/v2\/product_tag?post=1502"}],"curies":[{"name":"wp","href":"https:\/\/api.w.org\/{rel}","templated":true}]}}