{"id":1498,"date":"2017-11-03T15:09:29","date_gmt":"2017-11-03T08:09:29","guid":{"rendered":"https:\/\/demo.bmconnect.vn\/saoviet\/?post_type=product&#038;p=1498"},"modified":"2017-12-20T14:07:02","modified_gmt":"2017-12-20T07:07:02","slug":"kem-whip-topping-chocolate-richs","status":"publish","type":"product","link":"https:\/\/demo.bmconnect.vn\/saoviet\/product\/kem-whip-topping-chocolate-richs\/","title":{"rendered":"Kem whip topping chocolate rich&#8217;s"},"content":{"rendered":"<h2><strong>Kem trang tr\u00ed topping chocolate rich&#8217;s<\/strong><\/h2>\n<h3><strong>\u0110\u1eb7c t\u00ednh n\u1ed5i b\u1eadt s\u1ea3n ph\u1ea9m:<\/strong><\/h3>\n<h4><b>H\u01b0\u01a1ng v\u1ecb<\/b><\/h4>\n<p>H\u01b0\u01a1ng v\u1ecb \u00a0\u0111\u1eadm \u0111\u00e0 c\u1ee7a socola, tan ch\u1ea3y s\u1ebd l\u00f4i cu\u1ed1n c\u00e1c gi\u00e1c quan c\u1ee7a b\u1ea1n.<\/p>\n<h4><strong>Ti\u1ec7n l\u1ee3i<\/strong><\/h4>\n<p>Ch\u1ec9 c\u1ea7n\u00a0x\u1ea3 \u0111\u00f4ng v\u00e0 \u0111\u00e1nh kem: Kem r\u1ea5t d\u1ec5 thao t\u00e1c n\u00ean ti\u1ebft ki\u1ec7m th\u1eddi gian m\u00e0 v\u1eabn \u0111\u1ea1t ch\u1ea5t l\u01b0\u1ee3ng v\u00e0 \u0111\u1ed9 \u1ed5n \u0111\u1ecbnh cao.<\/p>\n<h4><strong>\u0110a n\u0103ng<\/strong><\/h4>\n<p><strong>Topping chocolate rich&#8217;s\u00a0<\/strong>\u1ee9ng d\u1ee5ng \u0111a d\u1ea1ng, ph\u00f9 h\u1ee3p d\u00f9ng \u0111\u1ec3 trang tr\u00ed, ch\u00e0 l\u00e1ng hay l\u00e0m nh\u00e2n b\u00e1nh ng\u1ecdt, c\u00e1c th\u1ee9c u\u1ed1ng, m\u00f3n tr\u00e1ng mi\u1ec7ng.\u00a0Ch\u1ec9 \u0111\u01a1n gi\u1ea3n trang tr\u00ed b\u00f4ng kem l\u00ean tr\u00ean c\u00e1c m\u00f3n tr\u00e1ng mi\u1ec7ng hay th\u1ee9c u\u1ed1ng, b\u1ea1n \u0111\u00e3 t\u1ea1o n\u00ean s\u1ef1 h\u1ea5p d\u1eabn v\u00e0 ngon mi\u1ec7ng cho kh\u00e1ch h\u00e0ng (\u0111\u1eb7c bi\u1ec7t l\u00e0 nh\u1eefng th\u1ef1c kh\u00e1ch y\u00eau m\u1ebfn h\u01b0\u01a1ng v\u1ecb socola)..<\/p>\n<h3><strong>Tr\u1ecdng l\u01b0\u1ee3ng:<\/strong><\/h3>\n<p>\u0110\u00f3ng h\u1ed9p 907gram.<\/p>\n<h3><strong>Xu\u1ea5t x\u1ee9:<\/strong><\/h3>\n<p>C\u00f4ng ngh\u1ec7 M\u1ef9 \u0111\u01b0\u1ee3c s\u1ea3n xu\u1ea5t t\u1ea1i Vi\u1ec7t Nam.<\/p>\n<h3><strong>Th\u00e0nh ph\u1ea7n:<\/strong><\/h3>\n<p>N\u01b0\u1edbc, \u0110\u01b0\u1eddng, D\u1ea7u H\u1ea1t C\u1ecd \u0110\u00e3 Hydr\u00f4 H\u00f3a M\u1ed9t Ph\u1ea7n (Ch\u1ee9a Lecithin T\u1eeb \u0110\u1eadu N\u00e0nh), Cacao \u0110\u00e3 X\u1eed L\u00fd Ki\u1ec1m H\u00f3a, *Ch\u1ea5t D\u1eabn Xu\u1ea5t T\u1eeb S\u1eefa (Sodium Caseinate), Ch\u1ea5t Nh\u0169 H\u00f3a (Polyoxyethylen (20) Sorbitan Monostearat (435), Este C\u1ee7a Polyglycerol V\u1edbi Acid B\u00e9o (475)), Ch\u1ea5t L\u00e0m D\u00e0y (Hydroxypropylmethyl Cellulose (464), Xanthan Gum (415)), Mu\u1ed1i, H\u01b0\u01a1ng T\u1ed5ng H\u1ee3p, M\u00e0u T\u1ed5ng H\u1ee3p (Allura Red (129), Tartrazine (102), Brilliant Blue (133)).<\/p>\n<p><em>*Kh\u00f4ng ph\u1ea3i l\u00e0 ngu\u1ed3n cung c\u1ea5p Lactose<\/em><\/p>\n<h3><strong>H\u01b0\u1edbng d\u1eabn s\u1eed d\u1ee5ng:<\/strong><\/h3>\n<p>\u2013 X\u1ea3 \u0111\u00f4ng trong t\u1ee7 l\u1ea1nh.<\/p>\n<p>&#8211;\u00a0L\u1eafc \u0111\u1ec1u h\u1ed9p kem tr\u01b0\u1edbc khi m\u1edf.<\/p>\n<p>&#8211;\u00a0\u0110\u1ed5 kem l\u1ecfng v\u00e0o th\u1ed1 l\u1ea1nh kh\u00f4ng qu\u00e1 20% dung t\u00edch c\u1ee7a th\u1ed1.<\/p>\n<p>&#8211;\u00a0\u0110\u00e1nh kem \u1edf t\u1ed1c \u0111\u1ed9 trung b\u00ecnh cho \u0111\u1ebfn khi kem tr\u1edf n\u00ean d\u00e0y, \u0111\u1ea1t \u0111\u1ed9 \u0111\u1ee9ng, m\u1ecbn v\u00e0 n\u01b0\u1edbc l\u00e1ng tr\u00ean m\u1eb7t kem kh\u00f4ng c\u00f2n.<\/p>\n<h3><strong>B\u1ea3o qu\u1ea3n:<\/strong><\/h3>\n<p>\u2013 Tr\u1eef \u0111\u00f4ng \u1edf nhi\u1ec7t \u0111\u1ed9 -18<sup>o<\/sup>C<\/p>\n<p>\u2013\u00a0<em><strong>L<\/strong><\/em><em><strong>\u01b0u \u00fd<\/strong><\/em>: kh\u00f4ng t\u00e1i \u0111\u00f4ng s\u1ea3n ph\u1ea9m.<\/p>\n","protected":false},"excerpt":{"rendered":"<p><strong>Kem whip topping chocolate rich&#8217;s<\/strong> l\u00e0 m\u1ed9t lo\u1ea1i kem trang tr\u00ed pha s\u1eb5n s\u00f4 c\u00f4 la, mang \u0111\u1ebfn h\u01b0\u01a1ng v\u1ecb s\u00f4 c\u00f4 la h\u1ea5p d\u1eabn, v\u1edbi \u0111\u1ed9 \u1ed5n \u0111\u1ecbnh cao v\u00e0 ch\u1ea5t l\u01b0\u1ee3ng \u0111\u1ed3ng \u0111\u1ec1u.<\/p>\n<p>&#8211; <strong>Topping chocolate<\/strong> gi\u00fap b\u1ea1n tr\u00e1nh t\u1ea5t c\u1ea3 nh\u1eefng phi\u1ec1n to\u00e1i khi b\u1ea1n t\u1ef1 l\u00e0m kem trang tr\u00ed s\u00f4 c\u00f4 la.<\/p>\n<p>&#8211; Gi\u00fap b\u1ea1n ti\u1ebft ki\u1ec7m th\u1eddi gian, c\u00f4ng s\u1ee9c m\u00e0 v\u1eabn \u0111em l\u1ea1i hi\u1ec7u qu\u1ea3 kinh t\u1ebf cao.<\/p>\n","protected":false},"featured_media":1605,"comment_status":"open","ping_status":"closed","template":"","meta":[],"product_cat":[132,201,25,18,77],"product_tag":[110,113,111,112],"_links":{"self":[{"href":"https:\/\/demo.bmconnect.vn\/saoviet\/wp-json\/wp\/v2\/product\/1498"}],"collection":[{"href":"https:\/\/demo.bmconnect.vn\/saoviet\/wp-json\/wp\/v2\/product"}],"about":[{"href":"https:\/\/demo.bmconnect.vn\/saoviet\/wp-json\/wp\/v2\/types\/product"}],"replies":[{"embeddable":true,"href":"https:\/\/demo.bmconnect.vn\/saoviet\/wp-json\/wp\/v2\/comments?post=1498"}],"wp:featuredmedia":[{"embeddable":true,"href":"https:\/\/demo.bmconnect.vn\/saoviet\/wp-json\/wp\/v2\/media\/1605"}],"wp:attachment":[{"href":"https:\/\/demo.bmconnect.vn\/saoviet\/wp-json\/wp\/v2\/media?parent=1498"}],"wp:term":[{"taxonomy":"product_cat","embeddable":true,"href":"https:\/\/demo.bmconnect.vn\/saoviet\/wp-json\/wp\/v2\/product_cat?post=1498"},{"taxonomy":"product_tag","embeddable":true,"href":"https:\/\/demo.bmconnect.vn\/saoviet\/wp-json\/wp\/v2\/product_tag?post=1498"}],"curies":[{"name":"wp","href":"https:\/\/api.w.org\/{rel}","templated":true}]}}