{"id":1494,"date":"2017-11-03T15:02:32","date_gmt":"2017-11-03T08:02:32","guid":{"rendered":"https:\/\/demo.bmconnect.vn\/saoviet\/?post_type=product&#038;p=1494"},"modified":"2017-11-20T16:57:33","modified_gmt":"2017-11-20T09:57:33","slug":"kem-beo-richs-lun-non-dairy-creamer","status":"publish","type":"product","link":"https:\/\/demo.bmconnect.vn\/saoviet\/product\/kem-beo-richs-lun-non-dairy-creamer\/","title":{"rendered":"Kem b\u00e9o rich&#8217;s non dairy Creamer"},"content":{"rendered":"<h2><strong>Kem b\u00e9o rich&#8217;s non dairy Creamer (NDC)<\/strong><\/h2>\n<figure id=\"attachment_1642\" aria-describedby=\"caption-attachment-1642\" style=\"width: 225px\" class=\"wp-caption alignright\"><img loading=\"lazy\" class=\"size-medium wp-image-1642\" src=\"https:\/\/demo.bmconnect.vn\/saoviet\/wp-content\/uploads\/2017\/11\/CORN-ICEBLENDED-225x300.jpg\" alt=\"rich-lun-pha-che\" width=\"225\" height=\"300\" srcset=\"https:\/\/demo.bmconnect.vn\/saoviet\/wp-content\/uploads\/2017\/11\/CORN-ICEBLENDED-225x300.jpg 225w, https:\/\/demo.bmconnect.vn\/saoviet\/wp-content\/uploads\/2017\/11\/CORN-ICEBLENDED.jpg 600w\" sizes=\"(max-width: 225px) 100vw, 225px\" \/><figcaption id=\"caption-attachment-1642\" class=\"wp-caption-text\">rich-lun-pha-che<\/figcaption><\/figure>\n<h3><strong>\u0110\u1eb7c t\u00ednh n\u1ed5i b\u1eadt s\u1ea3n ph\u1ea9m:<\/strong><\/h3>\n<p><strong>H\u01b0\u01a1ng v\u1ecb:<\/strong><\/p>\n<p>&#8211; H\u01b0\u01a1ng v\u1ecb kem vani \u0111\u1eb7c tr\u01b0ng.<\/p>\n<p>&#8211; \u0110\u1ed9 tan t\u1ed1t, kem nhuy\u1ec5n, ng\u1eady v\u00e0 b\u00e9o m\u1ecbn.<\/p>\n<p><strong>M\u00e0u s\u1eafc:<\/strong><\/p>\n<p>M\u00e0u tr\u1eafng pha v\u00e0ng nh\u1eb9.<\/p>\n<h3><strong>\u01afu \u0111i\u1ec3m:<\/strong><\/h3>\n<p>&#8211; \u1ee8ng d\u1ee5ng linh ho\u1ea1t trong pha ch\u1ebf v\u00e0 l\u00e0m b\u00e1nh<\/p>\n<p>&#8211; H\u1ed9p nh\u1ecf ti\u1ec7n l\u1ee3i, d\u1ec5 s\u1eed d\u1ee5ng v\u00e0 b\u1ea3o qu\u1ea3n.<\/p>\n<p>&#8211; \u0110\u1ed9 \u1ed5n \u0111\u1ecbnh t\u1ed1t, kh\u00f3 b\u1ecb ph\u00e2n h\u1ee7y \u1edf nhi\u1ec7t \u0111\u1ed9 cao.<\/p>\n<p>&#8211; H\u01b0\u01a1ng v\u1ecb th\u01a1m ngon b\u00e9o ng\u1eady, t\u0103ng c\u01b0\u1eddng h\u1ea5p d\u1eabn cho m\u00f3n b\u00e1nh, \u0111\u1ed3 u\u1ed1ng c\u1ee7a b\u1ea1n.<\/p>\n<h3><strong>Tr\u1ecdng l\u01b0\u1ee3ng:<\/strong><\/h3>\n<p>\u0110\u00f3ng h\u1ed9p: 454gram.<\/p>\n<h3><strong>Xu\u1ea5t x\u1ee9:<\/strong><\/h3>\n<p>C\u00f4ng ngh\u1ec7 M\u1ef9 \u0111\u01b0\u1ee3c s\u1ea3n xu\u1ea5t t\u1ea1i Vi\u1ec7t Nam.<\/p>\n<h3><strong>Th\u00e0nh ph\u1ea7n:<\/strong><\/h3>\n<p>N\u01b0\u1edbc, Xi-r\u00f4 b\u1eafp, D\u1ea7u c\u1ecd \u0111\u00e3 hydro h\u00f3a ho\u00e0n to\u00e0n, Sodium Caseinate (m\u1ed9t d\u1eabn xu\u1ea5t t\u1eeb s\u1eefa), Mono v\u00e0 diglycerides, h\u01b0\u01a1ng t\u1ed5ng h\u1ee3p, Dipotassium phosphate, mu\u1ed1i, Sodium Stearoyl Lactylate, Guar gum, Polysorbate 60, Sodium acid pyrophosphate, M\u00e0u (beta carotene)<\/p>\n<h3><strong>H\u01b0\u1edbng d\u1eabn s\u1eed d\u1ee5ng:<\/strong><\/h3>\n<p>\u2013 X\u1ea3 \u0111\u00f4ng trong t\u1ee7 l\u1ea1nh.<\/p>\n<p>\u2013 L\u1eafc \u0111\u1ec1u h\u1ed9p tr\u01b0\u1edbc khi m\u1edf.<\/p>\n<p>C\u00f4ng ty Ong V\u00e0ng m\u00e1ch b\u1ea1n c\u00e1ch c\u00f4ng th\u1ee9c pha tr\u00e0 s\u1eefa t\u1eeb <strong>kem b\u00e9o rich&#8217;s l\u00f9n<\/strong> nh\u00e9:<\/p>\n<p>&nbsp;<\/p>\n<p><iframe loading=\"lazy\" width=\"1020\" height=\"574\" src=\"https:\/\/www.youtube.com\/embed\/g7oxerQZuuk?feature=oembed\" frameborder=\"0\" gesture=\"media\" allowfullscreen><\/iframe><\/p>\n<h3><strong>B\u1ea3o qu\u1ea3n:<\/strong><\/h3>\n<p>\u2013 Tr\u1eef \u0111\u00f4ng \u1edf nhi\u1ec7t \u0111\u1ed9 -18<sup>o<\/sup>C<\/p>\n<p>\u2013\u00a0<em><strong>L<\/strong><\/em><em><strong>\u01b0u \u00fd<\/strong><\/em>: kh\u00f4ng t\u00e1i \u0111\u00f4ng s\u1ea3n ph\u1ea9m.<\/p>\n","protected":false},"excerpt":{"rendered":"<p><strong>Kem b\u00e9o rich&#8217;s l\u00f9n (NDC)\u00a0<\/strong>r\u1ea5t \u0111a n\u0103ng linh ho\u1ea1t \u1ee9ng d\u1ee5ng trong pha ch\u1ebf v\u00e0 l\u00e0m b\u00e1nh.<\/p>\n<p>&#8211; <strong>NDC <\/strong>d\u00f9ng nh\u01b0 s\u1eefa \u0111\u1ec3 pha ch\u1ebf c\u00e0 ph\u00ea, tr\u00e0 s\u1eefa v\u00e0 c\u00e1c lo\u1ea1i th\u1ee9c u\u1ed1ng l\u1ea1nh.<\/p>\n<p>&#8211; D\u00f9ng \u0111\u1ec3 l\u00e0m c\u00e1c lo\u1ea1i ch\u00e8 th\u1eadp c\u1ea9m; d\u00f9ng \u0111\u1ec3 n\u1ea5u c\u00e1c lo\u1ea1i s\u00fap v\u00e0 n\u01b0\u1edbc s\u1ed1t nhuy\u1ec5n v\u00e0 m\u1ecbn.<\/p>\n<p>&#8211; D\u00f9ng \u0111\u1ec3 l\u00e0m c\u00e1c m\u00f3n tr\u00e1ng mi\u1ec7ng nh\u01b0 b\u00e1nh flan v\u00e0 pudding m\u1ec1m m\u1ecbn, th\u01a1m ngon.<\/p>\n","protected":false},"featured_media":1592,"comment_status":"open","ping_status":"closed","template":"","meta":[],"product_cat":[132,201,25,18,77],"product_tag":[104,102,105,103],"_links":{"self":[{"href":"https:\/\/demo.bmconnect.vn\/saoviet\/wp-json\/wp\/v2\/product\/1494"}],"collection":[{"href":"https:\/\/demo.bmconnect.vn\/saoviet\/wp-json\/wp\/v2\/product"}],"about":[{"href":"https:\/\/demo.bmconnect.vn\/saoviet\/wp-json\/wp\/v2\/types\/product"}],"replies":[{"embeddable":true,"href":"https:\/\/demo.bmconnect.vn\/saoviet\/wp-json\/wp\/v2\/comments?post=1494"}],"wp:featuredmedia":[{"embeddable":true,"href":"https:\/\/demo.bmconnect.vn\/saoviet\/wp-json\/wp\/v2\/media\/1592"}],"wp:attachment":[{"href":"https:\/\/demo.bmconnect.vn\/saoviet\/wp-json\/wp\/v2\/media?parent=1494"}],"wp:term":[{"taxonomy":"product_cat","embeddable":true,"href":"https:\/\/demo.bmconnect.vn\/saoviet\/wp-json\/wp\/v2\/product_cat?post=1494"},{"taxonomy":"product_tag","embeddable":true,"href":"https:\/\/demo.bmconnect.vn\/saoviet\/wp-json\/wp\/v2\/product_tag?post=1494"}],"curies":[{"name":"wp","href":"https:\/\/api.w.org\/{rel}","templated":true}]}}