{"id":130,"date":"2018-06-15T23:44:20","date_gmt":"2018-06-15T16:44:20","guid":{"rendered":"https:\/\/demo.bmconnect.vn\/salecar2\/?post_type=product&#038;p=130"},"modified":"2018-06-16T09:46:15","modified_gmt":"2018-06-16T02:46:15","slug":"29c-56789-boc-noi-that-xe-tri-ton","status":"publish","type":"product","link":"https:\/\/demo.bmconnect.vn\/salecar2\/san-pham\/29c-56789-boc-noi-that-xe-tri-ton\/","title":{"rendered":"29c-56789 b\u1ecdc n\u1ed9i th\u1ea5t xe tr\u00ed t\u00f4n"},"content":{"rendered":"<p>N\u1ed8I TH\u1ea4T \u00d4 T\u00d4 VI\u1ec6T THANH<\/p>\n<p>CHUY\u00caN \u0110\u1ed8 \u0110\u1ed4I M\u00c0U N\u1ed8I TH\u1ea4T \u00d4 T\u00d4 CHUY\u00caN NGHI\u1ec6P<\/p>\n<p>???? B\u1ea0N KH\u00d4NG TH\u00cdCH N\u1ed8I TH\u1ea4T THEO XE B\u1ea0N C\u1ea6N 1 b\u1ed9 n\u1ed9i th\u1ea5t kh\u00e1c bi\u1ec7t theo \u00fd th\u00edch ho\u1eb7c theo phong th\u1ee7y h\u00e3y \u0111\u1ebfn v\u1edbi n\u1ed9i th\u1ea5t \u00f4 t\u00f4 VI\u1ec6T THANH gi\u00fap b\u1ea1n thi\u1ebft k\u1ebf n\u1ed9i th\u1ea5t cho xe b\u1ea1n<\/p>\n<p>???? CHUY\u00caN MAY GH\u1ebe DA CHO C\u00c1C D\u00d2NG XE THI\u1ebeT K\u1ebe CHUY\u00caN NGHI\u1ec6P<\/p>\n<p>???? ch\u1ea5t li\u1ec7u gi\u1ea3 da v\u00e0 da c\u00f4ng nghi\u1ec7p<\/p>\n<p>\u0110\u1eb7t bi\u1ec7t da b\u00f2 nh\u1eadp \u00fd b\u1ea3o h\u00e0nh 10 n\u0103m<\/p>\n<p>???? TH\u1ea2M L\u00d3T S\u00c0N 6D -7D cao c\u1ea5p theo fom xe<\/p>\n<p>???? D\u00c1N TR\u1ea6N 7D phong c\u00e1ch m\u1edbi<\/p>\n<p>???? d\u00e1n ch\u1ed1ng \u1ed3n c\u00e1ch \u00e2m m\u1edbi<\/p>\n<p>???? l\u00e0m tr\u1ea7n sao nh\u00e2n t\u1ea1o cho xe \u00f4 t\u00f4 v\u1edbi thi\u1ebft k\u1ebf m\u1edbi<\/p>\n<p>???? s\u01a1n l\u1ea1i nh\u1ef1a n\u1ed9i th\u1ea5t xe chuy\u1ec3n m\u00e0u n\u1ed9i th\u1ea5t<\/p>\n<p>???? kh\u00e2u v\u00f4 n\u0103ng da v\u00e0 l\u00e0m v\u00e2n g\u1ed7 cho t\u1ea5t c\u1ea3 c\u00e1c d\u00f2ng xe<\/p>\n<p>???? d\u00e1n taplo cho xe b\u1ecb l\u00e3o ho\u00e1 ho\u1eb7c mu\u1ed1n \u0111\u1ed5i m\u00e0u da hay d\u00e1n da taplo cho c\u00e1c d\u00f2ng xe taplo b\u1eb1ng nh\u1ef1a th\u00eam ph\u1ea7n sang tr\u1ecdng<\/p>\n<p>\u2734 b\u1ea1n c\u1ea7n t\u01b0 v\u1ea5n cho c\u00e1c h\u1ea1ng m\u1ee5c<\/p>\n<p>\u260e0988792189-0982599911 vi\u1ec7t thanh<\/p>\n<p>www.vietthanhauto.vn<\/p>\n","protected":false},"excerpt":{"rendered":"<p>&#8211; L\u00e0m tr\u1ea7n sao nh\u00e2n t\u1ea1o cho xe \u00f4 t\u00f4 v\u1edbi thi\u1ebft k\u1ebf m\u1edbi<\/p>\n<p>&#8211; S\u01a1n l\u1ea1i nh\u1ef1a n\u1ed9i th\u1ea5t xe chuy\u1ec3n m\u00e0u n\u1ed9i th\u1ea5t<\/p>\n<p>&#8211; Kh\u00e2u v\u00f4 n\u0103ng da v\u00e0 l\u00e0m v\u00e2n g\u1ed7 cho t\u1ea5t c\u1ea3 c\u00e1c d\u00f2ng xe<\/p>\n","protected":false},"featured_media":148,"comment_status":"open","ping_status":"closed","template":"","meta":[],"product_cat":[18,19],"product_tag":[20],"_links":{"self":[{"href":"https:\/\/demo.bmconnect.vn\/salecar2\/wp-json\/wp\/v2\/product\/130"}],"collection":[{"href":"https:\/\/demo.bmconnect.vn\/salecar2\/wp-json\/wp\/v2\/product"}],"about":[{"href":"https:\/\/demo.bmconnect.vn\/salecar2\/wp-json\/wp\/v2\/types\/product"}],"replies":[{"embeddable":true,"href":"https:\/\/demo.bmconnect.vn\/salecar2\/wp-json\/wp\/v2\/comments?post=130"}],"wp:featuredmedia":[{"embeddable":true,"href":"https:\/\/demo.bmconnect.vn\/salecar2\/wp-json\/wp\/v2\/media\/148"}],"wp:attachment":[{"href":"https:\/\/demo.bmconnect.vn\/salecar2\/wp-json\/wp\/v2\/media?parent=130"}],"wp:term":[{"taxonomy":"product_cat","embeddable":true,"href":"https:\/\/demo.bmconnect.vn\/salecar2\/wp-json\/wp\/v2\/product_cat?post=130"},{"taxonomy":"product_tag","embeddable":true,"href":"https:\/\/demo.bmconnect.vn\/salecar2\/wp-json\/wp\/v2\/product_tag?post=130"}],"curies":[{"name":"wp","href":"https:\/\/api.w.org\/{rel}","templated":true}]}}