{"id":304,"date":"2018-01-31T15:53:47","date_gmt":"2018-01-31T08:53:47","guid":{"rendered":"https:\/\/demo.bmconnect.vn\/salecar\/?post_type=product&#038;p=304"},"modified":"2018-01-31T15:53:47","modified_gmt":"2018-01-31T08:53:47","slug":"boc-ghe-da-honda-city","status":"publish","type":"product","link":"https:\/\/demo.bmconnect.vn\/salecar\/san-pham\/boc-ghe-da-honda-city\/","title":{"rendered":"B\u1eccC GH\u1ebe DA HONDA CITY"},"content":{"rendered":"<p>Honda City l\u00e0 m\u1ed9t m\u1eabu xe Sedan h\u1ea1ng B c\u1ee1 nh\u1ecf v\u1edbi ki\u1ec3u d\u00e1ng th\u1ec3 thao \u0111\u01b0\u1ee3c nhi\u1ec1u ng\u01b0\u1eddi \u01b0a chu\u1ed9ng b\u1edfi n\u00f3 ph\u00f9 h\u1ee3p c\u1ea3 nam l\u1eabn n\u1eef.<\/p>\n<p>V\u1ebb ngo\u00e0i tr\u1ebb trung, hi\u1ec7n \u0111\u1ea1i, ki\u1ec3u d\u00e1ng th\u1ec3 thao, n\u1ed9i th\u1ea5t r\u1ed9ng r\u00e3i v\u00e0 tho\u1ea3i m\u00e1i th\u00ec b\u1ea5t c\u1ee9 ai c\u0169ng ao \u01b0\u1edbc \u0111\u01b0\u1ee3c c\u1ea7m l\u00e1i b\u1edfi th\u01b0\u01a1ng hi\u1ec7u xe Nh\u1eadt B\u1ea3n n\u00e0y.<\/p>\n<p><img class=\"\" title=\"B\u1ecdc gh\u1ebf da Honda City\" src=\"http:\/\/cdn.akauto.com.vn\/Uploads\/media\/xe-honda-city-1501147245.93059.jpg?r=1501147591563\" alt=\"B\u1ecdc gh\u1ebf da Honda City\" \/><\/p>\n<p>Tuy nhi\u00ean, phi\u00ean b\u1ea3n th\u01b0\u1eddng th\u00ec Honda City ch\u1ec9 \u0111\u01b0\u1ee3c trang b\u1ecb n\u1ed9i th\u1ea5t gh\u1ebf n\u1ec9 v\u00e0 c\u00e1c chi ti\u1ebft \u0111\u1ec1u l\u00e0 \u1ed1p nh\u1ef1a m\u1ec1m ch\u1ee9 kh\u00f4ng ph\u1ea3i l\u00e0 da nh\u01b0 c\u00e1c b\u1ea3n cao c\u1ea5p.<\/p>\n<p>V\u1edbi gh\u1ebf da n\u1ec9 ho\u1eb7c gh\u1ebf da s\u1eed d\u1ee5ng qua m\u1ed9t th\u1eddi gian, c\u00e1c ch\u1ee7 xe hay\u201d <em>than phi\u1ec1n<\/em>\u201d b\u1edfi \u0111\u1ed9 n\u00f3ng khi ng\u1ed3i l\u00e1i v\u00e0 c\u00f3 m\u00f9i h\u00f4i.<\/p>\n<p>Ph\u1ea7n l\u1edbn c\u00e1c ch\u1ee7 xe ch\u1ecdn gi\u1ea3i ph\u00e1p <strong>b\u1ecdc\u00a0gh\u1ebf da xe h\u01a1i<\/strong>\u00a0v\u00e0 v\u1ec7 sinh n\u1ed9i th\u1ea5t cho chi\u1ebfc Honda City c\u1ee7a m\u00ecnh.<\/p>\n<div>\n<p><strong style=\"font-size: 23.04px; line-height: inherit; color: #333333;\">1. B\u1ecdc n\u1ec7m gh\u1ebf da cho xe Honda City.<\/strong><\/p>\n<\/div>\n<p>C\u00f3 nhi\u1ec1u l\u00ed do \u0111\u1ec3 b\u1ea1n \u0111\u1ed5i m\u1edbi n\u1ed9i th\u1ea5t b\u00ean trong c\u1ee7a m\u1ed9t chi\u1ebfc xe b\u1eb1ng vi\u1ec7c b\u1ecdc l\u1ea1i h\u1ebft to\u00e0n b\u1ed9 b\u1eb1ng da m\u1edbi:<\/p>\n<p>\u2022\u00a0\u00a0\u00a0\u00a0Ngo\u1ea1i h\u00ecnh xe b\u00ean ngo\u00e0i \u0111\u1eb9p, ki\u1ec3u d\u00e1ng th\u1ec3 thao nh\u01b0ng b\u1ed9 da n\u1ec9 c\u1ee7a xe l\u00e0m b\u1ea1n kh\u00f4ng h\u00e0i l\u00f2ng.<\/p>\n<p>\u2022\u00a0\u00a0\u00a0\u00a0B\u1ecdc gh\u1ebf da gi\u00e1 r\u1ebb\u00a0s\u1eed d\u1ee5ng m\u1ed9t th\u1eddi gian \u0111\u00e3 c\u0169 v\u00e0 b\u1eaft \u0111\u1ea7u c\u00f3 m\u00f9i h\u00f4i.<\/p>\n<p>\u2022\u00a0\u00a0\u00a0\u00a0Mu\u1ed1n \u0111\u1ed5i m\u1edbi m\u00e0u s\u1eafc n\u1ed9i th\u1ea5t cho h\u1ee3p th\u1eddi trang, phong th\u1ee7y.<\/p>\n<p><img class=\"\" title=\"B\u1ecdc gh\u1ebf da Honda City\" src=\"http:\/\/cdn.akauto.com.vn\/Uploads\/origin\/boc-ghe-da-xe-city-1501491731.59662.jpg?r=1501491712410\" alt=\"B\u1ecdc gh\u1ebf da Honda City\" \/><\/p>\n<p><strong>C\u00e1c ch\u1ee7 xe th\u01b0\u1eddng thay \u0111\u1ed5i da n\u1ed9i th\u1ea5t theo 2 h\u01b0\u1edbng sau:<\/strong><\/p>\n<p>\u2022\u00a0\u00a0\u00a0\u00a0Ph\u1ee5c ch\u1ebf ho\u1eb7c thay th\u1ebf b\u1eb1ng ch\u1ea5t li\u1ec7u da t\u1ed1t h\u01a1n ( b\u1ecf \u0111i l\u1edbp n\u1ec9 \u0111\u1ec3 ph\u1ee7 l\u00ean l\u1edbp da ch\u1ea5t l\u01b0\u1ee3ng, cao c\u1ea5p h\u01a1n).<\/p>\n<p>\u2022\u00a0\u00a0\u00a0Thay \u0111\u1ed5i to\u00e0n b\u1ed9 n\u1ed9i th\u1ea5t da b\u00ean trong t\u1eeb ch\u1ea5t li\u1ec7u, m\u00e0u s\u1eafc cho \u0111\u1ebfn thi\u1ebft k\u1ebf theo s\u1edf th\u00edch v\u00e0 c\u00e1 t\u00ednh ri\u00eang c\u1ee7a ch\u1ee7 xe.<\/p>\n<p><img class=\"\" title=\"B\u1ecdc gh\u1ebf da Honda City\" src=\"http:\/\/cdn.akauto.com.vn\/Uploads\/media\/call-to-action-akauto-1496906915.21696.jpg?r=1501209604059\" alt=\"B\u1ecdc gh\u1ebf da Honda City\" \/><\/p>\n<h2 id=\"quy-trinh-thoi-gian-thay-ghe-da-xe-honda-city\"><strong>2.\u00a0Qui tr\u00ecnh may v\u00e0 th\u1eddi gian thay b\u1ecdc gh\u1ebf honda city m\u1ea5t bao l\u00e2u?<\/strong><\/h2>\n<p>V\u1edbi m\u00f4t chi\u1ebfc Honda City ki\u1ec3u d\u00e1ng th\u00ec ch\u1ee7 nh\u00e2n th\u01b0\u1eddng ch\u1ecdn nh\u1eefng m\u1eabu da ph\u1ed1i m\u00e0u r\u1ef1c r\u1ee1 \u0111\u1eadm ch\u1ea5t th\u1ec3 thao.<\/p>\n<p><img class=\"\" title=\"B\u1ecdc gh\u1ebf da Honda City\" src=\"http:\/\/cdn.akauto.com.vn\/Uploads\/origin\/boc-ao-da-honda-city-1501492412.89564.jpg?r=1501491712410\" alt=\"B\u1ecdc gh\u1ebf da Honda City\" \/><\/p>\n<p>Khi \u0111\u1ebfn v\u1edbi <strong>AKauto Saigon Center<\/strong>, qu\u00fd kh\u00e1ch s\u1ebd \u0111\u01b0\u1ee3c nh\u00e2n vi\u00ean t\u01b0 v\u1ea5n v\u1ec1 ch\u1ea5t li\u1ec7u da, m\u00e0u s\u1eafc sao cho ph\u00f9 h\u1ee3p. Sau \u0111\u00f3, nh\u00e2n vi\u00ean l\u1eafp thu\u1ed9c b\u1ed9 ph\u00e2n chuy\u00ean v\u1ec1 da s\u1ebd ti\u1ebfn h\u00e0nh c\u1eaft, may theo kh\u1ed5 gh\u1ebf xe.<\/p>\n<p>L\u1edbp da c\u0169 c\u1ee7a b\u1ea1n s\u1ebd nhanh ch\u00f3ng \u0111\u01b0\u1ee3c lo\u1ea1i b\u1ecf v\u00e0 thay th\u1ebf l\u00ean \u0111\u00f3 b\u1eb1ng b\u1ed9 \u00e1o da m\u1edbi t\u00ednh t\u1ebf v\u00e0 \u0111\u1eb9p \u0111\u1ebd.<\/p>\n<p><strong>*Note*<\/strong> : Th\u1eddi gian cho vi\u1ec7c b\u1ecdc n\u1ec7m\u00a0gh\u1ebf da m\u1edbi sau khi b\u1ed9 \u00e1o \u0111\u00e3 \u0111\u01b0\u1ee3c may s\u1eb5n ch\u1ec9 m\u1ea5t t\u1eeb<strong> 2-3<\/strong> gi\u1edd.<\/p>\n<p><img class=\"\" title=\"B\u1ecdc gh\u1ebf da Honda City\" src=\"http:\/\/cdn.akauto.com.vn\/Uploads\/origin\/call-to-action-akauto-1496906915.21696.jpg?r=1501491712410\" alt=\"B\u1ecdc gh\u1ebf da Honda City\" \/><\/p>\n<h2 id=\"bang-gia-boc-ghe-da-city\"><strong>3. B\u00e1o gi\u00e1 b\u1ecdc gh\u1ebf da xe Honda city cao c\u1ea5p.<\/strong><\/h2>\n<p>V\u1edbi nh\u1eefng ph\u00e2n kh\u00fac gi\u00e1 kh\u00e1c nhau th\u00ec ch\u1ea5t l\u01b0\u1ee3ng da s\u1ebd kh\u00e1c nhau:<\/p>\n<p>&#8211; Ng\u00e2n s\u00e1ch t\u1eeb 3 tri\u1ec7u 500 \u0111\u1ebfn 6 tri\u1ec7u b\u1ea1n c\u00f3 th\u1ec3 ch\u1ecdn g\u00f3i b\u1ecdc simili gi\u1ea3 da.<\/p>\n<p>&#8211; Ng\u00e2n s\u00e1ch \u00a0t\u1eeb &gt; 6 tri\u1ec7u 500 b\u1ea1n ch\u1ecdn g\u00f3i b\u1ecdc da nh\u00e2n t\u1ea1o.<\/p>\n<p>&#8211; Ng\u00e2n s\u00e1ch cao &gt; 11 tri\u1ec7u b\u1ea1n c\u00f3 th\u1ec3 ch\u1ecdn cho m\u00ecnh g\u00f3i b\u1ecdc gh\u1ebf da cao c\u1ea5p t\u1eeb ch\u1ea5t li\u1ec7u da th\u1eadt c\u1ee7a Italia ho\u1eb7c da th\u1eadt c\u1ee7a Anh.<\/p>\n<p><img class=\"\" title=\"B\u1ecdc gh\u1ebf da Honda City\" src=\"http:\/\/cdn.akauto.com.vn\/Uploads\/origin\/call-to-action-akauto-1496906915.21696.jpg?r=1501491712410\" alt=\"B\u1ecdc gh\u1ebf da Honda City\" \/><\/p>\n<h2 id=\"hinh-anh-cac-mau-boc-ghe-da-xe-city-dep\"><strong>4.\u00a0\u00a0H\u00ecnh \u1ea3nh c\u00e1c m\u1eabu b\u1ecdc gh\u1ebf da xe city \u0111\u1eb9p.<\/strong><\/h2>\n<p><em>M\u1eabu da \u0111en ph\u1ed1i tr\u1eafng.<\/em><\/p>\n<p><img class=\"\" title=\"B\u1ecdc gh\u1ebf da Honda City\" src=\"http:\/\/cdn.akauto.com.vn\/Uploads\/origin\/boc-nem-da-honda-city-1501491782.16552.jpg?r=1501491712410\" alt=\"B\u1ecdc gh\u1ebf da Honda City\" \/><\/p>\n<p><img class=\"\" title=\"B\u1ecdc gh\u1ebf da Honda City\" src=\"http:\/\/cdn.akauto.com.vn\/Uploads\/origin\/boc-ao-ghe-da-honda-city-tphcm-1501492483.8977.jpg?r=1501491712410\" alt=\"B\u1ecdc gh\u1ebf da Honda City\" \/><\/p>\n<p><em>M\u1eabu \u0111\u1ecf cam ph\u1ed1i \u0111en .<\/em><\/p>\n<p><img class=\"\" title=\"B\u1ecdc gh\u1ebf da Honda City\" src=\"http:\/\/cdn.akauto.com.vn\/Uploads\/origin\/boc-ghe-da-xe-city-1501491731.59662.jpg?r=1501491712410\" alt=\"B\u1ecdc gh\u1ebf da Honda City\" \/>\u00a0<img class=\"\" title=\"B\u1ecdc gh\u1ebf da Honda City\" src=\"http:\/\/cdn.akauto.com.vn\/Uploads\/origin\/boc-da-honda-city-tphcm-1501492579.67918.jpg?r=1501491712410\" alt=\"B\u1ecdc gh\u1ebf da Honda City\" \/><\/p>\n<p><em>M\u1eabu ph\u1ed1i tr\u1eafng \u0111en<\/em><\/p>\n<p><img class=\"\" title=\"B\u1ecdc gh\u1ebf da Honda City\" src=\"http:\/\/cdn.akauto.com.vn\/Uploads\/origin\/boc-da-xe-honda-city-tphcm-ak-1501492725.82857.jpg?r=1501491712410\" alt=\"B\u1ecdc gh\u1ebf da Honda City\" \/>\u00a0<img class=\"\" title=\"B\u1ecdc gh\u1ebf da Honda City\" src=\"http:\/\/cdn.akauto.com.vn\/Uploads\/origin\/boc-ghe-da-honda-city-q5-1501492725.88056.jpg?r=1501491712410\" alt=\"B\u1ecdc gh\u1ebf da Honda City\" \/><\/p>\n","protected":false},"excerpt":{"rendered":"<p>B\u1ecdc n\u1ec7m gh\u1ebf da xe Honda City \u2713 \u00a0Thay \u00e1o gh\u1ebf b\u1eb1ng v\u1eadt li\u1ec7u gi\u1ea3 da \u2013 da nh\u00e2n t\u1ea1o \u2013 da b\u00f2 th\u1eadt Italia \u2713 B\u1ea3o h\u00e0nh 12 th\u00e1ng.<\/p>\n","protected":false},"featured_media":305,"comment_status":"open","ping_status":"closed","template":"","meta":[],"product_cat":[27],"product_tag":[],"_links":{"self":[{"href":"https:\/\/demo.bmconnect.vn\/salecar\/wp-json\/wp\/v2\/product\/304"}],"collection":[{"href":"https:\/\/demo.bmconnect.vn\/salecar\/wp-json\/wp\/v2\/product"}],"about":[{"href":"https:\/\/demo.bmconnect.vn\/salecar\/wp-json\/wp\/v2\/types\/product"}],"replies":[{"embeddable":true,"href":"https:\/\/demo.bmconnect.vn\/salecar\/wp-json\/wp\/v2\/comments?post=304"}],"wp:featuredmedia":[{"embeddable":true,"href":"https:\/\/demo.bmconnect.vn\/salecar\/wp-json\/wp\/v2\/media\/305"}],"wp:attachment":[{"href":"https:\/\/demo.bmconnect.vn\/salecar\/wp-json\/wp\/v2\/media?parent=304"}],"wp:term":[{"taxonomy":"product_cat","embeddable":true,"href":"https:\/\/demo.bmconnect.vn\/salecar\/wp-json\/wp\/v2\/product_cat?post=304"},{"taxonomy":"product_tag","embeddable":true,"href":"https:\/\/demo.bmconnect.vn\/salecar\/wp-json\/wp\/v2\/product_tag?post=304"}],"curies":[{"name":"wp","href":"https:\/\/api.w.org\/{rel}","templated":true}]}}