{"id":190,"date":"2018-01-31T14:52:52","date_gmt":"2018-01-31T07:52:52","guid":{"rendered":"https:\/\/demo.bmconnect.vn\/salecar\/?post_type=product&#038;p=190"},"modified":"2018-01-31T14:52:52","modified_gmt":"2018-01-31T07:52:52","slug":"chan-long-de-xe-fortuner-2017","status":"publish","type":"product","link":"https:\/\/demo.bmconnect.vn\/salecar\/san-pham\/chan-long-de-xe-fortuner-2017\/","title":{"rendered":"CH\u1eaeN L\u1ed2NG D\u00c8 XE FORTUNER 2017"},"content":{"rendered":"<p>M\u1eb7c d\u00f9 chi\u1ebfc <strong>Toyota Fortuner 2017<\/strong> \u0111\u01b0\u1ee3c r\u1ea5t nhi\u1ec1u kh\u00e1ch h\u00e0ng y\u00eau chu\u1ed9ng v\u00e0 lu\u00f4n n\u1eb1m trong t\u1ed1p doanh s\u1ed1 b\u00e1n ra h\u00e0ng th\u00e1ng. Tuy nhi\u00ean, c\u00f3 m\u1ed9t Nh\u01b0\u1ee3c \u0110i\u1ec3m Ngo\u1ea1i Th\u1ea5t m\u00e0 ai c\u0169ng ph\u1ea3i th\u1eeba nh\u1eadn, h\u00e3y c\u00f9ng <strong>AKauto<\/strong> ph\u00e2n t\u00edch y\u1ebfu t\u1ed1 n\u00e0y nh\u00e9:<\/p>\n<p><img class=\"\" title=\"Ch\u1eafn L\u1ed3ng D\u00e8 Xe Fortuner 2017\" src=\"http:\/\/cdn.akauto.com.vn\/Uploads\/origin\/chan-long-ve-fortuner-1508833975.6622.jpg?r=1508833348751\" alt=\"Ch\u1eafn L\u1ed3ng D\u00e8 Xe Fortuner 2017\" \/><\/p>\n<p>D\u00f9 nh\u00ecn \u1edf g\u00f3c \u0111\u1ed9 n\u00e0o\u00a0th\u00ec kho\u1ea3ng h\u1edf gi\u1eefa b\u00e1nh v\u00e0 th\u00e2n xe \u0111\u1ec3 l\u1ed9 m\u1ed9t nh\u01b0\u1ee3c \u0111i\u1ec3m r\u1ea5t l\u1edbn:<\/p>\n<p>&#8211; Ph\u1ea7n t\u00f4n xe v\u1ecb tr\u00ed 2 h\u1ed1c b\u00e1nh b\u1ecb \u201c\u00a0<em>l\u1ed9\u00a0<\/em>\u201d ra nh\u00ecn r\u1ea5t thi\u1ebfu th\u1ea9m m\u0129, \u0111\u1ea5t c\u00e1t v\u00e0 b\u00f9n b\u1ea9n b\u00e1m tr\u1ef1c ti\u1ebfp v\u00e0o.<\/p>\n<p>&#8211;\u00a0Ph\u1ea7n khung g\u1ea7m (chassis) li\u00ean t\u1ee5c ti\u1ebfp x\u00fac v\u1edbi n\u01b0\u1edbc b\u1ea9n do b\u00e1nh cu\u1ed1n v\u00e0o,\u00a0kh\u00f4ng ch\u1ec9 m\u1eb7t ngo\u00e0i m\u00e0 th\u00f4ng qua c\u00e1c l\u1ed7 tho\u00e1t, n\u01b0\u1edbc b\u1ea9n c\u00f2n g\u1ea5m v\u00e0o m\u1eb7t b\u00ean trong.<\/p>\n<p>C\u1ea3 hai y\u1ebfu t\u1ed1 n\u00e0y \u0111\u1ec1u l\u00e0 t\u00e1c nh\u00e2n g\u00f3p ph\u1ea7n l\u00e0m gi\u1ea3m tu\u1ed5i th\u1ecd, t\u0103ng nguy c\u01a1 r\u1ec9 s\u00e9t v\u00e0 m\u1ee5c khung g\u1ea7m chi\u1ebfc Fortuner 2017.<\/p>\n<p>Th\u00eam v\u00e0o \u0111\u00f3, ti\u1ebfng \u1ed3n t\u1ea1o ra do ma s\u00e1t gi\u1eefa b\u00e1nh xe m\u00e0 m\u1eb7t \u0111\u01b0\u1eddng, ti\u1ebfng \u1ed3n do \u0111\u1ea5t \u0111\u00e1 cu\u1ed1n theo v\u00f2ng quay c\u1ee7a b\u00e1nh va \u0111\u1eadp tr\u1ef1c ti\u1ebfp v\u00e0o t\u00f4n xe. T\u1ea5t c\u1ea3 ti\u1ebfng \u1ed3n n\u00e0y truy\u1ec1n tr\u1ef1c ti\u1ebfp v\u00e0o ca bin, ho\u00e0n to\u00e0n kh\u00f4ng t\u1ed1t cho s\u1ee9c kho\u1ebb ng\u01b0\u1eddi s\u1eed d\u1ee5ng xe.<\/p>\n<p>\u0110\u1eb7c bi\u1ec7t v\u1edbi nh\u1eefng ch\u1ee7 xe \u0111\u00e3 \u0111\u1ed9 \u00e2m thanh n\u1ed9i th\u1ea5t chi\u1ebfc Fortuner\u00a0th\u00ec t\u1ea1p \u00e2m t\u1eeb b\u00e1nh xe v\u1ecdng l\u00ean l\u00e0 m\u1ed9t \u0111i\u1ec1u c\u1ef1c k\u00ec kh\u00f3 ch\u1ecbu v\u00e0 kh\u00f3 kh\u1eafc ph\u1ee5c.<\/p>\n<p>&nbsp;<\/p>\n<div class=\"wecodevideo\">\n<div class=\"embed-responsive embed-responsive-16by9\"><iframe loading=\"lazy\" class=\"embed-responsive-item\" src=\"https:\/\/www.youtube.com\/embed\/UxOi-XJIzGw\" width=\"300\" height=\"150\" data-mce-fragment=\"1\"><\/iframe><\/div>\n<\/div>\n<p>&nbsp;<\/p>\n<h2><strong>Trang b\u1ecb b\u1ed9 ch\u1eafn l\u1ed3ng d\u00e8 xe Fortuner 2017 l\u00e0 m\u1ed9t gi\u1ea3i ph\u00e1p ho\u00e0n h\u1ea3o v\u00ec:<\/strong><\/h2>\n<p>&#8211; B\u1ed9 ch\u1eafn l\u1ed3ng v\u00e8 \u0111\u01b0\u1ee3c s\u1ea3n xu\u1ea5t t\u1eeb Th\u00e1i Lan.<\/p>\n<p>&#8211;\u00a0S\u1eed d\u1ee5ng ch\u1ea5t li\u1ec7u nh\u1ef1a EPS c\u00f3 \u0111\u1ed9 d\u1ebbo v\u00e0 t\u00ednh \u0111\u00e0n h\u1ed3i cao gi\u00fap ng\u0103n truy\u1ec1n \u00e2m thanh t\u1ed1t.<\/p>\n<p>&#8211;\u00a0Che ph\u1ee7 to\u00e0n b\u1ed9 b\u1ec1 m\u1eb7t khu v\u1ef1c b\u1ed1n h\u1ed9c b\u00e1nh, ng\u0103n n\u01b0\u1edbc v\u00e0 b\u1ee5i b\u1ea9n b\u00e1m tr\u1ef1c ti\u1ebfp v\u00e0o v\u1ecb tr\u00ed n\u00e0y.<\/p>\n<p>&#8211; \u0110\u01b0\u1ee3c s\u1ea3n xu\u1ea5t ri\u00eang bi\u1ec7t theo t\u1eebng d\u00f2ng xe, \u0111\u1ed9 ch\u00ednh x\u00e1c trong khu\u00f4n m\u1eabu gi\u00fap vi\u1ec7c l\u1eafp \u0111\u1eb7t tr\u1edf n\u00ean v\u00f4 c\u00f9ng \u0111\u01a1n gi\u1ea3n, nhanh ch\u00f3ng v\u00e0 ho\u00e0n to\u00e0n kh\u00f4ng \u1ea3nh h\u01b0\u1edfng \u0111\u1ebfn c\u00e1c chi ti\u1ebft \u201cdzin\u201d th\u00e2n xe.<\/p>\n<p>&#8211; C\u1ea3i thi\u1ec7n \u0111\u00e1ng k\u1ec3 t\u00ednh th\u1ea9m m\u0129 cho chi\u1ebfc Fortuner v\u00ec \u0111\u00e3 che ch\u1eafn ph\u1ea7n khung s\u01b0\u1eddn l\u1ed9 ra.<\/p>\n<p><img class=\"\" title=\"Ch\u1eafn L\u1ed3ng D\u00e8 Xe Fortuner 2017\" src=\"http:\/\/cdn.akauto.com.vn\/Uploads\/origin\/chan-long-ve-fortuner-2017-1508833749.53526.jpg?r=1508833348751\" alt=\"Ch\u1eafn L\u1ed3ng D\u00e8 Xe Fortuner 2017\" \/><\/p>\n<p><strong>H\u00ecnh \u1ea3nh t\u1ed5ng quan:<\/strong><\/p>\n<p><img class=\"\" title=\"Ch\u1eafn L\u1ed3ng D\u00e8 Xe Fortuner 2017\" src=\"http:\/\/cdn.akauto.com.vn\/Uploads\/origin\/chan-long-ve-1508837485.84721.jpg?r=1508837813117\" alt=\"Ch\u1eafn L\u1ed3ng D\u00e8 Xe Fortuner 2017\" \/><\/p>\n<p>V\u1edbi t\u1ea5t c\u1ea3 nh\u1eefng l\u1ee3i \u00edch thi\u1ebft th\u1ef1c tr\u00ean, b\u1ed9 Ch\u1eafn L\u1ed3ng D\u00e8 th\u1ef1c s\u1ef1 l\u00e0 b\u1ed9 ph\u1ee5 ki\u1ec7n ti\u1ec7n \u00edch m\u00e0 t\u1ea5t c\u1ea3 ch\u1ee7 xe Fortuner n\u00ean trang b\u1ecb cho chi\u1ebfc xe c\u1ee7a m\u00ecnh.<\/p>\n<p>Kh\u00f4ng ch\u1ec9 cho d\u00f2ng xe Fortuner,\u00a0\u00a0<strong>AKauto<\/strong> c\u00f2n ph\u00e2n ph\u1ed1i b\u1ed9 \u1ed1p l\u1ed3ng d\u00e8 cho c\u00e1c d\u00f2ng xe: <em>Ranger, BT50, Colorado<\/em>.<\/p>\n<p><img class=\"\" title=\"Ch\u1eafn L\u1ed3ng D\u00e8 Xe Fortuner 2017\" src=\"http:\/\/cdn.akauto.com.vn\/Uploads\/origin\/chan-long-xe-xe-fortuner-1509954662.0878.jpg?r=1509954541900\" alt=\"Ch\u1eafn L\u1ed3ng D\u00e8 Xe Fortuner 2017\" \/>\u00a0<img class=\"\" title=\"Ch\u1eafn L\u1ed3ng D\u00e8 Xe Fortuner 2017\" src=\"http:\/\/cdn.akauto.com.vn\/Uploads\/origin\/chan-long-ve-xe-toyota-fortuner-1509954915.85533.jpg?r=1509954541900\" alt=\"Ch\u1eafn L\u1ed3ng D\u00e8 Xe Fortuner 2017\" \/><\/p>\n<p><strong>H\u00e3y li\u00ean h\u1ec7 ngay\u00a0AKauto Saigon Center\u00a0\u0111\u1ec3 nh\u1eadn t\u01b0 v\u1ea5n v\u1ec1 s\u1ea3n ph\u1ea9m!\u00a0<\/strong><\/p>\n","protected":false},"excerpt":{"rendered":"<p>Ch\u1eafn l\u1ed3ng v\u00e8 xe Toyota Fortuner l\u00e0 ph\u1ee5 ki\u1ec7n ti\u1ec7n \u00edch \u2713 G\u1ed3m 4 chi ti\u1ebft \u1ed1p nh\u1ef1a che ch\u1eafn v\u00e0o h\u1ed1c b\u00e1nh \u2713 Gi\u00fap: gi\u1ea3m ti\u1ebfng r\u00e0o b\u00e1nh \u2013 ti\u1ebfng \u1ed3n t\u1eeb b\u00e1nh xe, ng\u0103n b\u00f9n \u0111\u1ea5t b\u00e1m tr\u1ef1c ti\u1ebfp v\u00e0o t\u00f4n xe\u2713Ngo\u00e0i ra c\u00f2n t\u0103ng \u0111\u1ed9 th\u1ea9m m\u0129 v\u00e0 sang tr\u1ecdng.<\/p>\n","protected":false},"featured_media":191,"comment_status":"open","ping_status":"closed","template":"","meta":[],"product_cat":[17,18],"product_tag":[],"_links":{"self":[{"href":"https:\/\/demo.bmconnect.vn\/salecar\/wp-json\/wp\/v2\/product\/190"}],"collection":[{"href":"https:\/\/demo.bmconnect.vn\/salecar\/wp-json\/wp\/v2\/product"}],"about":[{"href":"https:\/\/demo.bmconnect.vn\/salecar\/wp-json\/wp\/v2\/types\/product"}],"replies":[{"embeddable":true,"href":"https:\/\/demo.bmconnect.vn\/salecar\/wp-json\/wp\/v2\/comments?post=190"}],"wp:featuredmedia":[{"embeddable":true,"href":"https:\/\/demo.bmconnect.vn\/salecar\/wp-json\/wp\/v2\/media\/191"}],"wp:attachment":[{"href":"https:\/\/demo.bmconnect.vn\/salecar\/wp-json\/wp\/v2\/media?parent=190"}],"wp:term":[{"taxonomy":"product_cat","embeddable":true,"href":"https:\/\/demo.bmconnect.vn\/salecar\/wp-json\/wp\/v2\/product_cat?post=190"},{"taxonomy":"product_tag","embeddable":true,"href":"https:\/\/demo.bmconnect.vn\/salecar\/wp-json\/wp\/v2\/product_tag?post=190"}],"curies":[{"name":"wp","href":"https:\/\/api.w.org\/{rel}","templated":true}]}}