{"id":290,"date":"2017-06-15T16:28:51","date_gmt":"2017-06-15T09:28:51","guid":{"rendered":"https:\/\/demo.bmconnect.vn\/print2\/?page_id=290"},"modified":"2017-06-16T11:13:34","modified_gmt":"2017-06-16T04:13:34","slug":"dich-vu-gia-cong-sau-in","status":"publish","type":"page","link":"https:\/\/demo.bmconnect.vn\/print2\/dich-vu\/dich-vu-gia-cong-sau-in\/","title":{"rendered":"D\u1ecbch v\u1ee5 gia c\u00f4ng sau in"},"content":{"rendered":"<h1 class=\"title_page\">D\u1ecaCH V\u1ee4 GIA C\u00d4NG SAU IN<\/h1>\n<div class=\"post-content\">\n<p>Gia c\u00f4ng sau in l\u00e0 m\u1ed9t trong nh\u1eefng c\u00f4ng \u0111o\u1ea1n s\u1ea3n xu\u1ea5t quan tr\u1ecdng c\u1ee7a qu\u00e1 tr\u00ecnh in \u1ea5n. ch\u1ea5t l\u01b0\u1ee3ng, t\u00ednh th\u1ea9m m\u1ef9 c\u1ee7a s\u1ea3n ph\u1ea9m ph\u1ee5 thu\u1ed9c r\u1ea5t nhi\u1ec1u v\u00e0o c\u00f4ng \u0111o\u1ea1n n\u00e0y. \u0110\u1ec3 c\u00f3 \u0111\u01b0\u1ee3c \u1ea5n ph\u1ea9m ho\u00e0n h\u1ea3o th\u00ec x\u01b0\u1edfng in c\u1ea7n c\u00f3 h\u1ec7 th\u1ed1ng m\u00e1y gia c\u00f4ng hi\u1ec7n \u0111\u1ea1i v\u00e0 \u0111\u1ed3ng b\u1ed9, ng\u01b0\u1eddi l\u00e0m c\u00f4ng vi\u1ec7c n\u00e0y c\u1ea7n c\u00f3 s\u1ef1 t\u1ec9 m\u1ec9, c\u1ea9n tr\u1ecdng v\u00e0 tr\u00e1ch nhi\u1ec7m cao.<\/p>\n<p>\u0110\u00e1p \u1ee9ng y\u00eau c\u1ea7u ng\u00e0y c\u00e0ng cao c\u1ee7a kh\u00e1ch h\u00e0ng v\u1ec1 ch\u1ea5t l\u01b0\u1ee3ng s\u1ea3n ph\u1ea9m, t\u1ea5t c\u1ea3 c\u00e1c \u1ea5n ph\u1ea9m sau in \u0111\u1ec1u \u0111\u01b0\u1ee3c ch\u00fang t\u00f4i gia c\u00f4ng ho\u00e0n thi\u1ec7n b\u1eb1ng h\u1ec7 th\u1ed1ng m\u00e1y gia c\u00f4ng th\u1ebf h\u1ec7 m\u1edbi v\u00e0 hi\u1ec7n \u0111\u1ea1i nh\u1ea5t hi\u1ec7n nay. C\u00e1c c\u00f4ng \u0111o\u1ea1n gia c\u00f4ng sau in tr\u01b0\u1edbc \u0111\u00e2y th\u01b0\u1eddng l\u00e0m b\u1eb1ng m\u00e1y th\u1ee7 d\u00f4ng \u0111\u00e3 \u0111\u01b0\u1ee3c thay th\u1ebf b\u1eb1ng m\u00e1y gia c\u00f4ng t\u1ef1 \u0111\u1ed9ng nh\u1eb1m gi\u1ea3m nh\u00e2n s\u1ef1 v\u1eadn h\u00e0nh m\u00e1y m\u00e0 v\u1eabn mang l\u1ea1i hi\u1ec7u qu\u1ea3, gi\u1ea3m chi ph\u00ed s\u1ea3n xu\u1ea5t d\u1eabn \u0111\u1ebfn gi\u1ea3m gi\u00e1 th\u00e0nh s\u1ea3n ph\u1ea9m nh\u1eb1m n\u00e2ng cao l\u1ee3i \u00edch cho kh\u00e1ch h\u00e0ng.<\/p>\n<p>C\u00e1c lo\u1ea1i m\u00e1y gia c\u00f4ng sau in c\u1ee7a c\u00fang t\u00f4i g\u1ed3m: M\u00e1y x\u00e9n, m\u00e1y b\u1ebf khu\u00f4n, m\u00e1y d\u00e1n bao b\u00ec t\u1ef1 \u0111\u1ed9ng, m\u00e1y \u00e9p nh\u0169, m\u00e1y c\u00e1n m\u00e0ng, m\u00e1y g\u1ea5p, m\u00e1y kh\u00e2u s\u00e1ch, m\u00e1y keo b\u00eca, m\u00e1y in s\u1ed1 nh\u1ea3y&#8230; ph\u1ee5c v\u1ee5 \u0111\u01b0\u1ee3c t\u1ea5t c\u1ea3 nh\u1eefng y\u00eau c\u1ea7u gia c\u00f4ng t\u1eeb \u0111\u01a1n gi\u1ea3n \u0111\u1ebfn ph\u1ee9c t\u1ea1p.<\/p>\n<p>&nbsp;<\/p>\n<p>M\u00e1y d\u00e1n h\u1ed9p gi\u1ea5y<\/p>\n<p><img src=\"http:\/\/indongnam.com.vn\/uploads\/may_dan_hop_1.jpg\" alt=\"m\u00e1y d\u00e1n h\u1ed9p\" width=\"600\" \/><\/p>\n<p>&nbsp;<\/p>\n<p><img src=\"http:\/\/indongnam.com.vn\/uploads\/may_dan_hop.png\" alt=\"m\u00e1y d\u00e1n h\u1ed9p\" width=\"600\" \/><\/p>\n<p>&nbsp;<\/p>\n<p>M\u00e1y c\u00e1n m\u00e0ng<\/p>\n<p><img src=\"http:\/\/indongnam.com.vn\/uploads\/may_can_mang.jpg\" alt=\"m\u00e1y c\u00e1n m\u00e0ng\" width=\"600\" \/><\/p>\n<p>&nbsp;<\/p>\n<p>M\u00e1y d\u00e1n phong b\u00ec<\/p>\n<p><img src=\"http:\/\/indongnam.com.vn\/uploads\/may_dan_phong_bi.jpg\" alt=\"m\u00e1y d\u00e1n phong b\u00ec\" width=\"600\" \/><\/p>\n<p>&nbsp;<\/p>\n<p>M\u00e1y b\u1ebf khu\u00f4n<\/p>\n<p><img src=\"http:\/\/indongnam.com.vn\/uploads\/may_be_khuon.jpg\" alt=\"\" \/><\/p>\n<p>&nbsp;<\/p>\n<p>M\u00e1y \u00e9p nh\u0169<\/p>\n<p><img src=\"http:\/\/indongnam.com.vn\/uploads\/may_ep_nhu.jpg\" alt=\"\" \/><\/p>\n<p>&nbsp;<\/p>\n<p>M\u00e1y g\u1ea5p gi\u1ea5y<\/p>\n<p><img src=\"http:\/\/indongnam.com.vn\/uploads\/may_gap_giay.jpg\" alt=\"\" \/><\/p>\n<p>&nbsp;<\/p>\n<p>M\u00e1y in label v\u00e0 b\u1ebf nh\u00e3n m\u00e1c li\u00ean ho\u00e0n<\/p>\n<p><img src=\"http:\/\/indongnam.com.vn\/uploads\/may_be_tem_nhan.jpg\" alt=\"m\u00e1y in v\u00e0 b\u1ebf nh\u00e3n m\u00e1c\" width=\"600\" \/><\/p>\n<p>T\u00f9y theo quy c\u00e1ch, \u0111\u1eb7c \u0111i\u1ec3m v\u00e0 y\u00eau c\u1ea7u gia c\u00f4ng c\u1ee7a t\u1eebng lo\u1ea1i \u1ea5n ph\u1ea9m, ch\u00fang t\u00f4i s\u1ebd \u00e1p d\u1ee5ng s\u1ea3n xu\u1ea5t tr\u00ean lo\u1ea1i m\u00e1y chuy\u00ean d\u1ee5ng v\u00e0 ph\u00f9 h\u1ee3p nh\u1eb1m \u0111\u1ea1t hi\u1ec7u qu\u1ea3 cao nh\u1ea5t v\u1ec1 ch\u1ea5t l\u01b0\u1ee3ng, r\u00fat ng\u1eafn th\u1eddi gian s\u1ea3n xu\u1ea5t.<\/p>\n<\/div>\n","protected":false},"excerpt":{"rendered":"<p>D\u1ecaCH V\u1ee4 GIA C\u00d4NG SAU IN Gia c\u00f4ng sau in l\u00e0 m\u1ed9t trong nh\u1eefng c\u00f4ng \u0111o\u1ea1n s\u1ea3n xu\u1ea5t quan tr\u1ecdng c\u1ee7a qu\u00e1 tr\u00ecnh in \u1ea5n. ch\u1ea5t l\u01b0\u1ee3ng, t\u00ednh th\u1ea9m m\u1ef9 c\u1ee7a s\u1ea3n ph\u1ea9m ph\u1ee5 thu\u1ed9c r\u1ea5t nhi\u1ec1u v\u00e0o c\u00f4ng \u0111o\u1ea1n n\u00e0y. \u0110\u1ec3 c\u00f3 \u0111\u01b0\u1ee3c \u1ea5n ph\u1ea9m ho\u00e0n h\u1ea3o th\u00ec x\u01b0\u1edfng in c\u1ea7n c\u00f3 h\u1ec7 th\u1ed1ng [&#8230;]\n","protected":false},"author":1,"featured_media":0,"parent":320,"menu_order":0,"comment_status":"closed","ping_status":"closed","template":"page-right-sidebar.php","meta":[],"_links":{"self":[{"href":"https:\/\/demo.bmconnect.vn\/print2\/wp-json\/wp\/v2\/pages\/290"}],"collection":[{"href":"https:\/\/demo.bmconnect.vn\/print2\/wp-json\/wp\/v2\/pages"}],"about":[{"href":"https:\/\/demo.bmconnect.vn\/print2\/wp-json\/wp\/v2\/types\/page"}],"author":[{"embeddable":true,"href":"https:\/\/demo.bmconnect.vn\/print2\/wp-json\/wp\/v2\/users\/1"}],"replies":[{"embeddable":true,"href":"https:\/\/demo.bmconnect.vn\/print2\/wp-json\/wp\/v2\/comments?post=290"}],"version-history":[{"count":2,"href":"https:\/\/demo.bmconnect.vn\/print2\/wp-json\/wp\/v2\/pages\/290\/revisions"}],"predecessor-version":[{"id":659,"href":"https:\/\/demo.bmconnect.vn\/print2\/wp-json\/wp\/v2\/pages\/290\/revisions\/659"}],"up":[{"embeddable":true,"href":"https:\/\/demo.bmconnect.vn\/print2\/wp-json\/wp\/v2\/pages\/320"}],"wp:attachment":[{"href":"https:\/\/demo.bmconnect.vn\/print2\/wp-json\/wp\/v2\/media?parent=290"}],"curies":[{"name":"wp","href":"https:\/\/api.w.org\/{rel}","templated":true}]}}