{"id":284,"date":"2017-06-15T16:28:19","date_gmt":"2017-06-15T09:28:19","guid":{"rendered":"https:\/\/demo.bmconnect.vn\/print2\/?page_id=284"},"modified":"2017-06-16T11:13:02","modified_gmt":"2017-06-16T04:13:02","slug":"dich-vu-in-phun-quang-cao","status":"publish","type":"page","link":"https:\/\/demo.bmconnect.vn\/print2\/dich-vu\/dich-vu-in-phun-quang-cao\/","title":{"rendered":"D\u1ecbch v\u1ee5 in phun Qu\u1ea3ng c\u00e1o"},"content":{"rendered":"<h1 class=\"title_page\">D\u1ecaCH V\u1ee4 IN PHUN QU\u1ea2NG C\u00c1O<\/h1>\n<div class=\"post-content\">\n<p>In phun l\u00e0 m\u1ed9t trong nh\u1eefng lo\u1ea1i h\u00ecnh in \u1ea5n ph\u1ee5c v\u1ee5 ch\u00ednh cho qu\u1ea3ng c\u00e1o truy\u1ec1n th\u00f4ng ngo\u00e0i tr\u1eddi v\u00e0 s\u1ef1 ki\u1ec7n. Trong s\u1ea3n xu\u1ea5t kinh doanh kh\u00f4ng th\u1ec3 thi\u1ebfu ho\u1ea1t \u0111\u1ed9ng qu\u1ea3ng b\u00e1 th\u01b0\u01a1ng hi\u1ec7u v\u00e0 s\u1ea3n ph\u1ea9m v\u1edbi c\u00e1c chi\u1ebfn d\u1ecbch truy\u1ec1n th\u00f4ng. Nhu c\u1ea7u s\u1eed d\u1ee5ng d\u1ecbch v\u1ee5 r\u1ea5t l\u1edbn n\u00ean c\u00e1c x\u01b0\u1edfng in phun t\u1ea1i H\u00e0 N\u1ed9i hi\u1ec7n nay c\u0169ng kh\u00e1 c\u1ea1nh tranh v\u1ec1 gi\u00e1 th\u00e0nh v\u00e0 ch\u1ea5t l\u01b0\u1ee3ng. Vi\u1ec7c ch\u1ecdn \u0111\u01b0\u1ee3c c\u00f4ng ty in phun ch\u1ea5t l\u01b0\u1ee3ng t\u1ed1t, in gi\u00e1 r\u1ebb v\u00e0 uy t\u00edn \u0111\u1ec3 h\u1ee3p t\u00e1c l\u00e2u d\u00e0i c\u0169ng g\u00f3p ph\u1ea7n t\u1ea1o n\u00ean th\u00e0nh c\u00f4ng kh\u00f4ng nh\u1ecf cho doanh nghi\u1ec7p.<\/p>\n<p>D\u1ecbch v\u1ee5 in phun c\u1ee7a ch\u00fang t\u00f4i \u0111\u01b0\u1ee3c ch\u00fa tr\u1ecdng kh\u00f4ng k\u00e9m so v\u1edbi d\u1ecbch v\u1ee5 in offset. \u0110\u00e1p \u1ee9ng y\u00eau c\u1ea7u ch\u1ea5t l\u01b0\u1ee3ng c\u0169ng nh\u01b0 nhu c\u1ea7u in phun gi\u00e1 r\u1ebb c\u1ee7a kh\u00e1ch h\u00e0ng, x\u01b0\u1edfng in phun c\u1ee7a ch\u00fang t\u00f4i s\u1eed d\u1ee5ng c\u00e1c lo\u1ea1i m\u00e1y c\u00f3 k\u00edch th\u01b0\u1edbc v\u00e0 xu\u1ea5t x\u1ee9 kh\u00e1c nhau. T\u00f9y lo\u1ea1i \u1ea5n ph\u1ea9m v\u00e0 m\u1ee5c \u0111\u00edch s\u1eed d\u1ee5ng \u0111\u1ec3 ch\u00fang t\u00f4i ch\u1ecdn lo\u1ea1i m\u00e1y in, kh\u1ed5 in, m\u1ef1c in ph\u00f9 h\u1ee3p nh\u1eb1m gi\u1ea3m t\u1ed1i \u0111a gi\u00e1 th\u00e0nh s\u1ea3n ph\u1ea9m. M\u00e1y in b\u1ea1t l\u1edbn nh\u1ea5t cho kh\u1ed5 r\u1ed9ng in t\u1ed1i \u0111a l\u00ean \u0111\u1ebfn 3,1m, chi\u1ec1u d\u00e0i kh\u1ed5 in kh\u00f4ng h\u1ea1n ch\u1ebf. M\u00e1y in phun hifi d\u00f9ng in decal pp, in gi\u1ea5y \u1ea3nh, in l\u1ee5a cho kh\u1ed5 r\u1ed9ng in t\u1ed1i \u0111a l\u00ean \u0111\u1ebfn 2,3m, chi\u1ec1u d\u00e0i kh\u1ed5 in kh\u00f4ng h\u1ea1n ch\u1ebf.<\/p>\n<p>&nbsp;<\/p>\n<p>M\u00e1y in b\u1ea1t hiflex th\u1ebf h\u1ec7 m\u1edbi v\u1edbi d\u00e0n \u0111\u1ea7u phun l\u1edbn, modun \u0111\u1ea7u phun si\u00eau nh\u1ecf gi\u00fap h\u1ea1t m\u1ef1c m\u1ecbn, ph\u1ee7 \u0111\u1ec1u t\u1ea1o n\u00ean \u1ea5n ph\u1ea9m s\u1eafc n\u00e9t h\u01a1n, m\u00e0u s\u1eafc trung th\u1ef1c \u0111\u1ebfn 98% so v\u1edbi m\u00e0n h\u00ecnh m\u00e1y t\u00ednh.<\/p>\n<p>&nbsp;<\/p>\n<p><strong>M\u00e1y in b\u1ea1t kh\u1ed5 l\u1edbn<\/strong><\/p>\n<p>&nbsp;<\/p>\n<p><img src=\"http:\/\/indongnam.com.vn\/uploads\/in-bat1.jpg\" alt=\"in b\u1ea1t\" width=\"600\" \/><\/p>\n<p>&nbsp;<\/p>\n<p><img loading=\"lazy\" src=\"http:\/\/indongnam.com.vn\/uploads\/in-bat2.jpg\" alt=\"in b\u1ea1t hiflex\" width=\"600\" height=\"368\" \/><\/p>\n<p>&nbsp;<\/p>\n<p><img src=\"http:\/\/indongnam.com.vn\/uploads\/in-bat3.jpg\" alt=\"in b\u1ea1t qu\u1ea3ng c\u00e1o\" width=\"600\" \/><\/p>\n<p>&nbsp;<\/p>\n<p>M\u00e1y in phun c\u00f4ng ngh\u1ec7 hifi c\u1ee7a Nh\u1eadt s\u1eed d\u1ee5ng chuy\u00ean bi\u1ec7t cho c\u00e1c \u1ea5n ph\u1ea9m nh\u01b0 in banner, in poster b\u1eb1ng c\u00e1c v\u1eadt li\u1ec7u nh\u01b0 gi\u1ea5y \u1ea3nh, gi\u1ea5y PP, decal PP trong nh\u00e0 v\u00e0 ngo\u00e0i tr\u1eddi, l\u1ee5a, film backlit.<\/p>\n<p>&nbsp;<\/p>\n<p><strong>M\u00e1y in decal PP kh\u1ed5 l\u1edbn<\/strong><\/p>\n<p><img src=\"http:\/\/indongnam.com.vn\/uploads\/in-decal2.jpg\" alt=\"in \u0111\u1ec1 can pp\" width=\"600\" \/><\/p>\n<p>&nbsp;<\/p>\n<p><img src=\"http:\/\/indongnam.com.vn\/uploads\/in-decal1.jpg\" alt=\"in decal PP, in \u0111\u1ec1 van pp\" width=\"600\" \/><\/p>\n<p>&nbsp;<\/p>\n<p>B\u00ean c\u1ea1nh d\u1ecbch v\u1ee5 in phun, ch\u00fang t\u00f4i cung c\u1ea5p c\u00e1c lo\u1ea1i v\u1eadt t\u01b0 ph\u1ee5c v\u1ee5 qu\u1ea3ng c\u00e1o, t\u1ed5 ch\u1ee9c s\u1ef1 ki\u1ec7n nh\u01b0: standee &#8211; Gi\u00e1 ch\u1eef X, gi\u00e1 cu\u1ed1n, Su\u1ed1t treo banner v\u00e0 c\u00e1c v\u1eadt d\u1ee5ng kh\u00e1c nh\u1eb1m cung \u1ee9ng t\u1ed1t nh\u1ea5t nhu c\u1ea7u c\u1ee7a kh\u00e1ch h\u00e0ng<\/p>\n<p>&nbsp;<\/p>\n<p><strong>Gi\u00e1 ch\u1eef X &#8211; Standee<\/strong><\/p>\n<p><img src=\"http:\/\/indongnam.com.vn\/uploads\/Standee.jpg\" alt=\"B\u00e1n gi\u00e1 ch\u1eef x, gi\u00e1 standee\" width=\"600\" \/><\/p>\n<p><img src=\"http:\/\/indongnam.com.vn\/uploads\/standee1.jpg\" alt=\"B\u00e1n gi\u00e1 k\u00e9o, gi\u00e1 cu\u1ed1n banner\" width=\"600\" \/><\/p>\n<p>&nbsp;<\/p>\n<p>XEM TH\u00caM S\u1ea2N PH\u1ea8M IN B\u1ea0T, IN BANNER T\u1ea0I \u0110\u00c2Y<\/p>\n<p>XEM B\u00c1O GI\u00c1 IN B\u1ea0T, GI\u00c1 IN DECAL PP, GI\u00c1 STANDEE T\u1ea0I \u0110\u00c2Y<\/p>\n<p>C\u00f4ng ty in \u0110\u00f4ng Nam<\/p>\n<\/div>\n","protected":false},"excerpt":{"rendered":"<p>D\u1ecaCH V\u1ee4 IN PHUN QU\u1ea2NG C\u00c1O In phun l\u00e0 m\u1ed9t trong nh\u1eefng lo\u1ea1i h\u00ecnh in \u1ea5n ph\u1ee5c v\u1ee5 ch\u00ednh cho qu\u1ea3ng c\u00e1o truy\u1ec1n th\u00f4ng ngo\u00e0i tr\u1eddi v\u00e0 s\u1ef1 ki\u1ec7n. Trong s\u1ea3n xu\u1ea5t kinh doanh kh\u00f4ng th\u1ec3 thi\u1ebfu ho\u1ea1t \u0111\u1ed9ng qu\u1ea3ng b\u00e1 th\u01b0\u01a1ng hi\u1ec7u v\u00e0 s\u1ea3n ph\u1ea9m v\u1edbi c\u00e1c chi\u1ebfn d\u1ecbch truy\u1ec1n th\u00f4ng. Nhu c\u1ea7u s\u1eed [&#8230;]\n","protected":false},"author":1,"featured_media":0,"parent":320,"menu_order":0,"comment_status":"closed","ping_status":"closed","template":"page-right-sidebar.php","meta":[],"_links":{"self":[{"href":"https:\/\/demo.bmconnect.vn\/print2\/wp-json\/wp\/v2\/pages\/284"}],"collection":[{"href":"https:\/\/demo.bmconnect.vn\/print2\/wp-json\/wp\/v2\/pages"}],"about":[{"href":"https:\/\/demo.bmconnect.vn\/print2\/wp-json\/wp\/v2\/types\/page"}],"author":[{"embeddable":true,"href":"https:\/\/demo.bmconnect.vn\/print2\/wp-json\/wp\/v2\/users\/1"}],"replies":[{"embeddable":true,"href":"https:\/\/demo.bmconnect.vn\/print2\/wp-json\/wp\/v2\/comments?post=284"}],"version-history":[{"count":2,"href":"https:\/\/demo.bmconnect.vn\/print2\/wp-json\/wp\/v2\/pages\/284\/revisions"}],"predecessor-version":[{"id":656,"href":"https:\/\/demo.bmconnect.vn\/print2\/wp-json\/wp\/v2\/pages\/284\/revisions\/656"}],"up":[{"embeddable":true,"href":"https:\/\/demo.bmconnect.vn\/print2\/wp-json\/wp\/v2\/pages\/320"}],"wp:attachment":[{"href":"https:\/\/demo.bmconnect.vn\/print2\/wp-json\/wp\/v2\/media?parent=284"}],"curies":[{"name":"wp","href":"https:\/\/api.w.org\/{rel}","templated":true}]}}