{"id":138,"date":"2017-06-15T15:15:05","date_gmt":"2017-06-15T08:15:05","guid":{"rendered":"https:\/\/demo.bmconnect.vn\/print2\/?page_id=138"},"modified":"2017-06-16T11:10:08","modified_gmt":"2017-06-16T04:10:08","slug":"bao-gia-in-card-visit","status":"publish","type":"page","link":"https:\/\/demo.bmconnect.vn\/print2\/bao-gia\/bao-gia-in-card-visit\/","title":{"rendered":"B\u00e1o gi\u00e1 in Card visit"},"content":{"rendered":"<h1>B\u00e1o gi\u00e1 in Card visit<\/h1>\n<p>\u0110\u1ed1i v\u1edbi kh\u00e1ch h\u00e0ng in card visit l\u1ea5y ch\u1eadm sau v\u00e0i ng\u00e0y, vui l\u00f2ng xem b\u1ea3ng b\u00e1o gi\u00e1 th\u1ee9 1 \u0111\u1ec3 \u0111\u01b0\u1ee3c gi\u00e1 t\u1ed1t nh\u1ea5t. \u0110\u01a1n gi\u00e1 \u00e1p d\u1ee5ng cho in b\u1eb1ng m\u00e1y in offset c\u00f4ng nghi\u1ec7p &#8211; l\u00e0 c\u00f4ng ngh\u1ec7 in t\u1ed1i \u01b0u nh\u1ea5t hi\u1ec7n nay.<\/p>\n<p>\u0110\u1ed1i v\u1edbi kh\u00e1ch h\u00e0ng c\u1ea7n in card visit l\u1ea5y nhanh, vui l\u00f2ng xem b\u1ea3ng b\u00e1o gi\u00e1 th\u1ee9 2 &#8211; Gi\u00e1 in \u00e1p d\u1ee5ng cho in b\u1eb1ng m\u00e1y in k\u1ef9 thu\u1eadt s\u1ed1 ch\u1ea5t l\u01b0\u1ee3ng cao.<\/p>\n<p>B\u1ea3ng gi\u00e1 ch\u1ec9 \u00e1p d\u1ee5ng cho in tr\u00ean gi\u1ea5y couche 300gsm. N\u1ebfu Qu\u00fd kh\u00e1ch c\u00f3 nhu c\u1ea7u in gi\u1ea5y m\u1ef9 thu\u1eadt cao c\u1ea5p ho\u1eb7c gi\u1ea5y kh\u00e1c h\u00e3y g\u1eedi y\u00eau c\u1ea7u cho ch\u00fang t\u00f4i m\u00e3 gi\u1ea5y \u0111\u1ec3 nh\u1eadn \u0111\u01b0\u1ee3c t\u01b0 v\u1ea5n v\u00e0 b\u00e1o gi\u00e1 ri\u00eang.\u0110\u1ed1i v\u1edbi kh\u00e1ch h\u00e0ng in card visit l\u1ea5y ch\u1eadm sau v\u00e0i ng\u00e0y, vui l\u00f2ng xem b\u1ea3ng b\u00e1o gi\u00e1 th\u1ee9 1 \u0111\u1ec3 \u0111\u01b0\u1ee3c gi\u00e1 t\u1ed1t nh\u1ea5t. \u0110\u01a1n gi\u00e1 \u00e1p d\u1ee5ng cho in b\u1eb1ng m\u00e1y in offset c\u00f4ng nghi\u1ec7p &#8211; l\u00e0 c\u00f4ng ngh\u1ec7 in t\u1ed1i \u01b0u nh\u1ea5t hi\u1ec7n nay.<\/p>\n<p>\u0110\u1ed1i v\u1edbi kh\u00e1ch h\u00e0ng c\u1ea7n in card visit l\u1ea5y nhanh, vui l\u00f2ng xem b\u1ea3ng b\u00e1o gi\u00e1 th\u1ee9 2 &#8211; Gi\u00e1 in \u00e1p d\u1ee5ng cho in b\u1eb1ng m\u00e1y in k\u1ef9 thu\u1eadt s\u1ed1 ch\u1ea5t l\u01b0\u1ee3ng cao.<\/p>\n<p>B\u1ea3ng gi\u00e1 ch\u1ec9 \u00e1p d\u1ee5ng cho in tr\u00ean gi\u1ea5y couche 300gsm. N\u1ebfu Qu\u00fd kh\u00e1ch c\u00f3 nhu c\u1ea7u in gi\u1ea5y m\u1ef9 thu\u1eadt cao c\u1ea5p ho\u1eb7c gi\u1ea5y kh\u00e1c h\u00e3y g\u1eedi y\u00eau c\u1ea7u cho ch\u00fang t\u00f4i m\u00e3 gi\u1ea5y \u0111\u1ec3 nh\u1eadn \u0111\u01b0\u1ee3c t\u01b0 v\u1ea5n v\u00e0 b\u00e1o gi\u00e1 ri\u00eang.<\/p>\n","protected":false},"excerpt":{"rendered":"<p>B\u00e1o gi\u00e1 in Card visit \u0110\u1ed1i v\u1edbi kh\u00e1ch h\u00e0ng in card visit l\u1ea5y ch\u1eadm sau v\u00e0i ng\u00e0y, vui l\u00f2ng xem b\u1ea3ng b\u00e1o gi\u00e1 th\u1ee9 1 \u0111\u1ec3 \u0111\u01b0\u1ee3c gi\u00e1 t\u1ed1t nh\u1ea5t. \u0110\u01a1n gi\u00e1 \u00e1p d\u1ee5ng cho in b\u1eb1ng m\u00e1y in offset c\u00f4ng nghi\u1ec7p &#8211; l\u00e0 c\u00f4ng ngh\u1ec7 in t\u1ed1i \u01b0u nh\u1ea5t hi\u1ec7n nay. \u0110\u1ed1i v\u1edbi kh\u00e1ch [&#8230;]\n","protected":false},"author":1,"featured_media":0,"parent":15,"menu_order":0,"comment_status":"closed","ping_status":"closed","template":"page-right-sidebar.php","meta":[],"_links":{"self":[{"href":"https:\/\/demo.bmconnect.vn\/print2\/wp-json\/wp\/v2\/pages\/138"}],"collection":[{"href":"https:\/\/demo.bmconnect.vn\/print2\/wp-json\/wp\/v2\/pages"}],"about":[{"href":"https:\/\/demo.bmconnect.vn\/print2\/wp-json\/wp\/v2\/types\/page"}],"author":[{"embeddable":true,"href":"https:\/\/demo.bmconnect.vn\/print2\/wp-json\/wp\/v2\/users\/1"}],"replies":[{"embeddable":true,"href":"https:\/\/demo.bmconnect.vn\/print2\/wp-json\/wp\/v2\/comments?post=138"}],"version-history":[{"count":2,"href":"https:\/\/demo.bmconnect.vn\/print2\/wp-json\/wp\/v2\/pages\/138\/revisions"}],"predecessor-version":[{"id":648,"href":"https:\/\/demo.bmconnect.vn\/print2\/wp-json\/wp\/v2\/pages\/138\/revisions\/648"}],"up":[{"embeddable":true,"href":"https:\/\/demo.bmconnect.vn\/print2\/wp-json\/wp\/v2\/pages\/15"}],"wp:attachment":[{"href":"https:\/\/demo.bmconnect.vn\/print2\/wp-json\/wp\/v2\/media?parent=138"}],"curies":[{"name":"wp","href":"https:\/\/api.w.org\/{rel}","templated":true}]}}