{"id":647,"date":"2017-10-14T13:55:03","date_gmt":"2017-10-14T06:55:03","guid":{"rendered":"https:\/\/demo.bmconnect.vn\/motocare\/?post_type=product&#038;p=647"},"modified":"2017-10-14T13:55:03","modified_gmt":"2017-10-14T06:55:03","slug":"cerma-fuel-diesel-0-33oz","status":"publish","type":"product","link":"https:\/\/demo.bmconnect.vn\/motocare\/product\/cerma-fuel-diesel-0-33oz\/","title":{"rendered":"CERMA FUEL DIESEL 0.33oz"},"content":{"rendered":"<h3>CH\u1ea4T X\u1eec L\u00dd NHI\u00caN LI\u1ec6U DIESEL \u00a0\u2013\u00a0CERMA FUEL DIESEL 0.33oz<\/h3>\n<p><em>Ch\u1ea5t x\u1eed l\u00fd nhi\u00ean li\u1ec7u Cerma<\/em> lo\u1ea1i b\u1ecf c\u00e1c v\u1ea5n \u0111\u1ec1 v\u00e0 n\u00e2ng cao hi\u1ec7u su\u1ea5t h\u1ec7 th\u1ed1ng nhi\u00ean li\u1ec7u.<\/p>\n<p>Ch\u1ea5t x\u1eed l\u00fd \u0111\u00f3ng vai tr\u00f2 l\u00e0m s\u1ea1ch m\u00f4i tr\u01b0\u1eddng v\u00e0 x\u1eed l\u00fd kim lo\u1ea1i trong h\u1ec7 th\u1ed1ng.<\/p>\n<p><strong>T\u1ea4T C\u1ea2 TRONG M\u1ed8T!<\/strong><\/p>\n<p><img loading=\"lazy\" class=\"aligncenter wp-image-654 size-full\" src=\"http:\/\/ceramicmachine.vn\/wp-content\/uploads\/2017\/03\/Zalo_ScreenShot_15_3_2017_1158426.png\" sizes=\"(max-width: 494px) 100vw, 494px\" srcset=\"http:\/\/ceramicmachine.vn\/wp-content\/uploads\/2017\/03\/Zalo_ScreenShot_15_3_2017_1158426.png 494w, http:\/\/ceramicmachine.vn\/wp-content\/uploads\/2017\/03\/Zalo_ScreenShot_15_3_2017_1158426-300x145.png 300w\" alt=\"\" width=\"494\" height=\"239\" \/><\/p>\n<p><strong>Ch\u1ea5t x\u1eed l\u00fd nhi\u00ean li\u1ec7u<\/strong> \u0111\u01b0\u1ee3c d\u00f9ng li\u00ean t\u1ee5c. V\u00ec nhi\u00ean li\u1ec7u ( Diesel\u00a0) gi\u1eef th\u00e0nh ph\u1ea7n b\u00f4i tr\u01a1n b\u00ean trong ph\u00e2n t\u1eed nhi\u00ean li\u1ec7u t\u1ea1i ma tr\u1eadn hydrocarbon. Khi nhi\u00ean li\u1ec7u \u0111\u01b0\u1ee3c b\u01a1m v\u00e0o h\u1ec7 th\u1ed1ng, th\u00e0nh ph\u1ea7n b\u00f4i tr\u01a1n b\u1ecb \u0111\u1ed1t ch\u00e1y c\u00f9ng v\u1edbi nhi\u00ean li\u1ec7u. Ch\u1ea5t x\u1eed l\u00fd nhi\u00ean li\u1ec7u Cerma gi\u1ea3i ph\u00f3ng th\u00e0nh ph\u1ea7n b\u00f4i tr\u01a1n b\u00ean trong nhi\u00eau li\u1ec7u v\u00e0 t\u1eadn d\u1ee5ng ch\u00fang \u0111\u1ec3 b\u00f4i tr\u01a1n cho h\u1ec7 th\u1ed1ng\u2026<\/p>\n<p>Ngo\u00e0i ra Cerma b\u1ed5 sung th\u00e0nh ph\u1ea7n <em>Ceramic nano<\/em> v\u00e0o h\u1ec7 th\u1ed1ng \u0111\u1ec3 b\u00f4i tr\u01a1n ph\u1ea7n tr\u00ean \u0111\u1ed9ng c\u01a1, l\u00e0m s\u1ea1ch h\u1ec7 th\u1ed1ng nhi\u00ean li\u1ec7u, lo\u1ea1i b\u1ecf n\u01b0\u1edbc v\u00e0 h\u01a1i \u1ea9m, x\u1eed l\u00fd b\u01a1m nhi\u00ean li\u1ec7u, l\u00e0m s\u1ea1ch b\u1ed9 phun v\u00e0 b\u00ecnh nhi\u00ean li\u1ec7u v\u00e0 l\u00e0m t\u0103ng ch\u1ec9 s\u1ed1 octane.<\/p>\n<p>Kim x\u0103ng b\u1ea9n, b\u00ecnh x\u0103ng \u0111\u00f3ng c\u1eb7n, hi\u1ec7u su\u1ea5t kh\u00f4ng \u0111\u1ea1t \u0111\u01b0\u1ee3c nh\u01b0 mong mu\u1ed1n, ch\u00ednh l\u00e0 nh\u1eefng nguy\u00ean nh\u00e2n g\u00e2y ra c\u00e1c hi\u1ec7n t\u01b0\u1ee3ng t\u1ed1n x\u0103ng, h\u1ecfng h\u00f3c c\u00e1c thi\u1ebft b\u1ecb trong \u0111\u1ed9ng c\u01a1, \u0103n m\u00f2n c\u00e1c chi ti\u1ebft quan tr\u1ecdng nh\u01b0 Ro\u0103ng, th\u00e0nh kim lo\u1ea1i, kim phun. N\u1eb7ng th\u00ec g\u00e2y ra ch\u00e1y n\u1ed5, thay th\u1ebf c\u00e1c b\u1ed9 ph\u1eadn quan tr\u1ecdng.<\/p>\n<p>3.000.000 \u2013 5.000.000 \u0111 l\u00e0 s\u1ed1 ti\u1ec1n trung b\u00ecnh ph\u1ea3i b\u1ecf ra cho m\u1ed7i l\u1ea7n s\u1eeda ch\u1eefa h\u1ec7 th\u1ed1ng kim phun nhi\u00ean li\u1ec7u. V\u1eady t\u1ea1i sao b\u1ea1n kh\u00f4ng t\u00ecm nh\u1eefng gi\u1ea3i ph\u00e1p \u0111\u01a1n gi\u1ea3n h\u01a1n v\u00e0 t\u1ed1n \u00edt ti\u1ec1n h\u01a1n cho h\u1ec7 th\u1ed1ng nhi\u00ean li\u1ec7u c\u1ee7a b\u1ea1n.<\/p>\n<p><strong>Fuel Treatment ch\u00ednh l\u00e0 gi\u1ea3i ph\u00e1p cho vi\u1ec7c \u201cPh\u00f2ng b\u1ec7nh h\u01a1n ch\u1eefa b\u1ec7nh\u201d \u0111\u1ed1i v\u1edbi h\u1ec7 th\u1ed1ng nhi\u00ean li\u1ec7u c\u1ee7a b\u1ea1n.<\/strong><\/p>\n<p>Ch\u1ec9 v\u1edbi m\u1ed9t l\u01b0\u1ee3ng nh\u1ecf Fuel treatment theo m\u1ed7i chu k\u1ef3 h\u00e0ng th\u00e1ng, Feal Treatment s\u1ebd lo\u1ea1i b\u1ecf nh\u1eefng hi\u1ec7n t\u01b0\u1ee3ng nh\u01b0 h\u1ec7 th\u1ed1ng nhi\u00ean li\u1ec7u b\u1ecb b\u1ea9n, kim phun nhi\u00eau li\u1ec7u b\u1ecb t\u1eafc, hay h\u1ec7 th\u1ed1ng \u0111\u1ed9ng c\u01a1 h\u1ecfng h\u00f3c.<\/p>\n<p>V\u1edbi ph\u01b0\u01a1ng th\u1ee9c ho\u1ea1t \u0111\u1ed9ng x\u1eed l\u00fd lo\u1ea1i b\u1ecf h\u1ee3p ch\u1ea5t b\u1ea9n, l\u00e0m s\u1ea1ch h\u1ec7 th\u1ed1ng d\u1eabn nhi\u00ean li\u1ec7u, b\u00f4i tr\u01a1n, t\u0103ng t\u1ed1c \u0111\u1ed9 d\u1eabn nhi\u00ean li\u1ec7u. Hi\u1ec7u su\u1ea5t c\u1ee7a \u0111\u1ed9ng c\u01a1 s\u1ebd \u0111\u01b0\u1ee3c ph\u1ee5c h\u1ed3i v\u00e0 \u0111\u1ea1t \u0111\u01b0\u1ee3c m\u1ee9c t\u1ed1i \u01b0u m\u00e0 b\u1ea1n mu\u1ed1n.<\/p>\n<p><img loading=\"lazy\" class=\"aligncenter wp-image-655 size-full\" src=\"http:\/\/ceramicmachine.vn\/wp-content\/uploads\/2017\/03\/Zalo_ScreenShot_15_3_2017_1159395.png\" sizes=\"(max-width: 604px) 100vw, 604px\" srcset=\"http:\/\/ceramicmachine.vn\/wp-content\/uploads\/2017\/03\/Zalo_ScreenShot_15_3_2017_1159395.png 604w, http:\/\/ceramicmachine.vn\/wp-content\/uploads\/2017\/03\/Zalo_ScreenShot_15_3_2017_1159395-300x167.png 300w\" alt=\"\" width=\"604\" height=\"337\" \/><\/p>\n<p><strong>\u1ee8ng d\u1ee5ng n\u1ec1n t\u1ea3ng c\u00f4ng ngh\u1ec7 STM-3 c\u1ee7a Cerma, Fuel treatment \u0111\u01b0\u1ee3c \u0111\u1ed5 v\u00e0o h\u1ec7 th\u1ed1ng nhi\u00ean li\u1ec7u s\u1ebd x\u1eed l\u00fd nh\u01b0 th\u1ebf n\u00e0o?<\/strong><\/p>\n<p>\u2013 B\u00e1m v\u00e0o h\u1ec7 th\u1ed1ng d\u1eabn nhi\u00ean li\u1ec7u, t\u1ef1 \u0111\u1ed9ng l\u00e0m s\u1ea1ch c\u1eb7n b\u1ea9n b\u00e1m t\u1ea1i kim phun, \u0111\u01b0\u1eddng \u1ed1ng d\u1eabn.<\/p>\n<p>\u2013 Trung h\u00f2a c\u00e1c h\u1ee3p ch\u1ea5t g\u00e2y h\u1ea1i cho h\u1ec7 th\u1ed1ng \u0111\u1ed9ng c\u01a1, c\u00e1c h\u1ee3p ch\u1ea5t g\u00e2y \u0103n m\u00f2n nh\u01b0 acid, k\u1ebdm, photpho\u2026<\/p>\n<p>\u2013 \u00a0\u0110\u1ea3m b\u1ea3o ho\u1ea1t \u0111\u1ed9ng th\u00f4ng su\u1ed1t c\u1ee7a \u0111\u1ed9ng c\u01a1, \u0111\u1ea1t hi\u1ec7u su\u1ea5t 100% nh\u01b0 ban \u0111\u1ea7u.<\/p>\n<p>\u2013 An to\u00e0n, kh\u00f4ng g\u00e2y ch\u00e1y n\u1ed5, kh\u00f4ng l\u00e0m thay \u0111\u1ed5i t\u00ednh ch\u1ea5t c\u1ee7a nhi\u00ean li\u1ec7u m\u00e0 ch\u1ec9 trung h\u00f2a c\u00e1c h\u1ee3p ch\u1ea5t c\u00f3 h\u1ea1i.<\/p>\n<p>\u2013 \u0110\u01a1n gi\u1ea3n, ti\u1ec7n d\u1ee5ng, \u0111\u1ed5 tr\u1ef1c ti\u1ebfp v\u00e0o b\u00ecnh nhi\u00ean li\u1ec7u.<\/p>\n<p><strong>\u1ee8NG D\u1ee4NG:<\/strong>\u00a0D\u00f9ng trong h\u1ec7 th\u1ed1ng nhi\u00ean li\u1ec7u trong \u0111\u1ed9ng c\u01a1 ( Diesel ) c\u1ee7a c\u00e1c ph\u01b0\u01a1ng ti\u1ec7n giao th\u00f4ng v\u00e0 m\u00e1y m\u00f3c c\u00f4ng nghi\u1ec7p.<\/p>\n<p><strong>T\u00c1C D\u1ee4NG:<\/strong><\/p>\n<p><strong>\u00a0<\/strong>\u2013 Ph\u1ee5c h\u1ed3i v\u00e0 b\u1ea3o v\u1ec7 \u0111\u1ed9ng c\u01a1\u00a0b\u1eb1ng CERAMIC (SiC_Kim c\u01b0\u01a1ng nh\u00e2n t\u1ea1o moissanite)<\/p>\n<p>\u2013 T\u0103ng ch\u1ec9 s\u1ed1 octane<\/p>\n<p>\u2013 L\u00e0m s\u1ea1ch b\u1ed9 phun nhi\u00ean li\u1ec7u<\/p>\n<p>\u2013 X\u1eed l\u00fd kim lo\u1ea1i xy lanh tr\u00ean<\/p>\n<p>\u2013 L\u00e0m s\u1ea1ch b\u00ecnh nhi\u00ean li\u1ec7u<\/p>\n<p>\u2013 X\u1eed l\u00fd b\u01a1m nhi\u00ean li\u1ec7u<\/p>\n<p>\u2013 L\u00e0m s\u1ea1ch v\u00e0 lo\u1ea1i b\u1ecf h\u01a1i n\u01b0\u1edbc trong h\u1ec7 th\u1ed1ng.<\/p>\n<p>\u2013 Gi\u1ea3m nhi\u1ec7n li\u1ec7u (4-31%)<\/p>\n<p>\u2013 Gi\u1ea3m kh\u00ed th\u1ea3i (t\u1edbi 92%)<\/p>\n","protected":false},"excerpt":{"rendered":"<div>&gt;&gt; Ph\u1ee7 Ceramic (kim c\u01b0\u01a1ng nh\u00e2n t\u1ea1o) b\u1ea3o v\u1ec7 v\u00e0 ph\u1ee5c h\u1ed3i<\/div>\n<div>&gt;&gt; \u0110\u1ed9 c\u1ee9ng: 9,5. Nhi\u1ec7t \u0111\u1ed9 ch\u1ecbu \u0111\u1ef1ng: 2,000\u00b0C<\/div>\n<div>&gt;&gt; B\u1ed1c m\u00e1y, \u00eam v\u00e0 m\u01b0\u1ee3t m\u00e1y<\/div>\n<div>&gt;&gt; T\u0103ng ch\u1ec9 s\u1ed1 octane (ch\u1ec9 s\u1ed1 ch\u1ed1ng ch\u00e1y n\u1ed5 trong h\u1ec7 th\u1ed1ng)<\/div>\n<div>&gt;&gt; L\u00e0m s\u1ea1ch b\u1ed9 phun nhi\u00ean li\u1ec7u<\/div>\n<div>&gt;&gt; X\u1eed l\u00fd kim lo\u1ea1i xy lanh tr\u00ean<\/div>\n<div>&gt;&gt; L\u00e0m s\u1ea1ch b\u00ecnh nhi\u00ean li\u1ec7u<\/div>\n<div>&gt;&gt; X\u1eed l\u00fd b\u01a1m nhi\u00ean li\u1ec7u<\/div>\n<div>&gt;&gt; L\u00e0m s\u1ea1ch v\u00e0 lo\u1ea1i b\u1ecf h\u01a1i n\u01b0\u1edbc trong h\u1ec7 th\u1ed1ng.<\/div>\n<div>&gt;&gt; Gi\u1ea3m nhi\u00ean li\u1ec7u ( 4-31% ), kh\u00ed th\u1ea3i ( T\u1edbi 92% )<\/div>\n","protected":false},"featured_media":587,"comment_status":"open","ping_status":"closed","template":"","meta":[],"product_cat":[21],"product_tag":[],"_links":{"self":[{"href":"https:\/\/demo.bmconnect.vn\/motocare\/wp-json\/wp\/v2\/product\/647"}],"collection":[{"href":"https:\/\/demo.bmconnect.vn\/motocare\/wp-json\/wp\/v2\/product"}],"about":[{"href":"https:\/\/demo.bmconnect.vn\/motocare\/wp-json\/wp\/v2\/types\/product"}],"replies":[{"embeddable":true,"href":"https:\/\/demo.bmconnect.vn\/motocare\/wp-json\/wp\/v2\/comments?post=647"}],"wp:featuredmedia":[{"embeddable":true,"href":"https:\/\/demo.bmconnect.vn\/motocare\/wp-json\/wp\/v2\/media\/587"}],"wp:attachment":[{"href":"https:\/\/demo.bmconnect.vn\/motocare\/wp-json\/wp\/v2\/media?parent=647"}],"wp:term":[{"taxonomy":"product_cat","embeddable":true,"href":"https:\/\/demo.bmconnect.vn\/motocare\/wp-json\/wp\/v2\/product_cat?post=647"},{"taxonomy":"product_tag","embeddable":true,"href":"https:\/\/demo.bmconnect.vn\/motocare\/wp-json\/wp\/v2\/product_tag?post=647"}],"curies":[{"name":"wp","href":"https:\/\/api.w.org\/{rel}","templated":true}]}}