{"id":639,"date":"2017-10-14T11:55:43","date_gmt":"2017-10-14T04:55:43","guid":{"rendered":"https:\/\/demo.bmconnect.vn\/motocare\/?post_type=product&#038;p=639"},"modified":"2017-10-14T11:55:43","modified_gmt":"2017-10-14T04:55:43","slug":"cerma-automatic-tranmission-6oz","status":"publish","type":"product","link":"https:\/\/demo.bmconnect.vn\/motocare\/product\/cerma-automatic-tranmission-6oz\/","title":{"rendered":"Cerma Automatic Tranmission 6oz"},"content":{"rendered":"<h3><strong>CH\u1ea4T X\u1eec L\u00dd H\u1ed8P S\u1ed0 S\u00c0N \u2013 T\u1ef0 \u0110\u1ed8NG ( TRANSMISSION TREATMENT )<\/strong><\/h3>\n<p>M\u1ed9t trong nh\u1eefng y\u1ebfu t\u1ed1 g\u00e2y h\u1ea1i nh\u1ea5t \u0111\u1ed1i v\u1edbi <strong>b\u1ed9 truy\u1ec1n \u0111\u1ed9ng<\/strong> ch\u00ednh l\u00e0 l\u01b0\u1ee3ng nhi\u1ec7t sinh ra trong qu\u00e1 tr\u00ecnh v\u1eadn h\u00e0nh.<\/p>\n<p>L\u01b0\u1ee3ng nhi\u1ec7t \u0111\u00f3 l\u00e0m gi\u1ea3m tu\u1ed5i th\u1ecd c\u1ee7a h\u1ec7 th\u1ed1ng. Khi d\u00f9ng <em>ch\u1ea5t x\u1eed l\u00fd truy\u1ec1n \u0111\u1ed9ng<\/em> c\u1ee7a CERMA, l\u01b0\u1ee3ng nhi\u1ec7t s\u1ebd gi\u1ea3m r\u00f5 r\u1ec7t.<\/p>\n<p>CERMA c\u00f2n x\u1eed l\u00fd \u0111\u01b0\u1ee3c nh\u1eefng khu v\u1ef1c c\u1ef1c t\u1ea3i, nh\u01b0 b\u00e1nh r\u0103ng h\u00e0nh tinh, c\u00f9ng v\u1edbi b\u1ea1c \u1ed5 tr\u1ee5c ho\u1eb7c tr\u1ee5c \u0111\u1ee1 khi tr\u00e1m ph\u1ee7 b\u1ec1 m\u1eb7t kim lo\u1ea1i v\u00e0 t\u1ea1o m\u1ed9t l\u1edbp ceramic c\u1ef1c m\u1ecfng.Qu\u00e1 tr\u00ecnh n\u00e0y gi\u1ea3m ma s\u00e1t r\u00f5 r\u1ec7t khi\u1ebfn gi\u1ea3m nhi\u1ec7t \u0111\u1ed9 d\u1ea7u, v\u00e0 t\u1eeb \u0111\u00f3 t\u0103ng hi\u1ec7u n\u0103ng c\u0169ng nh\u01b0 k\u00e9o d\u00e0i tu\u1ed5i th\u1ecd b\u1ed9 truy\u1ec1n \u0111\u1ed9ng.<\/p>\n<p><strong>\u1ee8NG D\u1ee4NG: <\/strong>D\u00f9ng cho <em>h\u1ec7 th\u1ed1ng truy\u1ec1n \u0111\u1ed9ng<\/em> c\u1ee7a c\u00e1c ph\u01b0\u01a1ng ti\u1ec7n giao th\u00f4ng v\u00e0 c\u00e1c h\u1ec7 th\u1ed1ng c\u00f4ng nghi\u1ec7p.<\/p>\n<p><strong>T\u00c1C D\u1ee4NG:<\/strong><\/p>\n<p><strong>. <\/strong>Ph\u1ee5c h\u1ed3i v\u00e0 b\u1ea3o v\u1ec7 \u0111\u1ed9ng c\u01a1\u00a0b\u1eb1ng CERAMIC (SiC_Kim c\u01b0\u01a1ng nh\u00e2n t\u1ea1o moissanite)<\/p>\n<p>. Gi\u1ea3m nhi\u1ec7t \u0111\u1ed9 v\u1eadn h\u00e0nh<\/p>\n<p>. L\u00e0m th\u00f4ng van \u2013 t\u1ed1i \u0111a v\u1eadn h\u00e0nh<\/p>\n<p>. Ng\u0103n treo b\u1ed9 \u0111i\u1ec1u khi\u1ec3n<\/p>\n<p>. Gi\u1eef \u0111\u01b0\u1eddng d\u1eabn v\u00e0 l\u1ed7 phun d\u1ea7u th\u00f4ng tho\u00e1ng<\/p>\n<p>. K\u00e9o d\u00e0i tu\u1ed5i th\u1ecd b\u1ed9 truy\u1ec1n \u0111\u1ed9ng<\/p>\n<p>. Gi\u1ea3m h\u1ea1t kim lo\u1ea1i bong tr\u00f3c<\/p>\n<p>. Gi\u1ea3m c\u1eb7n vecni<\/p>\n<p>. Lo\u1ea1i b\u1ecf kh\u00f3a chuy\u1ec3n \u0111\u1ed9ng trong bi\u1ebfn m\u00f4<\/p>\n<p>. \u0110\u1ea3m b\u1ea3o chuy\u1ec3n s\u1ed1 ch\u00ednh x\u00e1c<\/p>\n","protected":false},"excerpt":{"rendered":"<div>&gt;&gt; D\u00f9ng 1 l\u1ea7n duy nh\u1ea5t, Tr\u00f9ng tu, b\u1ea3o v\u1ec7 v\u0129nh vi\u1ec5n<\/div>\n<div>&gt;&gt; \u0110\u1ed9 c\u1ee9ng: 9,5. Nhi\u1ec7t \u0111\u1ed9 ch\u1ecbu \u0111\u1ef1ng: 2,000\u00b0C<\/div>\n<div>&gt;&gt; Ph\u1ee7 Ceramic (kim c\u01b0\u01a1ng nh\u00e2n t\u1ea1o) b\u1ea3o v\u1ec7 v\u00e0 ph\u1ee5c h\u1ed3i<\/div>\n<div>&gt;&gt; L\u00e0m th\u00f4ng van &#8211; t\u1ed1i \u0111a v\u1eadn h\u00e0nh, ng\u0103n treo b\u1ed9 \u0111i\u1ec1u khi\u1ec3n<\/div>\n<div>&gt;&gt; Gi\u1ea3m ma s\u00e1t, hao m\u00f2n, hao d\u1ea7u<\/div>\n<div>&gt;&gt; Gi\u1eef \u0111\u01b0\u1eddng d\u1eabn v\u00e0 l\u1ed7 phun d\u1ea7u th\u00f4ng tho\u00e1ng<\/div>\n<div>&gt;&gt; K\u00e9o d\u00e0i tu\u1ed5i th\u1ecd b\u1ed9 truy\u1ec1n \u0111\u1ed9ng, t\u0103ng c\u00f4ng xu\u1ea5t<\/div>\n<div>&gt;&gt; Gi\u1ea3m h\u1ea1t kim lo\u1ea1i bong tr\u00f3c, c\u1eb7n vecni<\/div>\n<div>&gt;&gt; Lo\u1ea1i b\u1ecf kh\u00f3a chuy\u1ec3n \u0111\u1ed9ng trong bi\u1ebfn m\u00f4<\/div>\n<div>&gt;&gt; \u0110\u1ea3m b\u1ea3o chuy\u1ec3n s\u1ed1 ch\u00ednh x\u00e1c<\/div>\n","protected":false},"featured_media":587,"comment_status":"open","ping_status":"closed","template":"","meta":[],"product_cat":[19],"product_tag":[],"_links":{"self":[{"href":"https:\/\/demo.bmconnect.vn\/motocare\/wp-json\/wp\/v2\/product\/639"}],"collection":[{"href":"https:\/\/demo.bmconnect.vn\/motocare\/wp-json\/wp\/v2\/product"}],"about":[{"href":"https:\/\/demo.bmconnect.vn\/motocare\/wp-json\/wp\/v2\/types\/product"}],"replies":[{"embeddable":true,"href":"https:\/\/demo.bmconnect.vn\/motocare\/wp-json\/wp\/v2\/comments?post=639"}],"wp:featuredmedia":[{"embeddable":true,"href":"https:\/\/demo.bmconnect.vn\/motocare\/wp-json\/wp\/v2\/media\/587"}],"wp:attachment":[{"href":"https:\/\/demo.bmconnect.vn\/motocare\/wp-json\/wp\/v2\/media?parent=639"}],"wp:term":[{"taxonomy":"product_cat","embeddable":true,"href":"https:\/\/demo.bmconnect.vn\/motocare\/wp-json\/wp\/v2\/product_cat?post=639"},{"taxonomy":"product_tag","embeddable":true,"href":"https:\/\/demo.bmconnect.vn\/motocare\/wp-json\/wp\/v2\/product_tag?post=639"}],"curies":[{"name":"wp","href":"https:\/\/api.w.org\/{rel}","templated":true}]}}