{"id":389,"date":"2018-09-28T20:42:24","date_gmt":"2018-09-28T13:42:24","guid":{"rendered":"https:\/\/demo.bmconnect.vn\/maylockhi2\/?post_type=product&#038;p=389"},"modified":"2018-09-28T20:42:24","modified_gmt":"2018-09-28T13:42:24","slug":"may-loc-khong-khi-sharp-fp-f40e","status":"publish","type":"product","link":"https:\/\/demo.bmconnect.vn\/maylockhi2\/may-loc-khong-khi-sharp-fp-f40e\/","title":{"rendered":"M\u00c1Y L\u1eccC KH\u00d4NG KH\u00cd SHARP FP-F40E"},"content":{"rendered":"<h2><strong>M\u00e1y l\u1ecdc kh\u00f4ng kh\u00ed v\u00e0 b\u1eaft mu\u1ed7i Sharp GM-50E-B ch\u00ednh h\u00e3ng<\/strong><\/h2>\n<div>\n* Gi\u1ea3m ngay\u00a0100.000\u0111\u00a0cho c\u00e1c \u0111\u01a1n \u0111\u1eb7t h\u00e0ng Online. (Xem h\u01b0\u1edbng d\u1eabn \u0111\u1eb7t\u00a0t\u1ea1i \u0111\u00e2y)<\/div>\n<div>* D\u00f9ng th\u1eed\u00a003 ng\u00e0y, \u0111\u1ed5i tr\u1ea3 s\u1ea3n ph\u1ea9m trong v\u00f2ng\u00a090 ng\u00e0y\u00a0n\u1ebfu ph\u00e1t sinh l\u1ed7i k\u1ef9 thu\u1eadt.<\/div>\n<div>* T\u1eb7ng g\u00f3i b\u1ea3o d\u01b0\u1ee1ng mi\u1ec5n ph\u00ed t\u1ea1i gia \u0111\u00ecnh trong v\u00f2ng\u00a003 n\u0103m.<\/div>\n<div>* Gi\u1ea3m th\u00eam\u00a050.000\u0111\u00a0khi mua m\u00e0ng l\u1ecdc \u0111\u1ed1i kh\u00e1ch h\u00e0ng mua m\u00e1y l\u1ecdc kh\u00f4ng\u00a0kh\u00ed t\u1ea1i\u00a0http:\/\/maylockhi.com.vn\/<\/div>\n<div>* Mi\u1ec5n ph\u00ed \u0111o ch\u1ea5t l\u01b0\u1ee3ng kh\u00f4ng kh\u00ed trong nh\u00e0<\/div>\n<div>* Gi\u1ea3m \u0111\u1ebfn\u00a0200.000\u0111\u00a0cho m\u1ecdi kh\u00e1ch h\u00e0ng t\u1eeb l\u1ea7n mua th\u1ee9 hai.<\/div>\n<div>* Mi\u1ec5n ph\u00ed ph\u00ed ship h\u00e0ng n\u1ed9i th\u00e0nh H\u00e0 N\u1ed9i v\u00e0 H\u1ed3 Ch\u00ed Minh. M\u1ecdi chi ti\u1ebft xin vui l\u00f2ng li\u00ean h\u1ec7 t\u1edbi Hotline:\u00a0<strong>0907 635 222 &#8211; 0912 034 122 &#8211; 098 653 6698<\/strong>\u00a0\u0111\u1ec3 nh\u1eadn \u0111\u01b0\u1ee3c nh\u1eefng ph\u1ea7n qu\u00e0 gi\u00e1 tr\u1ecb nh\u1ea5t<\/div>\n<table border=\"1\" cellspacing=\"1\" cellpadding=\"1\">\n<tbody>\n<tr>\n<td colspan=\"2\"><strong>Th\u00f4ng s\u1ed1 k\u1ef9 thu\u1eadt<\/strong><\/td>\n<\/tr>\n<tr>\n<td>H\u00e3ng s\u1ea3n xu\u1ea5t<\/td>\n<td>Sharp<\/td>\n<\/tr>\n<tr>\n<td>Xu\u1ea5t x\u1ee9<\/td>\n<td>Th\u00e1i Lan<\/td>\n<\/tr>\n<tr>\n<td>Model<\/td>\n<td>Sharp GM-50E<\/td>\n<\/tr>\n<tr>\n<td><strong>B\u1ea3o h\u00e0nh<\/strong><\/td>\n<td>12 th\u00e1ng ch\u00ednh h\u00e3ng<\/td>\n<\/tr>\n<tr>\n<td>K\u00edch th\u01b0\u1edbc<\/td>\n<td>46.6 x 40.9 x 25.9 cm<\/td>\n<\/tr>\n<tr>\n<td>L\u01b0u l\u01b0\u1ee3ng kh\u00ed<\/td>\n<td>48-90|186| 306\u00a0m3\/h<\/td>\n<\/tr>\n<tr>\n<td>C\u1ea3m bi\u1ebfn<\/td>\n<td>B\u1ee5i, m\u00f9i<\/td>\n<\/tr>\n<tr>\n<td>\u0110\u1ed9 \u1ed3n<\/td>\n<td>20-29|41|51 dB<\/td>\n<\/tr>\n<tr>\n<td><strong>T\u00ednh n\u0103ng \u0111\u1eb7c bi\u1ec7t<\/strong><\/td>\n<td><strong>Haze, b\u1eaft mu\u1ed3i<\/strong><\/td>\n<\/tr>\n<tr>\n<td>M\u00e0u<\/td>\n<td>\u0110en<\/td>\n<\/tr>\n<tr>\n<td>C\u00f4ng su\u1ea5t (Min-max)<\/td>\n<td>51\/41\/20-29<\/td>\n<\/tr>\n<tr>\n<td>C\u00f4ng ngh\u1ec7<\/td>\n<td>Plasmacluster Ion<\/td>\n<\/tr>\n<tr>\n<td>Tr\u1ecdng l\u01b0\u1ee3ng<\/td>\n<td>6.1 kg<\/td>\n<\/tr>\n<tr>\n<td>Di\u1ec7n t\u00edch ho\u1ea1t \u0111\u1ed9ng<\/td>\n<td>40 m2<\/td>\n<\/tr>\n<tr>\n<td colspan=\"2\"><strong>Tu\u1ed5i th\u1ecd b\u1ed9 l\u1ecdc<\/strong><\/td>\n<\/tr>\n<tr>\n<td>HEPA(Tu\u1ed5i th\u1ecd)<\/td>\n<td>2 n\u0103m<\/td>\n<\/tr>\n<tr>\n<td>Carbon<\/td>\n<td>2 n\u0103m<\/td>\n<\/tr>\n<tr>\n<td colspan=\"2\"><strong>H\u1ec7 th\u1ed1ng Plasmapluster Ion<\/strong><\/td>\n<\/tr>\n<tr>\n<td>M\u1eadt \u0111\u1ed9 Ion<\/td>\n<td>7.000 ion\/cm3<\/td>\n<\/tr>\n<tr>\n<td>Tu\u1ed5i th\u1ecd<\/td>\n<td>19.000 h<\/td>\n<\/tr>\n<\/tbody>\n<\/table>\n<h2><strong>Nguy\u00ean l\u00fd ho\u1ea1t \u0111\u1ed9ng c\u1ee7a model Sharp GM-50E-B<\/strong><\/h2>\n<div>L\u00e0 model \u0111\u1ea7u ti\u00ean tr\u00ean th\u1ebf gi\u1edbi c\u00f3 t\u00ednh n\u0103ng di\u1ec7t mu\u1ed7i \u0111\u01b0\u1ee3c t\u00edch h\u1ee3p trong m\u00e1y l\u1ecdc kh\u00f4ng kh\u00ed v\u00ec th\u1ebf s\u1ea3n ph\u1ea9m n\u00e0y c\u1ee7a <strong><a title=\"m\u00e1y l\u00e0m s\u1ea1ch kh\u00f4ng kh\u00ed sharp\" href=\"http:\/\/maylockhi.com.vn\/may-loc-khong-khi-sharp\">Sharp<\/a><\/strong>r\u1ea5t th\u00edch h\u1ee3p v\u1edbi nh\u1eefng gia \u0111\u00ecnh c\u00f3 tr\u1ebb nh\u1ecf hay c\u00e1c khu \u00f4 nhi\u1ec5m m\u00f4i tr\u01b0\u1eddng c\u00f3 nhi\u1ec1u mu\u1ed7i &#8211; t\u00e1c nh\u00e2n g\u00e2y ra nhi\u1ec1u b\u1ec7nh c\u0169ng nh\u01b0 l\u00e0 trung gian l\u00e2y b\u1ec7nh c\u1ee7a nhi\u1ec1u d\u1ecbch b\u1ec7nh kh\u00e1c.<\/p>\n<p>M\u00e1y ho\u1ea1t \u0111\u1ed9ng d\u1ef1a tr\u00ean c\u01a1 ch\u1ebf l\u1ecdc kh\u00ed. Khi lu\u1ed3ng gi\u00f3 \u0111\u01b0\u1ee3c h\u00fat v\u00e0o trong m\u00e1y s\u1ebd \u0111\u01b0\u1ee3c l\u00e0m s\u1ea1ch b\u1edfi h\u1ec7 th\u1ed1ng c\u00e1c m\u00e0ng l\u1ecdc kh\u1eed m\u00f9i, m\u00e0ng l\u1ecdc HEPA gi\u00fap lo\u1ea1i b\u1ecf vi khu\u1ea9n, virus, c\u00e1c ch\u1ea5t g\u00e2y d\u1ecb \u1ee9ng&#8230;<br \/>\n<img src=\"http:\/\/maylockhi.com.vn\/profiles\/maylockhicomvn\/uploads\/attach\/post\/images\/may-loc-khong-khi-bat-muoi.jpg\" alt=\"c\u01a1 ch\u1ebf ho\u1ea1t \u0111\u1ed9ng m\u00e1y l\u1ecdc kh\u00f4ng kh\u00ed b\u1eaft mu\u1ed7i\" \/><br \/>\nNgo\u00e0i ra, t\u00ednh n\u0103ng b\u1eaft mu\u1ed7i c\u1ee7a<strong> Sharp FP-GM-50E-B<\/strong> lu\u00f4n \u0111\u01b0\u1ee3c k\u00edch ho\u1ea1t khi qu\u00e1 tr\u00ecnh m\u00e1y l\u1ecdc kh\u00f4ng kh\u00ed ho\u1ea1t \u0111\u1ed9ng. \u00c1nh s\u00e1ng xanh \u0111\u01b0\u1ee3c ph\u00e1t ra t\u1eeb ph\u00eda sau c\u1ee7a m\u00e1y s\u1ebd thu h\u00fat mu\u1ed7i \u0111\u1ebfn g\u1ea7n v\u00e0 sau \u0111o d\u01b0\u1edbi t\u00e1c \u0111\u1ed9ng c\u1ee7a qu\u1ea1t h\u00fat th\u00ec mu\u1ed7i s\u1ebd b\u1ecb d\u00ednh v\u00e0o t\u1ea5m d\u00ednh b\u00ean trong m\u00e1y n\u00ean r\u1ea5t an to\u00e0n cho m\u1ecdi ng\u01b0\u1eddi.<\/p>\n<p>T\u00ecm hi\u1ec3u th\u00eam c\u00e1c s\u1ea3n ph\u1ea9m m\u00e1y l\u00e0m s\u1ea1ch kh\u00f4ng kh\u00ed kh\u00e1c.<\/p><\/div>\n","protected":false},"excerpt":{"rendered":"<ul>\n<li><b>H\u00e3ng S\u1ea3n xu\u1ea5t<\/b>: Sharp<\/li>\n<li><b>B\u1ea3o h\u00e0nh<\/b>: 1 n\u0103m ch\u00ednh h\u00e3ng<\/li>\n<li><b>Di\u1ec7n t\u00edch ph\u00f2ng<\/b>: 30m2<\/li>\n<li><b>C\u00f4ng ngh\u1ec7<\/b>: plasma cluster ion<\/li>\n<li><b>\u0110\u00e8n b\u00e1o thay th\u1ebf m\u00e0ng l\u1ecdc<\/b>: C\u00f3<\/li>\n<li><b>Tu\u1ed5i th\u1ecd b\u1ed9 l\u1ecdc<\/b>: 2 n\u0103m<\/li>\n<\/ul>\n","protected":false},"featured_media":390,"comment_status":"open","ping_status":"closed","template":"","meta":[],"product_cat":[15,28],"product_tag":[],"_links":{"self":[{"href":"https:\/\/demo.bmconnect.vn\/maylockhi2\/wp-json\/wp\/v2\/product\/389"}],"collection":[{"href":"https:\/\/demo.bmconnect.vn\/maylockhi2\/wp-json\/wp\/v2\/product"}],"about":[{"href":"https:\/\/demo.bmconnect.vn\/maylockhi2\/wp-json\/wp\/v2\/types\/product"}],"replies":[{"embeddable":true,"href":"https:\/\/demo.bmconnect.vn\/maylockhi2\/wp-json\/wp\/v2\/comments?post=389"}],"wp:featuredmedia":[{"embeddable":true,"href":"https:\/\/demo.bmconnect.vn\/maylockhi2\/wp-json\/wp\/v2\/media\/390"}],"wp:attachment":[{"href":"https:\/\/demo.bmconnect.vn\/maylockhi2\/wp-json\/wp\/v2\/media?parent=389"}],"wp:term":[{"taxonomy":"product_cat","embeddable":true,"href":"https:\/\/demo.bmconnect.vn\/maylockhi2\/wp-json\/wp\/v2\/product_cat?post=389"},{"taxonomy":"product_tag","embeddable":true,"href":"https:\/\/demo.bmconnect.vn\/maylockhi2\/wp-json\/wp\/v2\/product_tag?post=389"}],"curies":[{"name":"wp","href":"https:\/\/api.w.org\/{rel}","templated":true}]}}