{"id":367,"date":"2018-09-28T20:32:05","date_gmt":"2018-09-28T13:32:05","guid":{"rendered":"https:\/\/demo.bmconnect.vn\/maylockhi2\/?post_type=product&#038;p=367"},"modified":"2018-09-28T20:32:05","modified_gmt":"2018-09-28T13:32:05","slug":"may-loc-khong-khi-sharp-fp-g50e-w","status":"publish","type":"product","link":"https:\/\/demo.bmconnect.vn\/maylockhi2\/may-loc-khong-khi-sharp-fp-g50e-w\/","title":{"rendered":"M\u00e1y l\u1ecdc kh\u00f4ng kh\u00ed Sharp FP-G50E-W"},"content":{"rendered":"<h2><strong>M\u00e1y l\u1ecdc kh\u00f4ng kh\u00ed v\u00e0 b\u1eaft mu\u1ed7i Sharp FP-G50E-WW ch\u00ednh h\u00e3ng<\/strong><\/h2>\n<div>\n* Gi\u1ea3m ngay\u00a0100.000\u0111\u00a0cho c\u00e1c \u0111\u01a1n \u0111\u1eb7t h\u00e0ng Online. (Xem h\u01b0\u1edbng d\u1eabn \u0111\u1eb7t\u00a0t\u1ea1i \u0111\u00e2y)<\/div>\n<div>* D\u00f9ng th\u1eed\u00a003 ng\u00e0y, \u0111\u1ed5i tr\u1ea3 s\u1ea3n ph\u1ea9m trong v\u00f2ng\u00a090 ng\u00e0y\u00a0n\u1ebfu ph\u00e1t sinh l\u1ed7i k\u1ef9 thu\u1eadt.<\/div>\n<div>* T\u1eb7ng g\u00f3i b\u1ea3o d\u01b0\u1ee1ng mi\u1ec5n ph\u00ed t\u1ea1i gia \u0111\u00ecnh trong v\u00f2ng\u00a003 n\u0103m.<\/div>\n<div>* Gi\u1ea3m th\u00eam\u00a050.000\u0111\u00a0khi mua m\u00e0ng l\u1ecdc \u0111\u1ed1i kh\u00e1ch h\u00e0ng mua m\u00e1y l\u1ecdc kh\u00f4ng\u00a0kh\u00ed t\u1ea1i\u00a0http:\/\/maylockhi.com.vn\/<\/div>\n<div>* Mi\u1ec5n ph\u00ed \u0111o ch\u1ea5t l\u01b0\u1ee3ng kh\u00f4ng kh\u00ed trong nh\u00e0<\/div>\n<div>* Gi\u1ea3m \u0111\u1ebfn\u00a0200.000\u0111\u00a0cho m\u1ecdi kh\u00e1ch h\u00e0ng t\u1eeb l\u1ea7n mua th\u1ee9 hai.<\/div>\n<div>* Mi\u1ec5n ph\u00ed ph\u00ed ship h\u00e0ng n\u1ed9i th\u00e0nh H\u00e0 N\u1ed9i v\u00e0 H\u1ed3 Ch\u00ed Minh. M\u1ecdi chi ti\u1ebft xin vui l\u00f2ng li\u00ean h\u1ec7 t\u1edbi Hotline:\u00a0<strong>0907 635 222 &#8211; 0912 034 122 &#8211; 098 653 6698<\/strong>\u00a0\u0111\u1ec3 nh\u1eadn \u0111\u01b0\u1ee3c nh\u1eefng ph\u1ea7n qu\u00e0 gi\u00e1 tr\u1ecb nh\u1ea5t<\/div>\n<div><\/div>\n<table border=\"1\" cellspacing=\"1\" cellpadding=\"1\">\n<tbody>\n<tr>\n<td colspan=\"2\"><strong>Th\u00f4ng s\u1ed1 k\u1ef9 thu\u1eadt<\/strong><\/td>\n<\/tr>\n<tr>\n<td>H\u00e3ng s\u1ea3n xu\u1ea5t<\/td>\n<td>Sharp<\/td>\n<\/tr>\n<tr>\n<td>Xu\u1ea5t x\u1ee9<\/td>\n<td>Th\u00e1i Lan<\/td>\n<\/tr>\n<tr>\n<td>Model<\/td>\n<td>Sharp FP-G50E-W<\/td>\n<\/tr>\n<tr>\n<td><strong>B\u1ea3o h\u00e0nh<\/strong><\/td>\n<td>12 th\u00e1ng ch\u00ednh h\u00e3ng<\/td>\n<\/tr>\n<tr>\n<td>K\u00edch th\u01b0\u1edbc<\/td>\n<td>54.0&#215;38.3&#215;20.9 cm<\/td>\n<\/tr>\n<tr>\n<td>L\u01b0u l\u01b0\u1ee3ng kh\u00ed<\/td>\n<td>48-90|186|306\u00a0m3\/h<\/td>\n<\/tr>\n<tr>\n<td>C\u1ea3m bi\u1ebfn<\/td>\n<td>B\u1ee5i, m\u00f9i<\/td>\n<\/tr>\n<tr>\n<td>\u0110\u1ed9 \u1ed3n<\/td>\n<td>20-29|41|51 dB<\/td>\n<\/tr>\n<tr>\n<td><strong>T\u00ednh n\u0103ng \u0111\u1eb7c bi\u1ec7t<\/strong><\/td>\n<td><strong>Haze, Inverter<\/strong><\/td>\n<\/tr>\n<tr>\n<td>M\u00e0u<\/td>\n<td>Tr\u1eafng<\/td>\n<\/tr>\n<tr>\n<td>C\u00f4ng su\u1ea5t (Min-max)<\/td>\n<td>4.0-5.5|16|47<\/td>\n<\/tr>\n<tr>\n<td>C\u00f4ng ngh\u1ec7<\/td>\n<td>Plasmacluster Ion<\/td>\n<\/tr>\n<tr>\n<td>Tr\u1ecdng l\u01b0\u1ee3ng<\/td>\n<td>5.1 kg<\/td>\n<\/tr>\n<tr>\n<td>Di\u1ec7n t\u00edch ho\u1ea1t \u0111\u1ed9ng<\/td>\n<td>40 m2<\/td>\n<\/tr>\n<tr>\n<td colspan=\"2\"><strong>Tu\u1ed5i th\u1ecd b\u1ed9 l\u1ecdc<\/strong><\/td>\n<\/tr>\n<tr>\n<td>HEPA(Tu\u1ed5i th\u1ecd)<\/td>\n<td>2 n\u0103m<\/td>\n<\/tr>\n<tr>\n<td>Carbon<\/td>\n<td>2 n\u0103m<\/td>\n<\/tr>\n<tr>\n<td colspan=\"2\"><strong>H\u1ec7 th\u1ed1ng Plasmapluster Ion<\/strong><\/td>\n<\/tr>\n<tr>\n<td>M\u1eadt \u0111\u1ed9 Ion<\/td>\n<td>7.000 ion\/cm3<\/td>\n<\/tr>\n<tr>\n<td>Tu\u1ed5i th\u1ecd<\/td>\n<td>19.000 h<\/td>\n<\/tr>\n<\/tbody>\n<\/table>\n<div><\/div>\n<h2>Nguy\u00ean l\u00fd ho\u1ea1t \u0111\u1ed9ng m\u00e1y l\u1ecdc kh\u00f4ng kh\u00ed Sharp FP-G50E<\/h2>\n<div>C\u01a1 ch\u1ebf v\u1eadn h\u00e0nh t\u1ef1 \u0111\u1ed9ng v\u1edbi s\u1ef1 k\u1ebft h\u1ee3p c\u00f4ng ngh\u1ec7 Inverter hi\u1ec7n \u0111\u1ea1i, m\u00e1y l\u1ecdc kh\u00ed Sharp FP-G50E mang \u0111\u1ebfn \u0111\u1ea7y \u0111\u1ee7 nh\u1eefng t\u00ednh n\u0103ng c\u1ee7a m\u1ed9t s\u1ea3n ph\u1ea9m m\u00e1y l\u1ecdc kh\u00f4ng kh\u00ed hi\u1ec7n \u0111\u1ea1i. Thi\u1ebft k\u1ebf h\u1ee3p th\u1eddi trang v\u1edbi tone m\u00e0u v\u00e0ng tr\u1eafng g\u1ee3i l\u00ean s\u1ef1 sang tr\u1ecdng c\u1ee7a chi\u1ebfc m\u00e1y. M\u00e1y ho\u1ea1t \u0111\u1ed9ng d\u1ef1a tr\u00ean s\u1ef1 \u0111\u1ed1i l\u01b0u kh\u00f4ng kh\u00ed, sau khi kh\u00f4ng kh\u00ed b\u1ea9n trong ph\u00f2ng \u0111\u01b0\u1ee3c m\u00e1y h\u00fat v\u00e0o th\u00ec b\u1ee5i b\u1ea9n, vi khu\u1ea9n, n\u1ea5m m\u1ed1c v\u00e0 c\u00e1c m\u00f9i kh\u00f3 ch\u1ecbu s\u1ebd b\u1ecb gi\u1eef l\u1ea1i \u1edf m\u00e0ng l\u1ecdc kh\u1eed m\u00f9i v\u00e0 m\u00e0ng l\u1ecdc \u0111\u1ed3ng th\u1eddi kh\u00f4ng kh\u00ed s\u1ea1ch s\u1ebd \u0111\u01b0\u1ee3c \u0111\u1ea9y ra ngo\u00e0i.<br \/>\nTrong qu\u00e1 tr\u00ecnh n\u00e0y, c\u00f4ng ngh\u1ec7 Plasma Cluster Ion ph\u00e1t ion \u00e2m c\u1ee7a Sharp s\u1ebd ho\u1ea1t \u0111\u1ed9ng, t\u1ea1o ra c\u00e1c ion \u00e2m ph\u00e1t ra trong kh\u00f4ng kh\u00ed gi\u00fap kh\u1eed khu\u1ea9n, ti\u00eau di\u1ec7t n\u1ea5m m\u1ed1c, virus l\u01a1 l\u1eedng trong kh\u00f4ng kh\u00ed.<br \/>\n<img src=\"http:\/\/maylockhi.com.vn\/profiles\/maylockhicomvn\/uploads\/attach\/post\/images\/tinh-nang-haze.jpg\" alt=\"\" \/><br \/>\nCh\u1ebf \u0111\u1ecd Haze gi\u00fap l\u1ecdc s\u1ea1ch kh\u00f4ng kh\u00ed trong kho\u1ea3ng th\u1eddi gian ng\u1eafn nh\u1ea5t. Ngo\u00e0i ra v\u1edbi c\u00f4ng ngh\u1ec7 Inverter hi\u1ec7n \u0111\u1ea1i t\u1eeb Nh\u1eadt B\u1ea3n s\u1ebd gi\u00fap b\u1ea1n ti\u1ebft ki\u1ec7m r\u1ea5t nhi\u1ec1u \u0111i\u1ec7n n\u0103ng ti\u00eau th\u1ee5 trong qu\u00e1 tr\u00ecnh m\u00e1y l\u1ecdc kh\u00f4ng kh\u00ed ho\u1ea1t \u0111\u1ed9ng. C\u1ef1c k\u1ef3 h\u1eefu \u00edch v\u00ec th\u00f4ng th\u01b0\u1eddng m\u00e1y ho\u1ea1t \u0111\u1ed9ng 24\/24.<br \/>\n<img src=\"http:\/\/maylockhi.com.vn\/profiles\/maylockhicomvn\/uploads\/attach\/post\/images\/cong-nghe-inverter.jpg\" alt=\"\" \/><br \/>\nHi\u1ec7n model may loc khong khi Sharp <strong>FP-G50E-W<\/strong>\u00a0\u0111ang \u0111\u01b0\u1ee3c \u0110\u1ea1i H\u1ea3i Th\u1ee7y ph\u00e2n ph\u1ed1i b\u00e1n v\u1edbi gi\u00e1 c\u1ea3 v\u00e0 ch\u1ea5t l\u01b0\u1ee3ng c\u00f9ng v\u1edbi nhi\u1ec1u ch\u01b0\u01a1ng tr\u00ecnh khuy\u1ebfn m\u00e3i t\u1ed1t. H\u00e3y li\u00ean h\u1ec7 ngay \u0111\u1ec3 nghe t\u01b0 v\u1ea5n c\u0169ng nh\u01b0 t\u00ecm hi\u1ec3u v\u1ec1 c\u00e1c ch\u01b0\u01a1ng tr\u00ecnh khuy\u1ebfn m\u00e3i c\u1ee7a ch\u00fang t\u00f4i.<br \/>\nXem th\u00eam c\u00e1c s\u1ea3n ph\u1ea9m m\u00e1y l\u1ecdc kh\u00f4ng kh\u00ed kh\u00e1c <strong>t\u1ea1i \u0111\u00e2y<\/strong><\/div>\n","protected":false},"excerpt":{"rendered":"<ul>\n<li><b>H\u00e3ng S\u1ea3n xu\u1ea5t<\/b>: Sharp<\/li>\n<li><b>B\u1ea3o h\u00e0nh<\/b>: 1 n\u0103m ch\u00ednh h\u00e3ng<\/li>\n<li><b>Di\u1ec7n t\u00edch ph\u00f2ng<\/b>: 40m2<\/li>\n<li><b>C\u00f4ng ngh\u1ec7<\/b>: Plasma cluster ion<\/li>\n<li><b>T\u1ef1 kh\u1edfi \u0111\u1ed9ng l\u1ea1i<\/b>: C\u00f3<\/li>\n<li><b>Tu\u1ed5i th\u1ecd b\u1ed9 l\u1ecdc<\/b>: 2 n\u0103m<\/li>\n<\/ul>\n","protected":false},"featured_media":368,"comment_status":"open","ping_status":"closed","template":"","meta":[],"product_cat":[15,28],"product_tag":[],"_links":{"self":[{"href":"https:\/\/demo.bmconnect.vn\/maylockhi2\/wp-json\/wp\/v2\/product\/367"}],"collection":[{"href":"https:\/\/demo.bmconnect.vn\/maylockhi2\/wp-json\/wp\/v2\/product"}],"about":[{"href":"https:\/\/demo.bmconnect.vn\/maylockhi2\/wp-json\/wp\/v2\/types\/product"}],"replies":[{"embeddable":true,"href":"https:\/\/demo.bmconnect.vn\/maylockhi2\/wp-json\/wp\/v2\/comments?post=367"}],"wp:featuredmedia":[{"embeddable":true,"href":"https:\/\/demo.bmconnect.vn\/maylockhi2\/wp-json\/wp\/v2\/media\/368"}],"wp:attachment":[{"href":"https:\/\/demo.bmconnect.vn\/maylockhi2\/wp-json\/wp\/v2\/media?parent=367"}],"wp:term":[{"taxonomy":"product_cat","embeddable":true,"href":"https:\/\/demo.bmconnect.vn\/maylockhi2\/wp-json\/wp\/v2\/product_cat?post=367"},{"taxonomy":"product_tag","embeddable":true,"href":"https:\/\/demo.bmconnect.vn\/maylockhi2\/wp-json\/wp\/v2\/product_tag?post=367"}],"curies":[{"name":"wp","href":"https:\/\/api.w.org\/{rel}","templated":true}]}}