{"id":736,"date":"2018-09-29T00:30:28","date_gmt":"2018-09-28T17:30:28","guid":{"rendered":"https:\/\/demo.bmconnect.vn\/maylockhi2\/?page_id=736"},"modified":"2018-09-29T00:30:28","modified_gmt":"2018-09-28T17:30:28","slug":"chinh-sach-ban-hang-2","status":"publish","type":"page","link":"https:\/\/demo.bmconnect.vn\/maylockhi2\/chinh-sach-ban-hang-2\/","title":{"rendered":"Ch\u00ednh s\u00e1ch b\u00e1n h\u00e0ng"},"content":{"rendered":"<p>Kangaroo Vi\u1ec7t Nam giao h\u00e0ng t\u1edbi t\u1ea5t c\u1ea3 c\u00e1c khu v\u1ef1c t\u1ec9nh th\u00e0nh tr\u00ean ph\u1ea1m vi to\u00e0n l\u00e3nh th\u1ed5 Vi\u1ec7t Nam. Ch\u00ednh s\u00e1ch giao h\u00e0ng c\u1ee7a Kangaroo Vi\u1ec7t Nam c\u1ee5 th\u1ec3 nh\u01b0 sau:<\/p>\n<ol>\n<li><b> \u00a0PH\u1ea0M VI \u00c1P D\u1ee4NG<\/b> <b>:<\/b><\/li>\n<\/ol>\n<p>T\u1ea5t c\u1ea3 c\u00e1c kh\u00e1ch h\u00e0ng mua s\u1ea3n ph\u1ea9m Kangaroo t\u1ea1i website <b>kangaroovietnam.vn<\/b> c\u00f3 nhu c\u1ea7u giao h\u00e0ng tr\u1ef1c ti\u1ebfp t\u1ea1i nh\u00e0.<\/p>\n<ol start=\"2\">\n<li><b> H\u00ccNH TH\u1ee8C \u00c1P D\u1ee4NG:<\/b><\/li>\n<\/ol>\n<p>&#8211; \u00a0\u00a0\u00a0\u00a0\u00a0\u00a0\u00a0\u00a0\u00a0 \u0110\u1ed1i v\u1edbi kh\u00e1ch h\u00e0ng \u1edf khu v\u1ef1c<b>\u00a0<\/b>n\u1ed9i th\u00e0nh<b>\u00a0<\/b>&#8221; <b>\u00a0H\u00e0 N\u1ed9i, TP H\u1ed3 Ch\u00ed Minh v\u00e0 H\u1ea3i Ph\u00f2ng\u00a0<\/b>\u201d Kangaroo Vi\u1ec7t Nam mi\u1ec5n ph\u00ed v\u1eadn chuy\u1ec3n v\u00e0 l\u1eafp \u0111\u1eb7t<\/p>\n<p>&#8211; \u00a0\u00a0\u00a0\u00a0\u00a0\u00a0\u00a0\u00a0\u00a0 Ngo\u00e0i tr\u01b0\u1eddng h\u1ee3p giao h\u00e0ng mi\u1ec5n ph\u00ed tr\u00ean, c\u00e1c tr\u01b0\u1eddng h\u1ee3p c\u00f2n l\u1ea1i s\u1ebd \u0111\u01b0\u1ee3c t\u00ednh ph\u00ed giao h\u00e0ng theo b\u1ea3ng ph\u00ed v\u1eadn chuy\u1ec3n c\u1ee7a h\u00e3ng v\u1eadn chuy\u1ec3n th\u1ee9 3 ho\u1eb7c theo b\u1ea3ng ph\u00ed c\u1ee7a Kangaroo Vi\u1ec7t Nam. Chi ph\u00ed n\u00e0y s\u1ebd \u0111\u01b0\u1ee3c KangarooVi\u1ec7t Nam th\u00f4ng b\u00e1o v\u00e0 x\u00e1c nh\u1eadn v\u1edbi qu\u00fd kh\u00e1ch tr\u01b0\u1edbc khi qu\u00fd kh\u00e1ch ti\u1ebfn h\u00e0nh thanh to\u00e1n v\u00e0 Kangaroo Vi\u1ec7t Nam ti\u1ebfn h\u00e0nh g\u1eedi h\u00e0ng<\/p>\n<ol start=\"3\">\n<li><b> TH\u1edcI GIAN GIAO H\u00c0NG :<\/b><\/li>\n<\/ol>\n<p>&#8211;\u00a0\u00a0\u00a0\u00a0\u00a0\u00a0\u00a0\u00a0\u00a0\u00a0 Th\u1eddi gian giao h\u00e0ng s\u1ebd t\u1eeb 1-7 ng\u00e0y t\u00f9y v\u00e0o kho\u1ea3ng c\u00e1ch v\u1eadn chuy\u1ec3n.<\/p>\n<p>&#8211;\u00a0\u00a0\u00a0\u00a0\u00a0\u00a0\u00a0\u00a0\u00a0\u00a0 Trong m\u1ed9t s\u1ed1 tr\u01b0\u1eddng h\u1ee3p kh\u00e1ch quan Kangaroo Vi\u1ec7t Nam c\u00f3 th\u1ec3 giao h\u00e0ng ch\u1eadm tr\u1ec5 do nh\u1eefng \u0111i\u1ec1u ki\u1ec7n b\u1ea5t kh\u1ea3 kh\u00e1ng nh\u01b0 th\u1eddi ti\u1ebft x\u1ea5u, \u0111i\u1ec1u ki\u1ec7n giao th\u00f4ng kh\u00f4ng thu\u1eadn l\u1ee3i, xe h\u1ecfng h\u00f3c tr\u00ean \u0111\u01b0\u1eddng giao h\u00e0ng, tr\u1ee5c tr\u1eb7c trong qu\u00e1 tr\u00ecnh xu\u1ea5t h\u00e0ng.<\/p>\n<p>&#8211;\u00a0\u00a0\u00a0\u00a0\u00a0\u00a0\u00a0\u00a0\u00a0\u00a0 Trong th\u1eddi gian ch\u1edd \u0111\u1ee3i nh\u1eadn h\u00e0ng, Qu\u00fd kh\u00e1ch c\u00f3 b\u1ea5t c\u1ee9 th\u1eafc m\u1eafc g\u00ec v\u1ec1 th\u00f4ng tin v\u1eadn chuy\u1ec3n xin vui l\u00f2ng li\u00ean h\u1ec7 hotline <b>1900 63 64 06<\/b> c\u1ee7a Kangaroo Vi\u1ec7t Nam \u0111\u1ec3 nh\u1eadn tr\u1ee3 gi\u00fap.<\/p>\n<ol start=\"4\">\n<li><b> TR\u00c1CH NHI\u1ec6M V\u1edaI H\u00c0NG H\u00d3A V\u1eacN CHUY\u1ec2N .<\/b><\/li>\n<\/ol>\n<p>&#8211;\u00a0\u00a0\u00a0\u00a0\u00a0\u00a0\u00a0\u00a0\u00a0\u00a0 D\u1ecbch v\u1ee5 v\u1eadn chuy\u1ec3n c\u1ee7a Kangaroo Vi\u1ec7t Nam do Kangaroo Vi\u1ec7t Nam ch\u1ec9 \u0111\u1ecbnh s\u1ebd ch\u1ecbu tr\u00e1ch nhi\u1ec7m v\u1edbi h\u00e0ng h\u00f3a v\u00e0 c\u00e1c r\u1ee7i ro nh\u01b0 m\u1ea5t m\u00e1t ho\u1eb7c h\u01b0 h\u1ea1i c\u1ee7a h\u00e0ng h\u00f3a trong su\u1ed1t qu\u00e1 tr\u00ecnh v\u1eadn chuy\u1ec3n h\u00e0ng t\u1eeb Kangaroo Vi\u1ec7t Nam \u0111\u1ebfn qu\u00fd kh\u00e1ch.<\/p>\n<p>&#8211;\u00a0\u00a0\u00a0\u00a0\u00a0\u00a0\u00a0\u00a0\u00a0\u00a0 Qu\u00fd kh\u00e1ch c\u00f3 tr\u00e1ch nhi\u1ec7m ki\u1ec3m tra h\u00e0ng h\u00f3a khi nh\u1eadn h\u00e0ng. Khi ph\u00e1t hi\u1ec7n h\u00e0ng h\u00f3a b\u1ecb h\u01b0 h\u1ea1i, tr\u1ea7y x\u01b0\u1edbc, b\u1ec3 v\u1ee1, m\u00f3p m\u00e9o, ho\u1eb7c sai h\u00e0ng h\u00f3a th\u00ec k\u00fd x\u00e1c nh\u1eadn t\u00ecnh tr\u1ea1ng h\u00e0ng h\u00f3a v\u1edbi Nh\u00e2n vi\u00ean giao nh\u1eadn v\u00e0 th\u00f4ng b\u00e1o ngay cho B\u1ed9 ph\u1eadn ch\u0103m s\u00f3c kh\u00e1ch h\u00e0ng theo s\u1ed1 hotline c\u1ee7a Kangaroo Vi\u1ec7t Nam.<\/p>\n<p>&#8211;\u00a0\u00a0\u00a0\u00a0\u00a0\u00a0\u00a0\u00a0\u00a0\u00a0 Sau khi qu\u00fd kh\u00e1ch \u0111\u00e3 k\u00fd nh\u1eadn h\u00e0ng m\u00e0 kh\u00f4ng ghi ch\u00fa ho\u1eb7c c\u00f3 \u00fd ki\u1ebfn v\u1ec1 h\u00e0ng h\u00f3a. Kangaroo Vi\u1ec7t Nam kh\u00f4ng c\u00f3 tr\u00e1ch nhi\u1ec7m v\u1edbi nh\u1eefng y\u00eau c\u1ea7u \u0111\u1ed5i tr\u1ea3 v\u00ec h\u01b0 h\u1ecfng, tr\u1ea7y x\u01b0\u1edbc, b\u1ec3 v\u1ee1, m\u00f3p m\u00e9o, sai h\u00e0ng h\u00f3a,\u2026 t\u1eeb qu\u00fd kh\u00e1ch sau n\u00e0y.<\/p>\n<p>&#8211;\u00a0\u00a0\u00a0\u00a0\u00a0\u00a0\u00a0\u00a0\u00a0\u00a0 N\u1ebfu d\u1ecbch v\u1ee5 v\u1eadn chuy\u1ec3n do qu\u00fd kh\u00e1ch ch\u1ec9 \u0111\u1ecbnh v\u00e0 l\u1ef1a ch\u1ecdn th\u00ec qu\u00fd kh\u00e1ch s\u1ebd ch\u1ecbu tr\u00e1ch nhi\u1ec7m v\u1edbi h\u00e0ng h\u00f3a v\u00e0 c\u00e1c r\u1ee7i ro nh\u01b0 m\u1ea5t m\u00e1t ho\u1eb7c h\u01b0 h\u1ea1i c\u1ee7a h\u00e0ng h\u00f3a trong su\u1ed1t qu\u00e1 tr\u00ecnh v\u1eadn chuy\u1ec3n h\u00e0ng t\u1eeb Kangaroo Vi\u1ec7t Nam\u00a0\u0111\u1ebfn qu\u00fd kh\u00e1ch. Kh\u00e1ch h\u00e0ng s\u1ebd ch\u1ecbu tr\u00e1ch nhi\u1ec7m c\u01b0\u1edbc ph\u00ed v\u00e0 t\u1ed5n th\u1ea5t li\u00ean quan.<\/p>\n<ol start=\"5\">\n<li><b> CAM K\u1ebeT<\/b><\/li>\n<\/ol>\n<p>Kangaroo Vi\u1ec7t Nam s\u1ebd giao h\u00e0ng t\u1edbi t\u1ea5t c\u1ea3 c\u00e1c t\u1ec9nh th\u00e0nh trong ph\u1ea1m vi to\u00e0n qu\u1ed1c. V\u1edbi \u0111\u1ed9i ng\u0169 nh\u00e2n vi\u00ean k\u1ef9 thu\u1eadt, giao h\u00e0ng chuy\u00ean nghi\u1ec7p c\u1ee7a c\u00f4ng ty. Ch\u00fang t\u00f4i c\u00f2n li\u00ean k\u1ebft v\u1edbi c\u00e1c h\u00e3ng v\u1eadn chuy\u1ec3n h\u00e0ng h\u00f3a chuy\u00ean nghi\u1ec7p v\u00e0 uy t\u00edn tr\u00ean th\u1ecb tr\u01b0\u1eddng nh\u01b0 T\u00edn Th\u00e0nh, Viettel Post&#8230;. \u0111\u1ea3m b\u1ea3o cho h\u00e0ng h\u00f3a \u0111\u01b0\u1ee3c \u0111\u1ea3m b\u1ea3o an to\u00e0n v\u00e0 \u0111\u00fang h\u1eb9n v\u1edbi qu\u00fd kh\u00e1ch h\u00e0ng.<\/p>\n<p>M\u1ecdi \u00fd ki\u1ebfn \u0111\u00f3ng g\u00f3p c\u1ee7a qu\u00fd kh\u00e1ch vui l\u00f2ng li\u00ean h\u1ec7 v\u1edbi ch\u00fang t\u00f4i qua Email: <a href=\"mailto:support@kangaroovietnam.vn\">support@kangaroovietnam.vn<\/a> ho\u1eb7c g\u1ecdi v\u00e0o s\u1ed1 hotline: <b>1900 63 64 06<\/b><\/p>\n<p>R\u1ea5t h\u00e2n h\u1ea1nh \u0111\u01b0\u1ee3c ph\u1ee5c v\u1ee5 qu\u00fd kh\u00e1ch!<\/p>\n","protected":false},"excerpt":{"rendered":"<p>Kangaroo Vi\u1ec7t Nam giao h\u00e0ng t\u1edbi t\u1ea5t c\u1ea3 c\u00e1c khu v\u1ef1c t\u1ec9nh th\u00e0nh tr\u00ean ph\u1ea1m vi to\u00e0n l\u00e3nh th\u1ed5 Vi\u1ec7t Nam. Ch\u00ednh s\u00e1ch giao h\u00e0ng c\u1ee7a Kangaroo Vi\u1ec7t Nam c\u1ee5 th\u1ec3 nh\u01b0 sau: \u00a0PH\u1ea0M VI \u00c1P D\u1ee4NG : T\u1ea5t c\u1ea3 c\u00e1c kh\u00e1ch h\u00e0ng mua s\u1ea3n ph\u1ea9m Kangaroo t\u1ea1i website kangaroovietnam.vn c\u00f3 nhu c\u1ea7u giao h\u00e0ng&#8230;<\/p>\n","protected":false},"author":1,"featured_media":0,"parent":0,"menu_order":0,"comment_status":"closed","ping_status":"closed","template":"page-right-sidebar.php","meta":[],"_links":{"self":[{"href":"https:\/\/demo.bmconnect.vn\/maylockhi2\/wp-json\/wp\/v2\/pages\/736"}],"collection":[{"href":"https:\/\/demo.bmconnect.vn\/maylockhi2\/wp-json\/wp\/v2\/pages"}],"about":[{"href":"https:\/\/demo.bmconnect.vn\/maylockhi2\/wp-json\/wp\/v2\/types\/page"}],"author":[{"embeddable":true,"href":"https:\/\/demo.bmconnect.vn\/maylockhi2\/wp-json\/wp\/v2\/users\/1"}],"replies":[{"embeddable":true,"href":"https:\/\/demo.bmconnect.vn\/maylockhi2\/wp-json\/wp\/v2\/comments?post=736"}],"version-history":[{"count":1,"href":"https:\/\/demo.bmconnect.vn\/maylockhi2\/wp-json\/wp\/v2\/pages\/736\/revisions"}],"predecessor-version":[{"id":737,"href":"https:\/\/demo.bmconnect.vn\/maylockhi2\/wp-json\/wp\/v2\/pages\/736\/revisions\/737"}],"wp:attachment":[{"href":"https:\/\/demo.bmconnect.vn\/maylockhi2\/wp-json\/wp\/v2\/media?parent=736"}],"curies":[{"name":"wp","href":"https:\/\/api.w.org\/{rel}","templated":true}]}}