{"id":902,"date":"2017-10-27T21:49:25","date_gmt":"2017-10-27T14:49:25","guid":{"rendered":"https:\/\/demo.bmconnect.vn\/inbat\/?page_id=902"},"modified":"2017-10-27T21:49:25","modified_gmt":"2017-10-27T14:49:25","slug":"in-decal-trong","status":"publish","type":"page","link":"https:\/\/demo.bmconnect.vn\/inbat\/in-decal-trong\/","title":{"rendered":"In decal trong"},"content":{"rendered":"<h2>I<strong>n decal trong gi\u00e1 r\u1ebb<\/strong><\/h2>\n<p>Decan trong v\u1edbi t\u00e1c d\u1ee5ng nh\u00ecn xuy\u00ean th\u1ea5u chuy\u00ean \u0111\u01b0\u1ee3c d\u00f9ng \u0111\u1ec3 d\u00e1n k\u00ednh, trang tr\u00ed c\u00e1c showroom, c\u00e1c gian h\u00e0ng, c\u00e1c qu\u1ea7y h\u00e0ng t\u1ea1i c\u00e1c trung t\u00e2m BigC, Vincom, c\u1eeda h\u00e0ng , v\u0103n ph\u00f2ng l\u00e0m vi\u1ec7c\u2026<\/p>\n<p>Decal trong \u0111\u01b0\u1ee3c in tr\u00ean ch\u1ea5t li\u1ec7u \u0111\u1eb7c bi\u1ec7t d\u00e0y nh\u01b0ng nh\u00ecn nh\u00ecn xuy\u00ean qua \u0111\u01b0\u1ee3c, keo b\u00e1m t\u1ed1t, d\u1ec5 d\u00e1n, b\u1ed3i l\u00ean m\u1ecdi ch\u1ea5t li\u1ec7u, in b\u1eb1ng m\u1ef1c t\u1ed1t, m\u00e1y in HIFI \u0111\u1ed9 ph\u00e2n gi\u1ea3i cao \u0111\u1ea3m b\u1ea3o s\u1ebd mang l\u1ea1i s\u1ef1 h\u00e0i l\u00f2ng cho qu\u00fd kh\u00e1ch h\u00e0ng.<\/p>\n<p>Ngo\u00e0i in decal trong kh\u00e1ch h\u00e0ng c\u00f3 th\u1ec3 l\u1ef1a ch\u1ecdn decal pp, decal \u00f4 t\u00f4, decal pp ngo\u00e0i tr\u1eddi.<\/p>\n<p>Chuy\u00ean nghi\u1ec7p trong l\u0129nh v\u1ef1c in \u1ea5n, thi c\u00f4ng qu\u1ea3ng c\u00e1o chuy\u00ean treo b\u0103ng r\u00f4n, l\u00e0m bi\u1ec3n b\u1ea3ng qu\u1ea3ng c\u00e1o, thi c\u00f4ng d\u00e1n decal\u2026<\/p>\n<p>\u0110\u1eb7c bi\u1ec7t h\u01a1n khi \u0111\u1ebfn v\u1edbi ch\u00fang t\u00f4i b\u1ea1n s\u1ebd nh\u1eadn \u0111\u01b0\u1ee3c gi\u00e1 r\u1ebb nh\u1ea5t t\u1ea1i H\u00e0 N\u1ed9i v\u00e0 ph\u1ee5c v\u1ee5 chu \u0111\u00e1o nh\u1ea5t.<\/p>\n<p>C\u00e1c c\u00f4ng ty in decal trong trang b\u1ecb nh\u1eefng c\u00f4ng ngh\u1ec7 in hi\u1ec7n \u0111\u1ea1i c\u00f3 th\u1ec3 in ra nh\u1eefng s\u1ea3n ph\u1ea7m ch\u1ea5t l\u01b0\u1ee3ng ao m\u00e0 ti\u1ebft ki\u1ec7m t\u1ed1i \u0111a chi ph\u00ed\u2026 Ng\u00e0y nay, th\u1ecb tr\u01b0\u1eddng in decal trong kh\u00e1 \u0111a d\u1ea1ng v\u1edbi nhi\u1ec1u lo\u1ea1i decal trong d\u00e0nh cho t\u1eebng m\u1ee5c \u0111\u00edch s\u1eed d\u1ee5ng kh\u00e1c nhau nh\u01b0: in decal d\u00e1n xe, decal d\u00e1n b\u00ecnh \u0111\u1ef1ng\u2026<\/p>\n<p>N\u1ebfu b\u1ea1n l\u00e0 m\u1ed9t kh\u00e1ch h\u00e0ng l\u1edbn, mu\u1ed1n t\u00ecm m\u1ed9t n\u01a1i in tem decal cho nhu c\u1ea7u in \u1ea5n l\u00e2u d\u00e0i, b\u1ea1n n\u00ean c\u00e2n nh\u1eafc k\u1ef9 gi\u00e1 in tem decal tr\u01b0\u1edbc khi quy\u1ebft \u0111\u1ecbnh ch\u1ecdn n\u01a1i in tem decal uy t\u00edn v\u00e0 ch\u1ea5t l\u01b0\u1ee3ng. In decal trong ch\u1ea5t l\u01b0\u1ee3ng cao gi\u00fap ch\u1ea5t l\u01b0\u1ee3ng b\u1ea3n in c\u0169ng \u0111\u01b0\u1ee3c \u0111\u1ea3m b\u1ea3o t\u1ed1t nh\u01b0 b\u1ea3n in offset. Vi\u1ec7c\u2026<\/p>\n","protected":false},"excerpt":{"rendered":"<p>In decal trong gi\u00e1 r\u1ebb Decan trong v\u1edbi t\u00e1c d\u1ee5ng nh\u00ecn xuy\u00ean th\u1ea5u chuy\u00ean \u0111\u01b0\u1ee3c d\u00f9ng \u0111\u1ec3 d\u00e1n k\u00ednh, trang tr\u00ed c\u00e1c showroom, c\u00e1c gian h\u00e0ng, c\u00e1c qu\u1ea7y h\u00e0ng t\u1ea1i c\u00e1c trung t\u00e2m BigC, Vincom, c\u1eeda h\u00e0ng , v\u0103n ph\u00f2ng l\u00e0m vi\u1ec7c\u2026 Decal trong \u0111\u01b0\u1ee3c in tr\u00ean ch\u1ea5t li\u1ec7u \u0111\u1eb7c bi\u1ec7t d\u00e0y nh\u01b0ng nh\u00ecn nh\u00ecn [&#8230;]\n","protected":false},"author":1,"featured_media":0,"parent":0,"menu_order":0,"comment_status":"closed","ping_status":"closed","template":"page-left-sidebar.php","meta":[],"_links":{"self":[{"href":"https:\/\/demo.bmconnect.vn\/inbat\/wp-json\/wp\/v2\/pages\/902"}],"collection":[{"href":"https:\/\/demo.bmconnect.vn\/inbat\/wp-json\/wp\/v2\/pages"}],"about":[{"href":"https:\/\/demo.bmconnect.vn\/inbat\/wp-json\/wp\/v2\/types\/page"}],"author":[{"embeddable":true,"href":"https:\/\/demo.bmconnect.vn\/inbat\/wp-json\/wp\/v2\/users\/1"}],"replies":[{"embeddable":true,"href":"https:\/\/demo.bmconnect.vn\/inbat\/wp-json\/wp\/v2\/comments?post=902"}],"version-history":[{"count":1,"href":"https:\/\/demo.bmconnect.vn\/inbat\/wp-json\/wp\/v2\/pages\/902\/revisions"}],"predecessor-version":[{"id":903,"href":"https:\/\/demo.bmconnect.vn\/inbat\/wp-json\/wp\/v2\/pages\/902\/revisions\/903"}],"wp:attachment":[{"href":"https:\/\/demo.bmconnect.vn\/inbat\/wp-json\/wp\/v2\/media?parent=902"}],"curies":[{"name":"wp","href":"https:\/\/api.w.org\/{rel}","templated":true}]}}