{"id":885,"date":"2017-10-27T21:42:18","date_gmt":"2017-10-27T14:42:18","guid":{"rendered":"https:\/\/demo.bmconnect.vn\/inbat\/?page_id=885"},"modified":"2017-10-27T21:42:18","modified_gmt":"2017-10-27T14:42:18","slug":"in-decal-gia-re","status":"publish","type":"page","link":"https:\/\/demo.bmconnect.vn\/inbat\/in-decal-gia-re\/","title":{"rendered":"In decal gi\u00e1 r\u1ebb"},"content":{"rendered":"<p>N\u1ebfu qu\u00fd kh\u00e1ch h\u00e0ng \u0111ang c\u00f3 nhu c\u1ea7u in \u1ea5n decal, tem \u2013 nh\u00e3n th\u00ec Thi\u00ean H\u00e0 l\u00e0 s\u1ef1 l\u1ef1a ch\u1ecdn t\u1ed1t nh\u1ea5t. Khi \u0111\u1eb7t h\u00e0ng t\u1ea1i Thi\u00ean H\u00e0, kh\u00e1ch h\u00e0ng s\u1ebd \u0111\u01b0\u1ee3c h\u01b0\u1ee1ng nhi\u1ec1u \u01b0u \u0111\u00e3i m\u00e0 ch\u00fang t\u00f4i cam k\u1ebft nh\u1eefng \u0111\u01a1n v\u1ecb kh\u00e1c ch\u01b0a l\u00e0m \u0111\u01b0\u1ee3c. Thi\u00ean H\u00e0 kh\u1eb3ng \u0111\u1ecbnh th\u01b0\u01a1ng hi\u1ec7u, Uy t\u00edn b\u1eb1ng ch\u1ea5t l\u01b0\u1ee3ng, v\u1edbi gi\u00e1 th\u00e0nh cam k\u1ebft r\u1ea5t c\u1ea1nh tranh. \u0110i\u1ec1u \u0111\u1eb7c bi\u1ec7t l\u00e0 ch\u00fang t\u00f4i c\u00f3 th\u1ec3 h\u1ed7 tr\u1ee3 qu\u00fd kh\u00e1ch h\u00e0ng giao h\u00e0ng r\u1ea5t nhanh ch\u00f3ng. Ch\u1ec9 c\u1ea7n 1 \u2013 2 ng\u00e0y l\u00e0m vi\u1ec7c l\u00e0 c\u00f3 h\u00e0ng. (Nh\u01b0ng ch\u00fang t\u00f4i l\u00e0 \u0111\u01a1n v\u1ecb in Offset ch\u1ee9 kh\u00f4ng in k\u1ef9 thu\u1eadt s\u1ed1 n\u00ean c\u00f3 th\u1ec3 kh\u1eb3ng \u0111\u1ecbnh ch\u1ea5t l\u01b0\u1ee3ng t\u1ed1t nh\u1ea5t).<\/p>\n<p>\u0110i\u1ec1u \u0111\u1eb7c bi\u1ec7t l\u00e0 C\u00f4ng ty in \u1ea5n Thi\u00ean H\u00e0 cam k\u1ebft c\u00f3 nh\u1eefng ch\u00ednh s\u00e1ch h\u1eadu m\u00e3i \u0111\u1eb7c bi\u1ec7t d\u00e0nh cho kh\u00e1ch h\u00e0ng th\u01b0\u1eddng xuy\u00ean v\u00e0 Cam k\u1ebft v\u1edbi gi\u00e1 r\u1ebd nh\u1ea5t H\u00e0 N\u1ed9i. V\u1edbi \u0111\u1ed9i ng\u0169 nh\u00e2n vi\u00ean gi\u00e0u kinh nghi\u1ec7m ch\u0103m s\u00f3c kh\u00e1ch h\u00e0ng s\u1ebd t\u01b0 v\u1ea5n cho qu\u00fd kh\u00e1ch h\u00e0ng nh\u1eefng s\u1ea3n ph\u1ea9m ch\u1ea5t l\u01b0\u1ee3ng v\u00e0 ti\u1ebft ki\u1ec7m nh\u1ea5t.<\/p>\n<p>N\u1ebfu c\u00f4ng ty b\u1ea1n \u0111ang c\u1ea7n t\u00ecm m\u1ed9t nh\u00e0 cung c\u1ea5p decal chuy\u00ean nghi\u1ec7p v\u00e0 l\u00e2u d\u00e0i th\u00ec Thi\u00ean H\u00e0 l\u00e0 l\u1ef1a ch\u1ecdn \u0111\u00fang \u0111\u1eafn cho b\u1ea1n.<\/p>\n<h2><\/h2>\n","protected":false},"excerpt":{"rendered":"<p>N\u1ebfu qu\u00fd kh\u00e1ch h\u00e0ng \u0111ang c\u00f3 nhu c\u1ea7u in \u1ea5n decal, tem \u2013 nh\u00e3n th\u00ec Thi\u00ean H\u00e0 l\u00e0 s\u1ef1 l\u1ef1a ch\u1ecdn t\u1ed1t nh\u1ea5t. Khi \u0111\u1eb7t h\u00e0ng t\u1ea1i Thi\u00ean H\u00e0, kh\u00e1ch h\u00e0ng s\u1ebd \u0111\u01b0\u1ee3c h\u01b0\u1ee1ng nhi\u1ec1u \u01b0u \u0111\u00e3i m\u00e0 ch\u00fang t\u00f4i cam k\u1ebft nh\u1eefng \u0111\u01a1n v\u1ecb kh\u00e1c ch\u01b0a l\u00e0m \u0111\u01b0\u1ee3c. Thi\u00ean H\u00e0 kh\u1eb3ng \u0111\u1ecbnh th\u01b0\u01a1ng hi\u1ec7u, [&#8230;]\n","protected":false},"author":1,"featured_media":0,"parent":0,"menu_order":0,"comment_status":"closed","ping_status":"closed","template":"page-left-sidebar.php","meta":[],"_links":{"self":[{"href":"https:\/\/demo.bmconnect.vn\/inbat\/wp-json\/wp\/v2\/pages\/885"}],"collection":[{"href":"https:\/\/demo.bmconnect.vn\/inbat\/wp-json\/wp\/v2\/pages"}],"about":[{"href":"https:\/\/demo.bmconnect.vn\/inbat\/wp-json\/wp\/v2\/types\/page"}],"author":[{"embeddable":true,"href":"https:\/\/demo.bmconnect.vn\/inbat\/wp-json\/wp\/v2\/users\/1"}],"replies":[{"embeddable":true,"href":"https:\/\/demo.bmconnect.vn\/inbat\/wp-json\/wp\/v2\/comments?post=885"}],"version-history":[{"count":1,"href":"https:\/\/demo.bmconnect.vn\/inbat\/wp-json\/wp\/v2\/pages\/885\/revisions"}],"predecessor-version":[{"id":886,"href":"https:\/\/demo.bmconnect.vn\/inbat\/wp-json\/wp\/v2\/pages\/885\/revisions\/886"}],"wp:attachment":[{"href":"https:\/\/demo.bmconnect.vn\/inbat\/wp-json\/wp\/v2\/media?parent=885"}],"curies":[{"name":"wp","href":"https:\/\/api.w.org\/{rel}","templated":true}]}}