{"id":862,"date":"2017-10-27T21:35:14","date_gmt":"2017-10-27T14:35:14","guid":{"rendered":"https:\/\/demo.bmconnect.vn\/inbat\/?page_id=862"},"modified":"2017-10-27T21:37:11","modified_gmt":"2017-10-27T14:37:11","slug":"thi-cong-bien-quang-cao","status":"publish","type":"page","link":"https:\/\/demo.bmconnect.vn\/inbat\/thi-cong-bien-quang-cao\/","title":{"rendered":"Thi c\u00f4ng bi\u1ec3n qu\u1ea3ng c\u00e1o"},"content":{"rendered":"<p>Trong th\u1eddi \u0111\u1ea1i c\u00f4ng ngh\u1ec7 truy\u1ec1n h\u00ecnh hay internet \u0111ang chi\u1ebfm \u01b0u th\u1ebf trong l\u0129nh v\u1ef1c marketing, nh\u01b0ng qu\u1ea3ng c\u00e1o b\u1ea3ng hi\u1ec7u ngo\u00e0i tr\u1eddi v\u1eabn c\u00f3 ch\u1ed7 \u0111\u1ee9ng ri\u00eang c\u1ee7a m\u00ecnh. C\u00e1c b\u1ea3ng qu\u1ea3ng c\u00e1o ngo\u00e0i tr\u1eddi \u0111\u01b0\u1ee3c thi\u1ebft k\u1ebf m\u1ed9t c\u00e1ch \u1ea5n t\u01b0\u1ee3ng \u0111\u1ec3 thu h\u00fat ng\u01b0\u1eddi qua \u0111\u01b0\u1eddng v\u00e0 r\u1ea5t d\u1ec5 \u0111\u1ec3 ghi nh\u1edb.<\/p>\n<p>B\u1ea3ng hi\u1ec7u n\u00e0y th\u01b0\u1eddng \u0111\u01b0\u1ee3c \u0111\u1eb7t \u1edf c\u00e1c trung t\u00e2m c\u00f4ng c\u1ed9ng nh\u01b0: tr\u00ean \u0111\u01b0\u1eddng, b\u1ebfn xe bus, thang m\u00e1y&#8230; M\u1eb7c d\u00f9 chi ph\u00ed \u0111\u1ea7u t\u01b0 c\u1ee7a c\u00e1c b\u1ea3ng hi\u1ec7u qu\u1ea3ng c\u00e1o ngo\u00e0i tr\u1eddi cao nh\u01b0ng s\u1ef1 s\u00e1ng t\u1ea1o trong thi\u1ebft k\u1ebf \u0111\u01b0a ra nh\u1eefng b\u1ea3ng qu\u1ea3ng c\u00e1o \u1ea5n t\u01b0\u1ee3ng, \u0111\u1ed9c \u0111\u00e1o, \u0111\u1ed9t ph\u00e1 mang l\u1ea1i hi\u1ec7u qu\u1ea3 t\u1ee9c th\u00ec c\u1ee7a h\u00ecnh th\u1ee9c qu\u1ea3ng c\u00e1o n\u00e0y.<\/p>\n<h1><img loading=\"lazy\" src=\"http:\/\/inbat.com.vn\/images\/thi-cong-bien-quang-cao.jpg\" alt=\"thi-cong-bien-quang-cao\" width=\"643\" height=\"483\" \/><\/h1>\n<p>B\u1ea3ng hi\u1ec7u qu\u1ea3ng c\u00e1o ngo\u00e0i tr\u1eddi \u0111\u01b0\u1ee3c in kh\u1ed5 l\u1edbn tr\u00ean b\u1ea1t hiflex. Qu\u00e1 tr\u00ecnh thi c\u00f4ng r\u1ea5t ph\u1ee9c t\u1ea1p \u0111\u1ecfi h\u1ecfi \u0111\u1ed9i ng\u0169 thi c\u00f4ng c\u00f3 tay ngh\u1ec1 cao. Nh\u1ea5t l\u00e0 c\u00e1c b\u1ea3ng hi\u1ec7u \u0111\u01b0\u1ee3c \u0111\u1eb7t tr\u00ean \u0111\u01b0\u1eddng v\u1edbi k\u00edch th\u01b0\u1edbc l\u1edbn.<\/p>\n<p>&nbsp;<\/p>\n\n  \n    <div class=\"row large-columns-3 medium-columns-1 small-columns-1\">\n  \t\t<div class=\"col post-item\" >\n\t\t\t<div class=\"col-inner\">\n\t\t\t<a href=\"https:\/\/demo.bmconnect.vn\/inbat\/thi-cong-bien-quang-cao-gia-re-uy-tin\/\" class=\"plain\">\n\t\t\t\t<div class=\"box box-normal box-text-bottom box-blog-post has-hover\">\n            \t\t\t\t\t<div class=\"box-image\" >\n  \t\t\t\t\t\t<div class=\"image-cover\" style=\"padding-top:56.25%;\">\n  \t\t\t\t\t\t\t<img width=\"300\" height=\"191\" src=\"https:\/\/demo.bmconnect.vn\/inbat\/wp-content\/uploads\/2017\/10\/dich-vu-on-bat-quang-cao-kho-lon-sieu-net-sieu-re-02-300x191.jpg\" class=\"attachment-medium size-medium wp-post-image\" alt=\"\" loading=\"lazy\" srcset=\"https:\/\/demo.bmconnect.vn\/inbat\/wp-content\/uploads\/2017\/10\/dich-vu-on-bat-quang-cao-kho-lon-sieu-net-sieu-re-02-300x191.jpg 300w, https:\/\/demo.bmconnect.vn\/inbat\/wp-content\/uploads\/2017\/10\/dich-vu-on-bat-quang-cao-kho-lon-sieu-net-sieu-re-02-768x489.jpg 768w, https:\/\/demo.bmconnect.vn\/inbat\/wp-content\/uploads\/2017\/10\/dich-vu-on-bat-quang-cao-kho-lon-sieu-net-sieu-re-02.jpg 800w\" sizes=\"(max-width: 300px) 100vw, 300px\" \/>  \t\t\t\t\t\t\t  \t\t\t\t\t\t\t  \t\t\t\t\t\t<\/div>\n  \t\t\t\t\t\t  \t\t\t\t\t<\/div><!-- .box-image -->\n          \t\t\t\t\t<div class=\"box-text text-center\" >\n\t\t\t\t\t<div class=\"box-text-inner blog-post-inner\">\n\n\t\t\t\t\t\n\t\t\t\t\t\t\t\t\t\t<h5 class=\"post-title is-large \">Thi c\u00f4ng bi\u1ec3n qu\u1ea3ng c\u00e1o gi\u00e1 r\u1ebb, uy t\u00edn<\/h5>\n\t\t\t\t\t\t\t\t\t\t<div class=\"is-divider\"><\/div>\n\t\t\t\t\t\t\t\t\t\t<p class=\"from_the_blog_excerpt \">Thi c\u00f4ng bi\u1ec3n qu\u1ea3ng c\u00e1o, trong th\u1eddi \u0111\u1ea1i c\u00f4ng ngh\u1ec7 truy\u1ec1n h\u00ecnh hay internet \u0111ang [...]\t\t\t\t\t<\/p>\n\t\t\t\t\t                    \n\t\t\t\t\t\n\t\t\t\t\t\n\t\t\t\t\t<\/div><!-- .box-text-inner -->\n\t\t\t\t\t<\/div><!-- .box-text -->\n\t\t\t\t\t\t\t\t\t<\/div><!-- .box -->\n\t\t\t\t<\/a><!-- .link -->\n\t\t\t<\/div><!-- .col-inner -->\n\t\t<\/div><!-- .col -->\n\t\t<div class=\"col post-item\" >\n\t\t\t<div class=\"col-inner\">\n\t\t\t<a href=\"https:\/\/demo.bmconnect.vn\/inbat\/thiet-ke-thi-cong-bien-quang-cao-ngoai-troi-kho-lon-gia-re\/\" class=\"plain\">\n\t\t\t\t<div class=\"box box-normal box-text-bottom box-blog-post has-hover\">\n            \t\t\t\t\t<div class=\"box-image\" >\n  \t\t\t\t\t\t<div class=\"image-cover\" style=\"padding-top:56.25%;\">\n  \t\t\t\t\t\t\t<img width=\"300\" height=\"225\" src=\"https:\/\/demo.bmconnect.vn\/inbat\/wp-content\/uploads\/2017\/10\/thietke-thi-cong-bien-quang-cao-ngoai-troi-kho-lon-gia-re-03-300x225.jpg\" class=\"attachment-medium size-medium wp-post-image\" alt=\"\" loading=\"lazy\" srcset=\"https:\/\/demo.bmconnect.vn\/inbat\/wp-content\/uploads\/2017\/10\/thietke-thi-cong-bien-quang-cao-ngoai-troi-kho-lon-gia-re-03-300x225.jpg 300w, https:\/\/demo.bmconnect.vn\/inbat\/wp-content\/uploads\/2017\/10\/thietke-thi-cong-bien-quang-cao-ngoai-troi-kho-lon-gia-re-03-768x576.jpg 768w, https:\/\/demo.bmconnect.vn\/inbat\/wp-content\/uploads\/2017\/10\/thietke-thi-cong-bien-quang-cao-ngoai-troi-kho-lon-gia-re-03.jpg 800w\" sizes=\"(max-width: 300px) 100vw, 300px\" \/>  \t\t\t\t\t\t\t  \t\t\t\t\t\t\t  \t\t\t\t\t\t<\/div>\n  \t\t\t\t\t\t  \t\t\t\t\t<\/div><!-- .box-image -->\n          \t\t\t\t\t<div class=\"box-text text-center\" >\n\t\t\t\t\t<div class=\"box-text-inner blog-post-inner\">\n\n\t\t\t\t\t\n\t\t\t\t\t\t\t\t\t\t<h5 class=\"post-title is-large \">Thi\u1ebft k\u1ebf, thi c\u00f4ng bi\u1ec3n qu\u1ea3ng c\u00e1o ngo\u00e0i tr\u1eddi kh\u1ed5 l\u1edbn, gi\u00e1 r\u1ebb<\/h5>\n\t\t\t\t\t\t\t\t\t\t<div class=\"is-divider\"><\/div>\n\t\t\t\t\t\t\t\t\t\t<p class=\"from_the_blog_excerpt \">Nh\u1eb1m \u0111\u00e1p \u1ee9ng nhu c\u1ea7u s\u1eed d\u1ee5ng bi\u1ec3n qu\u1ea3ng c\u00e1o ngo\u00e0i tr\u1eddi kh\u1ed5 l\u1edbn c\u1ee7a [...]\t\t\t\t\t<\/p>\n\t\t\t\t\t                    \n\t\t\t\t\t\n\t\t\t\t\t\n\t\t\t\t\t<\/div><!-- .box-text-inner -->\n\t\t\t\t\t<\/div><!-- .box-text -->\n\t\t\t\t\t\t\t\t\t<\/div><!-- .box -->\n\t\t\t\t<\/a><!-- .link -->\n\t\t\t<\/div><!-- .col-inner -->\n\t\t<\/div><!-- .col -->\n<\/div>\n","protected":false},"excerpt":{"rendered":"<p>Trong th\u1eddi \u0111\u1ea1i c\u00f4ng ngh\u1ec7 truy\u1ec1n h\u00ecnh hay internet \u0111ang chi\u1ebfm \u01b0u th\u1ebf trong l\u0129nh v\u1ef1c marketing, nh\u01b0ng qu\u1ea3ng c\u00e1o b\u1ea3ng hi\u1ec7u ngo\u00e0i tr\u1eddi v\u1eabn c\u00f3 ch\u1ed7 \u0111\u1ee9ng ri\u00eang c\u1ee7a m\u00ecnh. C\u00e1c b\u1ea3ng qu\u1ea3ng c\u00e1o ngo\u00e0i tr\u1eddi \u0111\u01b0\u1ee3c thi\u1ebft k\u1ebf m\u1ed9t c\u00e1ch \u1ea5n t\u01b0\u1ee3ng \u0111\u1ec3 thu h\u00fat ng\u01b0\u1eddi qua \u0111\u01b0\u1eddng v\u00e0 r\u1ea5t d\u1ec5 \u0111\u1ec3 ghi [&#8230;]\n","protected":false},"author":1,"featured_media":0,"parent":0,"menu_order":0,"comment_status":"closed","ping_status":"closed","template":"page-left-sidebar.php","meta":[],"_links":{"self":[{"href":"https:\/\/demo.bmconnect.vn\/inbat\/wp-json\/wp\/v2\/pages\/862"}],"collection":[{"href":"https:\/\/demo.bmconnect.vn\/inbat\/wp-json\/wp\/v2\/pages"}],"about":[{"href":"https:\/\/demo.bmconnect.vn\/inbat\/wp-json\/wp\/v2\/types\/page"}],"author":[{"embeddable":true,"href":"https:\/\/demo.bmconnect.vn\/inbat\/wp-json\/wp\/v2\/users\/1"}],"replies":[{"embeddable":true,"href":"https:\/\/demo.bmconnect.vn\/inbat\/wp-json\/wp\/v2\/comments?post=862"}],"version-history":[{"count":2,"href":"https:\/\/demo.bmconnect.vn\/inbat\/wp-json\/wp\/v2\/pages\/862\/revisions"}],"predecessor-version":[{"id":869,"href":"https:\/\/demo.bmconnect.vn\/inbat\/wp-json\/wp\/v2\/pages\/862\/revisions\/869"}],"wp:attachment":[{"href":"https:\/\/demo.bmconnect.vn\/inbat\/wp-json\/wp\/v2\/media?parent=862"}],"curies":[{"name":"wp","href":"https:\/\/api.w.org\/{rel}","templated":true}]}}