{"id":809,"date":"2017-10-27T21:15:46","date_gmt":"2017-10-27T14:15:46","guid":{"rendered":"https:\/\/demo.bmconnect.vn\/inbat\/?page_id=809"},"modified":"2017-10-27T21:18:11","modified_gmt":"2017-10-27T14:18:11","slug":"tran-xuyen-sang","status":"publish","type":"page","link":"https:\/\/demo.bmconnect.vn\/inbat\/tran-xuyen-sang\/","title":{"rendered":"Tr\u1ea7n xuy\u00ean s\u00e1ng"},"content":{"rendered":"<p>In tranh l\u00e0m tr\u1ea7n xuy\u00ean s\u00e1ng theo ch\u1ee7 \u0111\u1ec1 t\u1ef1 ch\u1ecdn l\u00e0 m\u1ed9t trong nh\u1eefng d\u1ecbch v\u1ee5 in \u1ea5n ch\u1ea5t l\u01b0\u1ee3ng cao c\u1ee7a c\u00f4ng ty TNHH \u0111\u1ea7u t\u01b0 qu\u1ea3ng c\u00e1o Thi\u00ean H\u00e0. B\u1edfi tr\u00ean th\u1ef1c t\u1ebf th\u00ec th\u00e0nh ph\u1ea9m in tranh l\u00e0m tr\u1ea7n xuy\u00ean s\u00e1ng c\u1ee7a Thi\u00ean H\u00e0 kh\u00f4ng ch\u1ec9 c\u00f3 ch\u1ea5t l\u01b0\u1ee3ng t\u1ed1t m\u00e0 gi\u00e1 th\u00e0nh c\u00f2n h\u1ebft s\u1ee9c c\u1ea1nh tranh. H\u00e3y c\u00f9ng b\u1edbt\u2026<\/p>\n<p>Trong s\u1ed1 r\u1ea5t nhi\u1ec1u gi\u1ea3i ph\u00e1p thi c\u00f4ng trang tr\u00ed nh\u00e0 c\u1eeda hi\u1ec7n nay th\u00ec tr\u1ea7n xuy\u00ean s\u00e1ng \u0111\u01b0\u1ee3c \u0111\u00f4ng \u0111\u1ea3o ch\u1ee7 \u0111\u1ea7u t\u01b0 l\u1ef1a ch\u1ecdn b\u1edfi n\u00f3 c\u00f3 t\u00ednh th\u1ea9m m\u1ef9 cao, thi c\u00f4ng nhanh g\u1ecdn v\u00e0 \u0111\u1eb7c bi\u1ec7t l\u00e0 c\u00f3 gi\u00e1 th\u00e0nh h\u1ebft s\u1ee9c ph\u1ea3i ch\u0103ng. V\u1edbi ti\u1ec1m n\u0103ng s\u1eb5n c\u00f3 c\u1ee7a m\u00ecnh nh\u01b0 h\u1ec7 th\u1ed1ng m\u00e1y in m\u00e0u chuy\u00ean d\u1ee5ng kh\u1ed5 l\u1edbn\u2026<\/p>\n<p>S\u1eed d\u1ee5ng tr\u1ea7n xuy\u00ean s\u00e1ng \u0111\u1ec3 trang tr\u00ed cho kh\u00f4ng gian n\u1ed9i th\u1ea5t \u0111ang l\u00e0 m\u1ed9t tr\u00e0o l\u01b0u kh\u00e1 hot hi\u1ec7n nay. B\u1edfi th\u1ebf, \u1edf gi\u1edbi h\u1ea1n b\u00e0i vi\u1ebft n\u00e0y, inbat.com.vn mu\u1ed1n gi\u00e0nh tr\u1ecdn dung l\u01b0\u1ee3ng b\u00e0i vi\u1ebft \u0111\u1ec3 g\u1eedi t\u1edbi qu\u00fd v\u1ecb v\u00e0 c\u00e1c b\u1ea1n m\u1eabu tranh l\u00e0m tr\u1ea7n xuy\u00ean s\u00e1ng \u0111\u1eb9p v\u00e0 ch\u1ea5t nh\u1ea5t 2017. Hy v\u1ecdng n\u1ed9i dung b\u00e0i vi\u1ebft s\u1ebd mang\u2026<\/p>\n\n  \n    <div class=\"row large-columns-3 medium-columns-1 small-columns-1\">\n  \t\t<div class=\"col post-item\" >\n\t\t\t<div class=\"col-inner\">\n\t\t\t<a href=\"https:\/\/demo.bmconnect.vn\/inbat\/don-vi-in-tranh-lam-tran-xuyen-sang-tot-nhat-hien-nay\/\" class=\"plain\">\n\t\t\t\t<div class=\"box box-normal box-text-bottom box-blog-post has-hover\">\n            \t\t\t\t\t<div class=\"box-image\" >\n  \t\t\t\t\t\t<div class=\"image-cover\" style=\"padding-top:56.25%;\">\n  \t\t\t\t\t\t\t<img width=\"300\" height=\"300\" src=\"https:\/\/demo.bmconnect.vn\/inbat\/wp-content\/uploads\/2017\/10\/don-vi-in-tranh-lam-tran-xuyen-sang-tot-nhat-hien-nay-03-300x300.jpg\" class=\"attachment-medium size-medium wp-post-image\" alt=\"\" loading=\"lazy\" srcset=\"https:\/\/demo.bmconnect.vn\/inbat\/wp-content\/uploads\/2017\/10\/don-vi-in-tranh-lam-tran-xuyen-sang-tot-nhat-hien-nay-03-300x300.jpg 300w, https:\/\/demo.bmconnect.vn\/inbat\/wp-content\/uploads\/2017\/10\/don-vi-in-tranh-lam-tran-xuyen-sang-tot-nhat-hien-nay-03-150x150.jpg 150w, https:\/\/demo.bmconnect.vn\/inbat\/wp-content\/uploads\/2017\/10\/don-vi-in-tranh-lam-tran-xuyen-sang-tot-nhat-hien-nay-03-768x768.jpg 768w, https:\/\/demo.bmconnect.vn\/inbat\/wp-content\/uploads\/2017\/10\/don-vi-in-tranh-lam-tran-xuyen-sang-tot-nhat-hien-nay-03.jpg 800w\" sizes=\"(max-width: 300px) 100vw, 300px\" \/>  \t\t\t\t\t\t\t  \t\t\t\t\t\t\t  \t\t\t\t\t\t<\/div>\n  \t\t\t\t\t\t  \t\t\t\t\t<\/div><!-- .box-image -->\n          \t\t\t\t\t<div class=\"box-text text-center\" >\n\t\t\t\t\t<div class=\"box-text-inner blog-post-inner\">\n\n\t\t\t\t\t\n\t\t\t\t\t\t\t\t\t\t<h5 class=\"post-title is-large \">\u0110\u01a1n v\u1ecb in tranh l\u00e0m tr\u1ea7n xuy\u00ean s\u00e1ng t\u1ed1t nh\u1ea5t hi\u1ec7n nay<\/h5>\n\t\t\t\t\t\t\t\t\t\t<div class=\"is-divider\"><\/div>\n\t\t\t\t\t\t\t\t\t\t<p class=\"from_the_blog_excerpt \">i\u1ec7c sinh s\u1ed1ng t\u1ea1i c\u00e1c khu chung c\u01b0 c\u00f3 thi\u1ebft k\u1ebf \u0111\u1ed3ng b\u1ed9, chung nh\u1ea5t [...]\t\t\t\t\t<\/p>\n\t\t\t\t\t                    \n\t\t\t\t\t\n\t\t\t\t\t\n\t\t\t\t\t<\/div><!-- .box-text-inner -->\n\t\t\t\t\t<\/div><!-- .box-text -->\n\t\t\t\t\t\t\t\t\t<\/div><!-- .box -->\n\t\t\t\t<\/a><!-- .link -->\n\t\t\t<\/div><!-- .col-inner -->\n\t\t<\/div><!-- .col -->\n\t\t<div class=\"col post-item\" >\n\t\t\t<div class=\"col-inner\">\n\t\t\t<a href=\"https:\/\/demo.bmconnect.vn\/inbat\/mau-tranh-lam-tran-xuyen-sang-dep-va-chat-nhat-2017\/\" class=\"plain\">\n\t\t\t\t<div class=\"box box-normal box-text-bottom box-blog-post has-hover\">\n            \t\t\t\t\t<div class=\"box-image\" >\n  \t\t\t\t\t\t<div class=\"image-cover\" style=\"padding-top:56.25%;\">\n  \t\t\t\t\t\t\t<img width=\"266\" height=\"300\" src=\"https:\/\/demo.bmconnect.vn\/inbat\/wp-content\/uploads\/2017\/10\/mau-tranh-lam-tran-xuyen-sang-dep-va-chat-nhat-2017-02-266x300.jpg\" class=\"attachment-medium size-medium wp-post-image\" alt=\"\" loading=\"lazy\" srcset=\"https:\/\/demo.bmconnect.vn\/inbat\/wp-content\/uploads\/2017\/10\/mau-tranh-lam-tran-xuyen-sang-dep-va-chat-nhat-2017-02-266x300.jpg 266w, https:\/\/demo.bmconnect.vn\/inbat\/wp-content\/uploads\/2017\/10\/mau-tranh-lam-tran-xuyen-sang-dep-va-chat-nhat-2017-02-768x866.jpg 768w, https:\/\/demo.bmconnect.vn\/inbat\/wp-content\/uploads\/2017\/10\/mau-tranh-lam-tran-xuyen-sang-dep-va-chat-nhat-2017-02.jpg 800w\" sizes=\"(max-width: 266px) 100vw, 266px\" \/>  \t\t\t\t\t\t\t  \t\t\t\t\t\t\t  \t\t\t\t\t\t<\/div>\n  \t\t\t\t\t\t  \t\t\t\t\t<\/div><!-- .box-image -->\n          \t\t\t\t\t<div class=\"box-text text-center\" >\n\t\t\t\t\t<div class=\"box-text-inner blog-post-inner\">\n\n\t\t\t\t\t\n\t\t\t\t\t\t\t\t\t\t<h5 class=\"post-title is-large \">M\u1eabu tranh l\u00e0m tr\u1ea7n xuy\u00ean s\u00e1ng \u0111\u1eb9p v\u00e0 ch\u1ea5t nh\u1ea5t 2017<\/h5>\n\t\t\t\t\t\t\t\t\t\t<div class=\"is-divider\"><\/div>\n\t\t\t\t\t\t\t\t\t\t<p class=\"from_the_blog_excerpt \">S\u1eed d\u1ee5ng tr\u1ea7n xuy\u00ean s\u00e1ng \u0111\u1ec3 trang tr\u00ed cho kh\u00f4ng gian n\u1ed9i th\u1ea5t \u0111ang l\u00e0 [...]\t\t\t\t\t<\/p>\n\t\t\t\t\t                    \n\t\t\t\t\t\n\t\t\t\t\t\n\t\t\t\t\t<\/div><!-- .box-text-inner -->\n\t\t\t\t\t<\/div><!-- .box-text -->\n\t\t\t\t\t\t\t\t\t<\/div><!-- .box -->\n\t\t\t\t<\/a><!-- .link -->\n\t\t\t<\/div><!-- .col-inner -->\n\t\t<\/div><!-- .col -->\n\t\t<div class=\"col post-item\" >\n\t\t\t<div class=\"col-inner\">\n\t\t\t<a href=\"https:\/\/demo.bmconnect.vn\/inbat\/in-tranh-lam-tran-xuyen-sang-theo-chu-de-tu-chon\/\" class=\"plain\">\n\t\t\t\t<div class=\"box box-normal box-text-bottom box-blog-post has-hover\">\n            \t\t\t\t\t<div class=\"box-image\" >\n  \t\t\t\t\t\t<div class=\"image-cover\" style=\"padding-top:56.25%;\">\n  \t\t\t\t\t\t\t<img width=\"300\" height=\"218\" src=\"https:\/\/demo.bmconnect.vn\/inbat\/wp-content\/uploads\/2017\/10\/in-tranh-lam-tran-xuyen-sang-theo-chu-de-tu-chon-03-300x218.jpg\" class=\"attachment-medium size-medium wp-post-image\" alt=\"\" loading=\"lazy\" srcset=\"https:\/\/demo.bmconnect.vn\/inbat\/wp-content\/uploads\/2017\/10\/in-tranh-lam-tran-xuyen-sang-theo-chu-de-tu-chon-03-300x218.jpg 300w, https:\/\/demo.bmconnect.vn\/inbat\/wp-content\/uploads\/2017\/10\/in-tranh-lam-tran-xuyen-sang-theo-chu-de-tu-chon-03-768x557.jpg 768w, https:\/\/demo.bmconnect.vn\/inbat\/wp-content\/uploads\/2017\/10\/in-tranh-lam-tran-xuyen-sang-theo-chu-de-tu-chon-03.jpg 800w\" sizes=\"(max-width: 300px) 100vw, 300px\" \/>  \t\t\t\t\t\t\t  \t\t\t\t\t\t\t  \t\t\t\t\t\t<\/div>\n  \t\t\t\t\t\t  \t\t\t\t\t<\/div><!-- .box-image -->\n          \t\t\t\t\t<div class=\"box-text text-center\" >\n\t\t\t\t\t<div class=\"box-text-inner blog-post-inner\">\n\n\t\t\t\t\t\n\t\t\t\t\t\t\t\t\t\t<h5 class=\"post-title is-large \">In tranh l\u00e0m tr\u1ea7n xuy\u00ean s\u00e1ng theo ch\u1ee7 \u0111\u1ec1 t\u1ef1 ch\u1ecdn<\/h5>\n\t\t\t\t\t\t\t\t\t\t<div class=\"is-divider\"><\/div>\n\t\t\t\t\t\t\t\t\t\t<p class=\"from_the_blog_excerpt \">In tranh l\u00e0m tr\u1ea7n xuy\u00ean s\u00e1ng theo ch\u1ee7 \u0111\u1ec1 t\u1ef1 ch\u1ecdn l\u00e0 m\u1ed9t trong nh\u1eefng [...]\t\t\t\t\t<\/p>\n\t\t\t\t\t                    \n\t\t\t\t\t\n\t\t\t\t\t\n\t\t\t\t\t<\/div><!-- .box-text-inner -->\n\t\t\t\t\t<\/div><!-- .box-text -->\n\t\t\t\t\t\t\t\t\t<\/div><!-- .box -->\n\t\t\t\t<\/a><!-- .link -->\n\t\t\t<\/div><!-- .col-inner -->\n\t\t<\/div><!-- .col -->\n<\/div>\n","protected":false},"excerpt":{"rendered":"<p>In tranh l\u00e0m tr\u1ea7n xuy\u00ean s\u00e1ng theo ch\u1ee7 \u0111\u1ec1 t\u1ef1 ch\u1ecdn l\u00e0 m\u1ed9t trong nh\u1eefng d\u1ecbch v\u1ee5 in \u1ea5n ch\u1ea5t l\u01b0\u1ee3ng cao c\u1ee7a c\u00f4ng ty TNHH \u0111\u1ea7u t\u01b0 qu\u1ea3ng c\u00e1o Thi\u00ean H\u00e0. B\u1edfi tr\u00ean th\u1ef1c t\u1ebf th\u00ec th\u00e0nh ph\u1ea9m in tranh l\u00e0m tr\u1ea7n xuy\u00ean s\u00e1ng c\u1ee7a Thi\u00ean H\u00e0 kh\u00f4ng ch\u1ec9 c\u00f3 ch\u1ea5t l\u01b0\u1ee3ng t\u1ed1t m\u00e0 [&#8230;]\n","protected":false},"author":1,"featured_media":0,"parent":0,"menu_order":0,"comment_status":"closed","ping_status":"closed","template":"page-left-sidebar.php","meta":[],"_links":{"self":[{"href":"https:\/\/demo.bmconnect.vn\/inbat\/wp-json\/wp\/v2\/pages\/809"}],"collection":[{"href":"https:\/\/demo.bmconnect.vn\/inbat\/wp-json\/wp\/v2\/pages"}],"about":[{"href":"https:\/\/demo.bmconnect.vn\/inbat\/wp-json\/wp\/v2\/types\/page"}],"author":[{"embeddable":true,"href":"https:\/\/demo.bmconnect.vn\/inbat\/wp-json\/wp\/v2\/users\/1"}],"replies":[{"embeddable":true,"href":"https:\/\/demo.bmconnect.vn\/inbat\/wp-json\/wp\/v2\/comments?post=809"}],"version-history":[{"count":2,"href":"https:\/\/demo.bmconnect.vn\/inbat\/wp-json\/wp\/v2\/pages\/809\/revisions"}],"predecessor-version":[{"id":820,"href":"https:\/\/demo.bmconnect.vn\/inbat\/wp-json\/wp\/v2\/pages\/809\/revisions\/820"}],"wp:attachment":[{"href":"https:\/\/demo.bmconnect.vn\/inbat\/wp-json\/wp\/v2\/media?parent=809"}],"curies":[{"name":"wp","href":"https:\/\/api.w.org\/{rel}","templated":true}]}}