{"id":462,"date":"2017-10-27T16:25:12","date_gmt":"2017-10-27T09:25:12","guid":{"rendered":"https:\/\/demo.bmconnect.vn\/inbat\/?page_id=462"},"modified":"2017-10-27T21:08:43","modified_gmt":"2017-10-27T14:08:43","slug":"in-tranh-gach-kinh-3d","status":"publish","type":"page","link":"https:\/\/demo.bmconnect.vn\/inbat\/in-tranh-gach-kinh-3d\/","title":{"rendered":"In tranh g\u1ea1ch k\u00ednh 3D"},"content":{"rendered":"<p>S\u1eed d\u1ee5ng tranh g\u1ea1ch 3D cho s\u00e0n nh\u00e0 hi\u1ec7n \u0111ang l\u00e0 m\u1ed9t xu h\u01b0\u1edbng trang tr\u00ed n\u1ed9i th\u1ea5t \u0111\u01b0\u1ee3c quan t\u00e2m nh\u1ea5t hi\u1ec7n nay. B\u1edfi tr\u00ean th\u1ef1c t\u1ebf th\u00ec tranh g\u1ea1ch 3D \u0111\u00e3 \u0111\u00e1p \u1ee9ng \u0111\u01b0\u1ee3c h\u00e0ng lo\u1ea1t c\u00e1c y\u00eau c\u1ea7u kh\u1eaft khe c\u1ee7a ch\u1ee7 \u0111\u1ea7u t\u01b0 nh\u01b0: thi c\u00f4ng nhanh, chi ph\u00ed r\u1ebb, \u0111\u1ed9 b\u1ec1n cao, m\u1eabu m\u00e3 &amp; ki\u1ec3u d\u00e1ng phong ph\u00fa, \u0111a<\/p>\n<p>\u01afu \u0111i\u1ec3m c\u1ee7a tranh g\u1ea1ch 3D l\u00e0 c\u00f3 h\u00ecnh \u1ea3nh s\u1eafc n\u00e9t, k\u00edch th\u01b0\u1edbc &#8211; m\u1eabu m\u00e3 \u0111a d\u1ea1ng n\u00ean s\u1eed d\u1ee5ng tranh g\u1ea1ch ho\u1ea1t h\u00ecnh 3D \u0111\u1ec3 trang tr\u00ed ph\u00f2ng tr\u1ebb em hi\u1ec7n \u0111ang \u0111\u01b0\u1ee3c kh\u00e1 nhi\u1ec1u \u00f4ng b\u1ed1\/b\u00e0 m\u1eb9 quan t\u00e2m. V\u00e0 n\u1ebfu nh\u01b0 b\u1ea1n \u0111ang g\u1eb7p ph\u1ea3i kh\u00f3 kh\u0103n trong vi\u1ec7c t\u00ecm ki\u1ebfm m\u1ed9t \u0111\u01a1n v\u1ecb cung \u1ee9ng d\u1ecbch v\u1ee5 in tranh\u2026<\/p>\n<p>Xu h\u01b0\u1edbng s\u1eed d\u1ee5ng tranh g\u1ea1ch 3D \u1ed1p t\u01b0\u1eddng \u0111\u1ec3 trang tr\u00ed nh\u00e0 c\u1eeda ng\u00e0y c\u00e0ng tr\u1edf n\u00ean th\u1ecbnh h\u00e0nh h\u01a1n nh\u1edd h\u00e0ng lo\u1ea1t c\u00e1c m\u1eabu tranh g\u1ea1ch 3D \u1ed1p t\u01b0\u1eddng \u0111\u1eb9p, ch\u1ea5t l\u01b0\u1ee3ng c\u00f9ng gi\u00e1 th\u00e0nh h\u1ebft s\u1ee9c ph\u1ea3i ch\u0103ng. Trong gi\u1edbi h\u1ea1n b\u00e0i vi\u1ebft n\u00e0y, ch\u00fang t\u00f4i xin \u0111\u1ec1 c\u1eadp \u0111\u1ebfn m\u1ed9t \u0111\u1ecba ch\u1ec9 in g\u1ea1ch 3D \u1ed1p t\u01b0\u1eddng gi\u00e1 r\u1ebb nh\u1ea5t to\u00e0n\u2026<\/p>\n\n  \n    <div class=\"row large-columns-3 medium-columns-1 small-columns-1\">\n  \t\t<div class=\"col post-item\" >\n\t\t\t<div class=\"col-inner\">\n\t\t\t<a href=\"https:\/\/demo.bmconnect.vn\/inbat\/dia-chi-in-gach-3d-op-tuong-gia-re-nhat-toan-quoc\/\" class=\"plain\">\n\t\t\t\t<div class=\"box box-normal box-text-bottom box-blog-post has-hover\">\n            \t\t\t\t\t<div class=\"box-image\" >\n  \t\t\t\t\t\t<div class=\"image-cover\" style=\"padding-top:56.25%;\">\n  \t\t\t\t\t\t\t<img width=\"300\" height=\"216\" src=\"https:\/\/demo.bmconnect.vn\/inbat\/wp-content\/uploads\/2017\/10\/dia-chi-in-gach-3d-op-tuong-gia-re-nhat-toan-quoc-02-300x216.jpg\" class=\"attachment-medium size-medium wp-post-image\" alt=\"\" loading=\"lazy\" srcset=\"https:\/\/demo.bmconnect.vn\/inbat\/wp-content\/uploads\/2017\/10\/dia-chi-in-gach-3d-op-tuong-gia-re-nhat-toan-quoc-02-300x216.jpg 300w, https:\/\/demo.bmconnect.vn\/inbat\/wp-content\/uploads\/2017\/10\/dia-chi-in-gach-3d-op-tuong-gia-re-nhat-toan-quoc-02-768x554.jpg 768w, https:\/\/demo.bmconnect.vn\/inbat\/wp-content\/uploads\/2017\/10\/dia-chi-in-gach-3d-op-tuong-gia-re-nhat-toan-quoc-02.jpg 800w\" sizes=\"(max-width: 300px) 100vw, 300px\" \/>  \t\t\t\t\t\t\t  \t\t\t\t\t\t\t  \t\t\t\t\t\t<\/div>\n  \t\t\t\t\t\t  \t\t\t\t\t<\/div><!-- .box-image -->\n          \t\t\t\t\t<div class=\"box-text text-center\" >\n\t\t\t\t\t<div class=\"box-text-inner blog-post-inner\">\n\n\t\t\t\t\t\n\t\t\t\t\t\t\t\t\t\t<h5 class=\"post-title is-large \">\u0110\u1ecba ch\u1ec9 in g\u1ea1ch 3D \u1ed1p t\u01b0\u1eddng gi\u00e1 r\u1ebb nh\u1ea5t to\u00e0n qu\u1ed1c<\/h5>\n\t\t\t\t\t\t\t\t\t\t<div class=\"is-divider\"><\/div>\n\t\t\t\t\t\t\t\t\t\t<p class=\"from_the_blog_excerpt \">Xu h\u01b0\u1edbng s\u1eed d\u1ee5ng tranh g\u1ea1ch 3D \u1ed1p t\u01b0\u1eddng \u0111\u1ec3 trang tr\u00ed nh\u00e0 c\u1eeda ng\u00e0y [...]\t\t\t\t\t<\/p>\n\t\t\t\t\t                    \n\t\t\t\t\t\n\t\t\t\t\t\n\t\t\t\t\t<\/div><!-- .box-text-inner -->\n\t\t\t\t\t<\/div><!-- .box-text -->\n\t\t\t\t\t\t\t\t\t<\/div><!-- .box -->\n\t\t\t\t<\/a><!-- .link -->\n\t\t\t<\/div><!-- .col-inner -->\n\t\t<\/div><!-- .col -->\n\t\t<div class=\"col post-item\" >\n\t\t\t<div class=\"col-inner\">\n\t\t\t<a href=\"https:\/\/demo.bmconnect.vn\/inbat\/in-tranh-gach-3d-hoat-hinh-trang-tri-phong-tre-em-sieu-re\/\" class=\"plain\">\n\t\t\t\t<div class=\"box box-normal box-text-bottom box-blog-post has-hover\">\n            \t\t\t\t\t<div class=\"box-image\" >\n  \t\t\t\t\t\t<div class=\"image-cover\" style=\"padding-top:56.25%;\">\n  \t\t\t\t\t\t\t<img width=\"300\" height=\"200\" src=\"https:\/\/demo.bmconnect.vn\/inbat\/wp-content\/uploads\/2017\/10\/in-tranh-gach-3d-hoat-hinh-trang-tri-phong-tre-em-sieu-re-02-300x200.jpg\" class=\"attachment-medium size-medium wp-post-image\" alt=\"\" loading=\"lazy\" srcset=\"https:\/\/demo.bmconnect.vn\/inbat\/wp-content\/uploads\/2017\/10\/in-tranh-gach-3d-hoat-hinh-trang-tri-phong-tre-em-sieu-re-02-300x200.jpg 300w, https:\/\/demo.bmconnect.vn\/inbat\/wp-content\/uploads\/2017\/10\/in-tranh-gach-3d-hoat-hinh-trang-tri-phong-tre-em-sieu-re-02-768x512.jpg 768w, https:\/\/demo.bmconnect.vn\/inbat\/wp-content\/uploads\/2017\/10\/in-tranh-gach-3d-hoat-hinh-trang-tri-phong-tre-em-sieu-re-02.jpg 800w\" sizes=\"(max-width: 300px) 100vw, 300px\" \/>  \t\t\t\t\t\t\t  \t\t\t\t\t\t\t  \t\t\t\t\t\t<\/div>\n  \t\t\t\t\t\t  \t\t\t\t\t<\/div><!-- .box-image -->\n          \t\t\t\t\t<div class=\"box-text text-center\" >\n\t\t\t\t\t<div class=\"box-text-inner blog-post-inner\">\n\n\t\t\t\t\t\n\t\t\t\t\t\t\t\t\t\t<h5 class=\"post-title is-large \">In tranh g\u1ea1ch 3D ho\u1ea1t h\u00ecnh trang tr\u00ed ph\u00f2ng tr\u1ebb em si\u00eau r\u1ebb<\/h5>\n\t\t\t\t\t\t\t\t\t\t<div class=\"is-divider\"><\/div>\n\t\t\t\t\t\t\t\t\t\t<p class=\"from_the_blog_excerpt \">\u01afu \u0111i\u1ec3m c\u1ee7a tranh g\u1ea1ch 3D l\u00e0 c\u00f3 h\u00ecnh \u1ea3nh s\u1eafc n\u00e9t, k\u00edch th\u01b0\u1edbc &#8211; [...]\t\t\t\t\t<\/p>\n\t\t\t\t\t                    \n\t\t\t\t\t\n\t\t\t\t\t\n\t\t\t\t\t<\/div><!-- .box-text-inner -->\n\t\t\t\t\t<\/div><!-- .box-text -->\n\t\t\t\t\t\t\t\t\t<\/div><!-- .box -->\n\t\t\t\t<\/a><!-- .link -->\n\t\t\t<\/div><!-- .col-inner -->\n\t\t<\/div><!-- .col -->\n\t\t<div class=\"col post-item\" >\n\t\t\t<div class=\"col-inner\">\n\t\t\t<a href=\"https:\/\/demo.bmconnect.vn\/inbat\/in-tranh-gach-3d-cho-san-nha-gia-re\/\" class=\"plain\">\n\t\t\t\t<div class=\"box box-normal box-text-bottom box-blog-post has-hover\">\n            \t\t\t\t\t<div class=\"box-image\" >\n  \t\t\t\t\t\t<div class=\"image-cover\" style=\"padding-top:56.25%;\">\n  \t\t\t\t\t\t\t<img width=\"300\" height=\"296\" src=\"https:\/\/demo.bmconnect.vn\/inbat\/wp-content\/uploads\/2017\/10\/in-tranh-gach-3d-cho-san-nha-gia-re-02-300x296.jpg\" class=\"attachment-medium size-medium wp-post-image\" alt=\"\" loading=\"lazy\" srcset=\"https:\/\/demo.bmconnect.vn\/inbat\/wp-content\/uploads\/2017\/10\/in-tranh-gach-3d-cho-san-nha-gia-re-02-300x296.jpg 300w, https:\/\/demo.bmconnect.vn\/inbat\/wp-content\/uploads\/2017\/10\/in-tranh-gach-3d-cho-san-nha-gia-re-02-768x757.jpg 768w, https:\/\/demo.bmconnect.vn\/inbat\/wp-content\/uploads\/2017\/10\/in-tranh-gach-3d-cho-san-nha-gia-re-02.jpg 800w\" sizes=\"(max-width: 300px) 100vw, 300px\" \/>  \t\t\t\t\t\t\t  \t\t\t\t\t\t\t  \t\t\t\t\t\t<\/div>\n  \t\t\t\t\t\t  \t\t\t\t\t<\/div><!-- .box-image -->\n          \t\t\t\t\t<div class=\"box-text text-center\" >\n\t\t\t\t\t<div class=\"box-text-inner blog-post-inner\">\n\n\t\t\t\t\t\n\t\t\t\t\t\t\t\t\t\t<h5 class=\"post-title is-large \">In tranh g\u1ea1ch 3D cho s\u00e0n nh\u00e0 gi\u00e1 r\u1ebb<\/h5>\n\t\t\t\t\t\t\t\t\t\t<div class=\"is-divider\"><\/div>\n\t\t\t\t\t\t\t\t\t\t<p class=\"from_the_blog_excerpt \">\u1eed d\u1ee5ng tranh g\u1ea1ch 3D cho s\u00e0n nh\u00e0 hi\u1ec7n \u0111ang l\u00e0 m\u1ed9t xu h\u01b0\u1edbng trang [...]\t\t\t\t\t<\/p>\n\t\t\t\t\t                    \n\t\t\t\t\t\n\t\t\t\t\t\n\t\t\t\t\t<\/div><!-- .box-text-inner -->\n\t\t\t\t\t<\/div><!-- .box-text -->\n\t\t\t\t\t\t\t\t\t<\/div><!-- .box -->\n\t\t\t\t<\/a><!-- .link -->\n\t\t\t<\/div><!-- .col-inner -->\n\t\t<\/div><!-- .col -->\n<\/div>\n","protected":false},"excerpt":{"rendered":"<p>S\u1eed d\u1ee5ng tranh g\u1ea1ch 3D cho s\u00e0n nh\u00e0 hi\u1ec7n \u0111ang l\u00e0 m\u1ed9t xu h\u01b0\u1edbng trang tr\u00ed n\u1ed9i th\u1ea5t \u0111\u01b0\u1ee3c quan t\u00e2m nh\u1ea5t hi\u1ec7n nay. B\u1edfi tr\u00ean th\u1ef1c t\u1ebf th\u00ec tranh g\u1ea1ch 3D \u0111\u00e3 \u0111\u00e1p \u1ee9ng \u0111\u01b0\u1ee3c h\u00e0ng lo\u1ea1t c\u00e1c y\u00eau c\u1ea7u kh\u1eaft khe c\u1ee7a ch\u1ee7 \u0111\u1ea7u t\u01b0 nh\u01b0: thi c\u00f4ng nhanh, chi ph\u00ed r\u1ebb, \u0111\u1ed9 [&#8230;]\n","protected":false},"author":1,"featured_media":0,"parent":0,"menu_order":0,"comment_status":"closed","ping_status":"closed","template":"page-left-sidebar.php","meta":[],"_links":{"self":[{"href":"https:\/\/demo.bmconnect.vn\/inbat\/wp-json\/wp\/v2\/pages\/462"}],"collection":[{"href":"https:\/\/demo.bmconnect.vn\/inbat\/wp-json\/wp\/v2\/pages"}],"about":[{"href":"https:\/\/demo.bmconnect.vn\/inbat\/wp-json\/wp\/v2\/types\/page"}],"author":[{"embeddable":true,"href":"https:\/\/demo.bmconnect.vn\/inbat\/wp-json\/wp\/v2\/users\/1"}],"replies":[{"embeddable":true,"href":"https:\/\/demo.bmconnect.vn\/inbat\/wp-json\/wp\/v2\/comments?post=462"}],"version-history":[{"count":4,"href":"https:\/\/demo.bmconnect.vn\/inbat\/wp-json\/wp\/v2\/pages\/462\/revisions"}],"predecessor-version":[{"id":782,"href":"https:\/\/demo.bmconnect.vn\/inbat\/wp-json\/wp\/v2\/pages\/462\/revisions\/782"}],"wp:attachment":[{"href":"https:\/\/demo.bmconnect.vn\/inbat\/wp-json\/wp\/v2\/media?parent=462"}],"curies":[{"name":"wp","href":"https:\/\/api.w.org\/{rel}","templated":true}]}}