{"id":31,"date":"2017-10-26T16:24:00","date_gmt":"2017-10-26T09:24:00","guid":{"rendered":"https:\/\/demo.bmconnect.vn\/inbat\/?page_id=31"},"modified":"2017-10-27T20:46:47","modified_gmt":"2017-10-27T13:46:47","slug":"in-bat-hiflex","status":"publish","type":"page","link":"https:\/\/demo.bmconnect.vn\/inbat\/in-bat-hiflex\/","title":{"rendered":"In b\u1ea1t hiflex"},"content":{"rendered":"<p>V\u1edbi\u00a0in hiflex\u00a0chuy\u00ean nghi\u1ec7p, c\u00f3 ba lo\u1ea1i b\u1ea1t in \u0111\u01b0\u1ee3c ph\u00e2n bi\u1ec7t b\u1eb1ng \u0111\u1ed9 d\u00e0y m\u1ecfng c\u1ee7a t\u1eebng lo\u1ea1i b\u1ea1t in. Do \u0111\u00f3 tu\u1ef3 m\u1ee5c \u0111\u00edch s\u1eed d\u1ee5ng kh\u00e1ch h\u00e0ng c\u00f3 th\u1ec3 \u0111\u1eb7t t\u1eebng lo\u1ea1i b\u1ea1t c\u00f3 \u0111\u1ed9 d\u00e0y m\u1ecfng kh\u00e1c nhau n\u1eb1m trong gi\u1edbi h\u1ea1n t\u1eeb 0.26 mm \u0111\u1ebfn 0.52 mm. Hi\u1ec7n nay, d\u1ea1ng in Hiflex chuy\u00ean nghi\u1ec7p \u0111\u01b0\u1ee3c s\u1eed d\u1ee5ng nhi\u1ec1u nh\u1ea5t l\u00e0 0.32 mm.<\/p>\n<p>In \u1ea5n qu\u1ea3ng c\u00e1o, in name card, in banner qu\u1ea3ng c\u00e1o, poster qu\u1ea3ng c\u00e1o<\/p>\n<p>Ng\u00e0y nay, <strong>banner Hiflex<\/strong> th\u1ed1ng tr\u1ecb \u1edf m\u1ea3ng qu\u1ea3ng c\u00e1o ngo\u00e0i tr\u1eddi v\u1edbi kh\u1ed5 in r\u1ed9ng, c\u00f3 th\u1ec3 d\u1ec5 d\u00e0ng d\u00e1n n\u1ed1i t\u1ea1o ra nh\u1eefng banner h\u00e0ng ch\u1ee5c m\u00e9t vu\u00f4ng m\u00e0 v\u1eabn \u0111\u1ea3m b\u1ea3o \u0111\u1ed9 ch\u00ednh x\u00e1c c\u1ee7a h\u00ecnh \u1ea3nh. \u0110\u00e2y l\u00e0 y\u1ebfu t\u1ed1 then ch\u1ed1t gi\u00fap c\u00e1c<strong> c\u00f4ng ty in Hiflex<\/strong> nhanh ch\u00f3ng ph\u00e1t tri\u1ec3n <strong>d\u1ecbch v\u1ee5 in Hiflex<\/strong>.<\/p>\n<p>V\u1edbi m\u00e1y <strong>in phun Hiflex ch\u1ea5t l\u01b0\u1ee3ng cao<\/strong>, c\u00e1c c\u00f4ng ty in Hiflex c\u00f3 th\u1ec3 t\u1ea1o ra nh\u1eefng s\u1ea3n ph\u1ea9m in ch\u1ea5t l\u01b0\u1ee3ng, \u0111\u1ed9 ph\u00e2n gi\u1ea3i cao m\u00e0 gi\u00e1 c\u1ea3 ph\u00f9 h\u1ee3p. V\u00ec v\u1eady, d\u1ecbch v\u1ee5 n\u00e0y \u1edf c\u00e1c c\u00f4ng ty <strong>in Hiflex <\/strong>\u0111\u01b0\u1ee3c s\u1eed d\u1ee5ng ph\u1ed5 bi\u1ebfn v\u00e0 r\u1ed9ng r\u00e3i h\u01a1n.<\/p>\n\n  \n    <div class=\"row large-columns-3 medium-columns-1 small-columns-1\">\n  \t\t<div class=\"col post-item\" >\n\t\t\t<div class=\"col-inner\">\n\t\t\t<a href=\"https:\/\/demo.bmconnect.vn\/inbat\/in-phong-trung-thu-bang-chat-lieu-hiflex-sieu-ben-sieu-dep\/\" class=\"plain\">\n\t\t\t\t<div class=\"box box-normal box-text-bottom box-blog-post has-hover\">\n            \t\t\t\t\t<div class=\"box-image\" >\n  \t\t\t\t\t\t<div class=\"image-zoom image-cover\" style=\"padding-top:60%;\">\n  \t\t\t\t\t\t\t<img width=\"800\" height=\"499\" src=\"https:\/\/demo.bmconnect.vn\/inbat\/wp-content\/uploads\/2017\/10\/in-phong-trung-thu-bang-chat-lieu-hiflex-sieu-ben-sieu-dep-01.jpg\" class=\"attachment-original size-original wp-post-image\" alt=\"\" loading=\"lazy\" srcset=\"https:\/\/demo.bmconnect.vn\/inbat\/wp-content\/uploads\/2017\/10\/in-phong-trung-thu-bang-chat-lieu-hiflex-sieu-ben-sieu-dep-01.jpg 800w, https:\/\/demo.bmconnect.vn\/inbat\/wp-content\/uploads\/2017\/10\/in-phong-trung-thu-bang-chat-lieu-hiflex-sieu-ben-sieu-dep-01-300x187.jpg 300w, https:\/\/demo.bmconnect.vn\/inbat\/wp-content\/uploads\/2017\/10\/in-phong-trung-thu-bang-chat-lieu-hiflex-sieu-ben-sieu-dep-01-768x479.jpg 768w\" sizes=\"(max-width: 800px) 100vw, 800px\" \/>  \t\t\t\t\t\t\t<div class=\"overlay\" style=\"background-color: rgba(0, 0, 0, 0)\"><\/div>  \t\t\t\t\t\t\t  \t\t\t\t\t\t<\/div>\n  \t\t\t\t\t\t  \t\t\t\t\t<\/div><!-- .box-image -->\n          \t\t\t\t\t<div class=\"box-text text-center\" >\n\t\t\t\t\t<div class=\"box-text-inner blog-post-inner\">\n\n\t\t\t\t\t\n\t\t\t\t\t\t\t\t\t\t<h5 class=\"post-title is-larger \">In ph\u00f4ng trung thu b\u1eb1ng ch\u1ea5t li\u1ec7u hiflex si\u00eau b\u1ec1n, si\u00eau \u0111\u1eb9p<\/h5>\n\t\t\t\t\t\t\t\t\t\t<div class=\"is-divider\"><\/div>\n\t\t\t\t\t\t\t\t\t\t<p class=\"from_the_blog_excerpt \">In ph\u00f4ng trung thu b\u1eb1ng m\u00e1y in kh\u1ed5 l\u1edbn Ph\u00f4ng n\u1ec1n d\u00f9ng \u0111\u1ec3 t\u1ed5 ch\u1ee9c [...]\t\t\t\t\t<\/p>\n\t\t\t\t\t                    \n\t\t\t\t\t\n\t\t\t\t\t\n\t\t\t\t\t<\/div><!-- .box-text-inner -->\n\t\t\t\t\t<\/div><!-- .box-text -->\n\t\t\t\t\t\t\t\t\t<\/div><!-- .box -->\n\t\t\t\t<\/a><!-- .link -->\n\t\t\t<\/div><!-- .col-inner -->\n\t\t<\/div><!-- .col -->\n\t\t<div class=\"col post-item\" >\n\t\t\t<div class=\"col-inner\">\n\t\t\t<a href=\"https:\/\/demo.bmconnect.vn\/inbat\/in-bat-hifex-lam-phong-nen-dam-cuoi-tien-dung-gia-re\/\" class=\"plain\">\n\t\t\t\t<div class=\"box box-normal box-text-bottom box-blog-post has-hover\">\n            \t\t\t\t\t<div class=\"box-image\" >\n  \t\t\t\t\t\t<div class=\"image-zoom image-cover\" style=\"padding-top:60%;\">\n  \t\t\t\t\t\t\t<img width=\"278\" height=\"181\" src=\"https:\/\/demo.bmconnect.vn\/inbat\/wp-content\/uploads\/2017\/10\/images.jpg\" class=\"attachment-original size-original wp-post-image\" alt=\"\" loading=\"lazy\" \/>  \t\t\t\t\t\t\t<div class=\"overlay\" style=\"background-color: rgba(0, 0, 0, 0)\"><\/div>  \t\t\t\t\t\t\t  \t\t\t\t\t\t<\/div>\n  \t\t\t\t\t\t  \t\t\t\t\t<\/div><!-- .box-image -->\n          \t\t\t\t\t<div class=\"box-text text-center\" >\n\t\t\t\t\t<div class=\"box-text-inner blog-post-inner\">\n\n\t\t\t\t\t\n\t\t\t\t\t\t\t\t\t\t<h5 class=\"post-title is-larger \">In b\u1ea1t hifex l\u00e0m ph\u00f4ng n\u1ec1n \u0111\u00e1m c\u01b0\u1edbi ti\u1ec7n d\u1ee5ng, gi\u00e1 r\u1ebb<\/h5>\n\t\t\t\t\t\t\t\t\t\t<div class=\"is-divider\"><\/div>\n\t\t\t\t\t\t\t\t\t\t<p class=\"from_the_blog_excerpt \">\u0110\u1eb7t in ph\u00f4ng n\u1ec1n \u0111\u00e1m c\u01b0\u1edbi b\u1eb1ng ch\u1ea5t li\u1ec7u hiflex t\u1ea1i x\u01b0\u1edfng in c\u1ee7a c\u00f4ng [...]\t\t\t\t\t<\/p>\n\t\t\t\t\t                    \n\t\t\t\t\t\n\t\t\t\t\t\n\t\t\t\t\t<\/div><!-- .box-text-inner -->\n\t\t\t\t\t<\/div><!-- .box-text -->\n\t\t\t\t\t\t\t\t\t<\/div><!-- .box -->\n\t\t\t\t<\/a><!-- .link -->\n\t\t\t<\/div><!-- .col-inner -->\n\t\t<\/div><!-- .col -->\n\t\t<div class=\"col post-item\" >\n\t\t\t<div class=\"col-inner\">\n\t\t\t<a href=\"https:\/\/demo.bmconnect.vn\/inbat\/in-bat-dam-cuoi-tien-loi-va-gia-re-tai-in-phat-tin\/\" class=\"plain\">\n\t\t\t\t<div class=\"box box-normal box-text-bottom box-blog-post has-hover\">\n            \t\t\t\t\t<div class=\"box-image\" >\n  \t\t\t\t\t\t<div class=\"image-zoom image-cover\" style=\"padding-top:60%;\">\n  \t\t\t\t\t\t\t<img width=\"675\" height=\"500\" src=\"https:\/\/demo.bmconnect.vn\/inbat\/wp-content\/uploads\/2017\/10\/in-bat-gia-re_nho.jpg\" class=\"attachment-original size-original wp-post-image\" alt=\"\" loading=\"lazy\" srcset=\"https:\/\/demo.bmconnect.vn\/inbat\/wp-content\/uploads\/2017\/10\/in-bat-gia-re_nho.jpg 675w, https:\/\/demo.bmconnect.vn\/inbat\/wp-content\/uploads\/2017\/10\/in-bat-gia-re_nho-300x222.jpg 300w\" sizes=\"(max-width: 675px) 100vw, 675px\" \/>  \t\t\t\t\t\t\t<div class=\"overlay\" style=\"background-color: rgba(0, 0, 0, 0)\"><\/div>  \t\t\t\t\t\t\t  \t\t\t\t\t\t<\/div>\n  \t\t\t\t\t\t  \t\t\t\t\t<\/div><!-- .box-image -->\n          \t\t\t\t\t<div class=\"box-text text-center\" >\n\t\t\t\t\t<div class=\"box-text-inner blog-post-inner\">\n\n\t\t\t\t\t\n\t\t\t\t\t\t\t\t\t\t<h5 class=\"post-title is-larger \">In b\u1ea1t \u0111\u00e1m c\u01b0\u1edbi ti\u1ec7n l\u1ee3i v\u00e0 gi\u00e1 r\u1ebb t\u1ea1i In Ph\u00e1t T\u00edn<\/h5>\n\t\t\t\t\t\t\t\t\t\t<div class=\"is-divider\"><\/div>\n\t\t\t\t\t\t\t\t\t\t<p class=\"from_the_blog_excerpt \">\u0110\u1eb7t in ph\u00f4ng n\u1ec1n \u0111\u00e1m c\u01b0\u1edbi b\u1eb1ng ch\u1ea5t li\u1ec7u hiflex t\u1ea1i x\u01b0\u1edfng in c\u1ee7a c\u00f4ng [...]\t\t\t\t\t<\/p>\n\t\t\t\t\t                    \n\t\t\t\t\t\n\t\t\t\t\t\n\t\t\t\t\t<\/div><!-- .box-text-inner -->\n\t\t\t\t\t<\/div><!-- .box-text -->\n\t\t\t\t\t\t\t\t\t<\/div><!-- .box -->\n\t\t\t\t<\/a><!-- .link -->\n\t\t\t<\/div><!-- .col-inner -->\n\t\t<\/div><!-- .col -->\n<\/div>\n","protected":false},"excerpt":{"rendered":"<p>V\u1edbi\u00a0in hiflex\u00a0chuy\u00ean nghi\u1ec7p, c\u00f3 ba lo\u1ea1i b\u1ea1t in \u0111\u01b0\u1ee3c ph\u00e2n bi\u1ec7t b\u1eb1ng \u0111\u1ed9 d\u00e0y m\u1ecfng c\u1ee7a t\u1eebng lo\u1ea1i b\u1ea1t in. Do \u0111\u00f3 tu\u1ef3 m\u1ee5c \u0111\u00edch s\u1eed d\u1ee5ng kh\u00e1ch h\u00e0ng c\u00f3 th\u1ec3 \u0111\u1eb7t t\u1eebng lo\u1ea1i b\u1ea1t c\u00f3 \u0111\u1ed9 d\u00e0y m\u1ecfng kh\u00e1c nhau n\u1eb1m trong gi\u1edbi h\u1ea1n t\u1eeb 0.26 mm \u0111\u1ebfn 0.52 mm. Hi\u1ec7n nay, d\u1ea1ng in [&#8230;]\n","protected":false},"author":1,"featured_media":179,"parent":0,"menu_order":0,"comment_status":"closed","ping_status":"closed","template":"page-left-sidebar.php","meta":[],"_links":{"self":[{"href":"https:\/\/demo.bmconnect.vn\/inbat\/wp-json\/wp\/v2\/pages\/31"}],"collection":[{"href":"https:\/\/demo.bmconnect.vn\/inbat\/wp-json\/wp\/v2\/pages"}],"about":[{"href":"https:\/\/demo.bmconnect.vn\/inbat\/wp-json\/wp\/v2\/types\/page"}],"author":[{"embeddable":true,"href":"https:\/\/demo.bmconnect.vn\/inbat\/wp-json\/wp\/v2\/users\/1"}],"replies":[{"embeddable":true,"href":"https:\/\/demo.bmconnect.vn\/inbat\/wp-json\/wp\/v2\/comments?post=31"}],"version-history":[{"count":5,"href":"https:\/\/demo.bmconnect.vn\/inbat\/wp-json\/wp\/v2\/pages\/31\/revisions"}],"predecessor-version":[{"id":719,"href":"https:\/\/demo.bmconnect.vn\/inbat\/wp-json\/wp\/v2\/pages\/31\/revisions\/719"}],"wp:featuredmedia":[{"embeddable":true,"href":"https:\/\/demo.bmconnect.vn\/inbat\/wp-json\/wp\/v2\/media\/179"}],"wp:attachment":[{"href":"https:\/\/demo.bmconnect.vn\/inbat\/wp-json\/wp\/v2\/media?parent=31"}],"curies":[{"name":"wp","href":"https:\/\/api.w.org\/{rel}","templated":true}]}}