{"id":242,"date":"2018-11-17T18:20:44","date_gmt":"2018-11-17T11:20:44","guid":{"rendered":"http:\/\/demo.bmconnect.vn\/gioithieucongty2\/?post_type=product&#038;p=242"},"modified":"2018-11-17T18:21:08","modified_gmt":"2018-11-17T11:21:08","slug":"lo-xo-chong-rung-giam-chan-tozen-ptm-a-a2-a3-am-am2","status":"publish","type":"product","link":"https:\/\/demo.bmconnect.vn\/gioithieucongty2\/san-pham\/lo-xo-chong-rung-giam-chan-tozen-ptm-a-a2-a3-am-am2\/","title":{"rendered":"L\u00f2 xo ch\u1ed1ng rung gi\u1ea3m ch\u1ea5n TOZEN PTM-A, -A2, -A3, -AM, -AM2"},"content":{"rendered":"<p>Gi\u1edbi thi\u1ec7u chi ti\u1ebft l\u00f2 xo ch\u1ed1ng rung, gi\u1ea3m ch\u1ea5n TOZEN Nh\u1eadt B\u1ea3n<br \/>\n<strong><a href=\"http:\/\/tinhtue.vn\/san-pham\/lo-xo-chong-rung-giam-chan-tozen\">L\u00f2 xo ch\u1ed1ng rung<\/a> gi\u1ea3m ch\u1ea5n Tozen<\/strong> v\u1edbi c\u00e1c model PTM-A, PTM-AM l\u00e0 lo\u1ea1i l\u00f2 xo kh\u00f4ng c\u00f3 v\u1ecf b\u1ecdc, \u0111\u01b0\u1ee3c thi\u1ebft k\u1ebf ch\u1ed1ng \u0111\u1ed9 v\u00f5ng l\u1edbn.<\/p>\n<ul>\n<li>Series PTM-A s\u1eed d\u1ee5ng lo\u1ea1i l\u00f2 xo ch\u1ed1ng rung \u0111\u01a1n ph\u1ea7n t\u1eed.<\/li>\n<li>Series PTM-AM s\u1eed d\u1ee5ng nhi\u1ec1u lo\u1ea1i l\u00f2 xo \u0111a ph\u1ea7n t\u1eed cho c\u00e1c \u1ee9ng d\u1ee5ng c\u00f3 t\u1ea3i tr\u1ecdng l\u1edbn h\u01a1n.<\/li>\n<li><strong>V\u00f2ng l\u00f2 xo ch\u1ed1ng rung Tozen<\/strong> \u0111\u01b0\u1ee3c l\u00e0m b\u1eb1ng th\u00e9p,\u00a0\u1ede\u00a0tr\u00ean \u0111\u1ec9nh c\u1ee7a l\u00f2 xo \u0111\u01b0\u1ee3c ch\u1ebf t\u1ea1o c\u00f3 thi\u1ebft b\u1ecb \u0111i\u1ec1u ch\u1ec9nh\u00a0\u0111\u1ed9 cao, \u1edf ph\u00eda d\u01b0\u1edbi c\u00f9ng l\u00e0 t\u1ea5m c\u00e1ch \u00e2m v\u00e0 ch\u1ed1ng tr\u01b0\u1ee3t. C\u1ea3 \u0111\u1ec9nh tr\u00ean v\u00e0 d\u01b0\u1edbi l\u00f2 xo \u0111\u1ec1u \u0111\u01b0\u1ee3c ch\u1ebf t\u1ea1o c\u00f3 n\u1eafp gi\u1eef b\u1eb1ng Gang \u0111\u00fac.<\/li>\n<li>Thi\u1ebft k\u1ebf b\u00ean trong l\u00f2 xo c\u00f3 b\u1ed9 ch\u1ed1ng rung tu\u00e2n th\u1ee7 ti\u00eau chu\u1ea9n JIS B2704. \u0110\u1ec3 \u1ed5n \u0111\u1ecbnh, \u0111\u01b0\u1eddng k\u00ednh b\u00ean ngo\u00e0i c\u1ee7a v\u00f2ng\u00a0l\u00f2 xo l\u1edbn h\u01a1n 80%\u00a0so v\u1edbi\u00a0chi\u1ec1u cao c\u1ee7a v\u00f2ng l\u00f2 xo khi b\u1ecb n\u00e9n \u1edf t\u1ea3i tr\u1ecdng \u0111\u00e3 \u0111\u1ecbnh m\u1ee9c.<\/li>\n<li>T\u1ea5t c\u1ea3 c\u00e1c v\u00f2ng l\u00f2 xo ch\u1ed1ng rung \u0111\u1ec1u \u0111\u01b0\u1ee3c thi\u1ebft k\u1ebf \u0111\u1ec3 c\u00f3 th\u1ec3 ch\u1ecbu qu\u00e1 t\u1ea3i t\u1ed1i thi\u1ec3u 50%.<\/li>\n<li>Series\u00a0L\u00f2 Xo Ch\u1ed1ng Rung Tozen PTM-A, PTM-AM c\u00f3 \u0111\u1ed9 v\u00f5ng ti\u00eau l\u00e0 25mm, 50mm, 75mm.<\/li>\n<li>Ph\u1ea1m vi t\u1ea3i tr\u1ecdng c\u1ee7a b\u1ed9 ch\u1ed1ng rung PTM-A l\u00e0 t\u1eeb 25kg t\u1edbi 1.400kg (55 toi 3.080 lb) v\u00e0 t\u1ed1i \u0111a l\u00e0 5.600kg (12.320 lb) \u0111\u1ed1i v\u1edbi ch\u1ed1ng rung PTM-AM.<\/li>\n<\/ul>\n<p>&nbsp;<\/p>\n<p style=\"text-align: center;\"><img loading=\"lazy\" class=\"size-full wp-image-763 aligncenter\" src=\"http:\/\/tinhtue.vn\/template\/uploads\/2016\/03\/lo-xo-chong-rung-tozen-ptm-a-1.jpg\" sizes=\"(max-width: 980px) 100vw, 980px\" srcset=\"http:\/\/tinhtue.vn\/template\/uploads\/2016\/03\/lo-xo-chong-rung-tozen-ptm-a-1.jpg 980w, http:\/\/tinhtue.vn\/template\/uploads\/2016\/03\/lo-xo-chong-rung-tozen-ptm-a-1-300x80.jpg 300w\" alt=\"L\u00f2 Xo Ch\u1ed1ng Rung Gi\u1ea3m Ch\u1ea5n TOZEN\" width=\"980\" height=\"260\" \/> C\u1ea5u T\u1ea1o L\u00f2 Xo Ch\u1ed1ng Rung Gi\u1ea3m Ch\u1ea5n TOZEN<\/p>\n<h3><b>\u01afu \u0111i\u1ec3m Th\u1ef1c T\u1ebf C\u1ee7a L\u00f2 Xo Ch\u1ed1ng Rung:<\/b><\/h3>\n<div>\n<ul>\n<li>Thi\u1ebft k\u1ebf b\u00ean trong l\u00f2 xo c\u00f3 b\u1ed9 ch\u1ed1ng rung tu\u00e2n th\u1ee7 ti\u00eau chu\u1ea9n, gi\u00fap gi\u1ea3m rung, gi\u1ea3m ch\u1ea5n, gi\u1ea3m \u0111\u1ed9 \u1ed3n khi v\u1eadn h\u00e0nh c\u00e1c h\u1ec7 th\u1ed1ng thi\u1ebft b\u1ecb.<\/li>\n<li>T\u1ea5t c\u1ea3 c\u00e1c v\u00f2ng l\u00f2 xo \u0111\u1ec1u \u0111\u01b0\u1ee3c thi\u1ebft k\u1ebf \u0111\u1ec3 c\u00f3 th\u1ec3 ch\u1ecbu qu\u00e1 t\u1ea3i t\u1ed1i thi\u1ec3u 50%, gi\u00fap t\u0103ng \u0111\u1ed9 b\u1ec1n cho c\u00e1c thi\u1ebft b\u1ecb.<\/li>\n<\/ul>\n<\/div>\n<h3><strong>\u1ee8ng d\u1ee5ng\u00a0L\u00f2 Xo Ch\u1ed1ng Rung TOZEN<\/strong><\/h3>\n<p><strong>L\u00f2 xo ch\u1ed1ng rung<\/strong> \u0111\u01b0\u1ee3c \u1ee9ng d\u1ee5ng l\u00e0m lo xo gi\u1ea3m ch\u1ea5n cho thi\u1ebft b\u1ecb c\u01a1 kh\u00ed (M\u00e1y n\u00e9n kh\u00ed ki\u1ec3u pittong, m\u00e1y n\u00e9n kh\u00ed l\u00e0m l\u1ea1nh, c\u00e1c h\u1ec7 th\u1ed1ng b\u01a1m c\u00f4ng su\u1ea5t l\u1edbn, thi\u1ebft b\u1ecb x\u1eed l\u00fd nguy\u00ean kh\u1ed1i, Qu\u1ea1t ly t\u00e2m c\u00f4ng nghi\u1ec7p, \u0110\u1ed9ng c\u01a1 \u0111\u1ed1t trong, c\u00e1c h\u1ec7 th\u1ed1ng HVAC, h\u1ec7 th\u1ed1ng treo\u2026)<\/p>\n<div class=\"gioi-thieu\">\n<ul>\n<li><strong>T\u1eadp \u0110o\u00e0n TOZEN Nh\u1eadt B\u1ea3n<\/strong> \u0111\u01b0\u1ee3c th\u00e0nh l\u1eadp v\u00e0o 03 th\u00e1ng 8 n\u0103m 1972 chuy\u00ean nghi\u00ean c\u1ee9u, ph\u00e1t tri\u1ec3n v\u00e0 s\u1ea3n xu\u1ea5t c\u00e1c d\u00f2ng s\u1ea3n ph\u1ea9m nh\u01b0: h\u1ec7 th\u1ed1ng ch\u1ed1ng rung, kh\u1edbp n\u1ed1i ch\u1ed1ng rung cho t\u1ea5t c\u1ea3 c\u00e1c \u0111\u01b0\u1eddng \u1ed1ng v\u00e0 van\u2026 M\u1ed9t s\u1ed1 trong \u0111\u00f3 \u0111\u01b0\u1ee3c \u1ee9ng d\u1ee5ng trong c\u00e1c c\u00f4ng tr\u00ecnh x\u00e2y d\u1ef1ng d\u00e2n d\u1ee5ng ho\u1eb7c nh\u00e0 m\u00e1y.<\/li>\n<li><strong>C\u00f4ng Ty C\u1ed5 Ph\u1ea7n K\u1ef9 Thu\u1eadt M\u00f4i Tr\u01b0\u1eddng Tinh Tu\u1ec7<\/strong> l\u00e0 nh\u00e0 ph\u00e2n ph\u1ed1i ch\u00ednh h\u00e3ng c\u00e1c d\u00f2ng s\u1ea3n ph\u1ea9m TOZEN nh\u01b0: Van ch\u1ed1ng rung, van m\u1ed9t chi\u1ec1u, van c\u1ed5ng, van b\u01b0\u1edbm, kh\u1edbp n\u1ed1i cao su ch\u1ed1ng rung, l\u00f2 xo ch\u1ed1ng rung, c\u00e1c h\u1ec7 th\u1ed1ng ch\u1ed1ng rung.<\/li>\n<li>N\u1ebfu qu\u00fd C\u00f4ng ty c\u1ea7n b\u1ea5t c\u1ee9 th\u00f4ng tin g\u00ec v\u1ec1 s\u1ea3n ph\u1ea9m, xin vui l\u00f2ng li\u00ean h\u1ec7 ngay v\u1edbi ch\u00fang t\u00f4i, Ch\u00fang t\u00f4i s\u1ebd \u0111\u00e1p \u1ee9ng y\u00eau c\u1ea7u c\u1ee7a Qu\u00fd c\u00f4ng ty trong th\u1eddi gian nhanh nh\u1ea5t.<\/li>\n<\/ul>\n<\/div>\n","protected":false},"excerpt":{"rendered":"<p>Th\u01b0\u01a1ng hi\u1ec7u: TOZEN<br \/>\nXu\u1ea5t x\u1ee9: Nh\u1eadt B\u1ea3n<br \/>\nSeries: PTM-A,-A2,-A3,-AM,-AM2<br \/>\n\u1ee8ng d\u1ee5ng: L\u00f2 xo ch\u1ed1ng rung, gi\u1ea3m ch\u1ea5n cho thi\u1ebft b\u1ecb c\u01a1 kh\u00ed c\u00f4ng nghi\u1ec7p, h\u1ec7 th\u1ed1ng HVAC, h\u1ec7 th\u1ed1ng treo,&#8230;<br \/>\nDownload: Brochure<\/p>\n","protected":false},"featured_media":243,"template":"","meta":[],"product_cat":[23],"product_tag":[],"_links":{"self":[{"href":"https:\/\/demo.bmconnect.vn\/gioithieucongty2\/wp-json\/wp\/v2\/product\/242"}],"collection":[{"href":"https:\/\/demo.bmconnect.vn\/gioithieucongty2\/wp-json\/wp\/v2\/product"}],"about":[{"href":"https:\/\/demo.bmconnect.vn\/gioithieucongty2\/wp-json\/wp\/v2\/types\/product"}],"wp:featuredmedia":[{"embeddable":true,"href":"https:\/\/demo.bmconnect.vn\/gioithieucongty2\/wp-json\/wp\/v2\/media\/243"}],"wp:attachment":[{"href":"https:\/\/demo.bmconnect.vn\/gioithieucongty2\/wp-json\/wp\/v2\/media?parent=242"}],"wp:term":[{"taxonomy":"product_cat","embeddable":true,"href":"https:\/\/demo.bmconnect.vn\/gioithieucongty2\/wp-json\/wp\/v2\/product_cat?post=242"},{"taxonomy":"product_tag","embeddable":true,"href":"https:\/\/demo.bmconnect.vn\/gioithieucongty2\/wp-json\/wp\/v2\/product_tag?post=242"}],"curies":[{"name":"wp","href":"https:\/\/api.w.org\/{rel}","templated":true}]}}