{"id":67,"date":"2018-11-17T10:59:20","date_gmt":"2018-11-17T03:59:20","guid":{"rendered":"http:\/\/demo.bmconnect.vn\/gioithieucongty2\/?page_id=67"},"modified":"2018-11-21T14:15:01","modified_gmt":"2018-11-21T07:15:01","slug":"ung-dung","status":"publish","type":"page","link":"https:\/\/demo.bmconnect.vn\/gioithieucongty2\/ung-dung\/","title":{"rendered":"\u1ee8ng d\u1ee5ng"},"content":{"rendered":"\t<section class=\"section dich-vu\" id=\"section_387581046\">\n\t\t<div class=\"bg section-bg fill bg-fill  bg-loaded\" >\n\n\t\t\t\n\t\t\t\n\t\t\t\n\n\t\t<\/div>\n\n\t\t<div class=\"section-content relative\">\n\t\t\t\n<div class=\"row row-small\"  id=\"row-331076070\">\n\n\t<div id=\"col-845989541\" class=\"col medium-4 small-12 large-4\"  >\n\t\t\t\t<div class=\"col-inner\"  >\n\t\t\t\n\t\t\t\n\t<div class=\"box has-hover   has-hover box-text-bottom\" >\n\n\t\t<div class=\"box-image\" >\n\t\t\t<a href=\"\/tu-khoa\/cap-nuoc\/\"  >\t\t\t<div class=\"\" >\n\t\t\t\t<img width=\"300\" height=\"188\" src=\"https:\/\/demo.bmconnect.vn\/gioithieucongty2\/wp-content\/uploads\/2018\/11\/cung-cap-nuoc-1-1-300x188.jpg\" class=\"attachment-original size-original\" alt=\"\" loading=\"lazy\" \/>\t\t\t\t\t\t\t\t\t\t\t<\/div>\n\t\t\t<\/a>\t\t<\/div>\n\n\t\t<div class=\"box-text text-left\" style=\"padding:10px 0px 0px 0px;\">\n\t\t\t<div class=\"box-text-inner\">\n\t\t\t\t\n<h3 style=\"text-align: left;\"><span style=\"color: #000000;\">C\u1ea4P N\u01af\u1edaC<\/span><\/h3>\n<p style=\"text-align: left;\"><span style=\"color: #000000; font-size: 105%;\">C\u00e1c thi\u1ebft b\u1ecb ph\u1ee5c v\u1ee5 cho h\u1ec7 th\u1ed1ng x\u1eed l\u00fd c\u1ea5p n\u01b0\u1edbc v\u00e0 n\u01b0\u1edbc th\u00f4 c\u00f4ng nghi\u1ec7p. V\u1edbi c\u00e1c d\u00f2ng s\u1ea3n ph\u1ea9m \u0111\u1eb7c tr\u01b0ng nh\u01b0: Van, kh\u1edbp n\u1ed1i, m\u00e1y b\u01a1m ly t\u00e2m c\u00e1c lo\u1ea1i\u2026 <\/span><\/p>\n\t\t\t<\/div>\n\t\t<\/div>\n\t<\/div>\n\t\n\t<div id=\"gap-777671393\" class=\"gap-element clearfix\" style=\"display:block; height:auto;\">\n\t\t\n<style>\n#gap-777671393 {\n  padding-top: 30px;\n}\n<\/style>\n\t<\/div>\n\t\n\t\t<\/div>\n\t\t\t\t\t<\/div>\n\n\t\n\n\t<div id=\"col-1143272770\" class=\"col medium-4 small-12 large-4\"  >\n\t\t\t\t<div class=\"col-inner\"  >\n\t\t\t\n\t\t\t\n\t<div class=\"box has-hover   has-hover box-text-bottom\" >\n\n\t\t<div class=\"box-image\" >\n\t\t\t<a href=\"\/tu-khoa\/may-bom-hoa-chat\/\"  >\t\t\t<div class=\"\" >\n\t\t\t\t<img width=\"800\" height=\"500\" src=\"https:\/\/demo.bmconnect.vn\/gioithieucongty2\/wp-content\/uploads\/2018\/11\/bom-hoa-chat-1-1.jpg\" class=\"attachment-original size-original\" alt=\"\" loading=\"lazy\" srcset=\"https:\/\/demo.bmconnect.vn\/gioithieucongty2\/wp-content\/uploads\/2018\/11\/bom-hoa-chat-1-1.jpg 800w, https:\/\/demo.bmconnect.vn\/gioithieucongty2\/wp-content\/uploads\/2018\/11\/bom-hoa-chat-1-1-600x375.jpg 600w, https:\/\/demo.bmconnect.vn\/gioithieucongty2\/wp-content\/uploads\/2018\/11\/bom-hoa-chat-1-1-300x188.jpg 300w, https:\/\/demo.bmconnect.vn\/gioithieucongty2\/wp-content\/uploads\/2018\/11\/bom-hoa-chat-1-1-768x480.jpg 768w\" sizes=\"(max-width: 800px) 100vw, 800px\" \/>\t\t\t\t\t\t\t\t\t\t\t<\/div>\n\t\t\t<\/a>\t\t<\/div>\n\n\t\t<div class=\"box-text text-left\" style=\"padding:10px 0px 0px 0px;\">\n\t\t\t<div class=\"box-text-inner\">\n\t\t\t\t\n<h3 style=\"text-align: left;\"><span style=\"color: #000000;\">M\u00c1Y B\u01a0M H\u00d3A CH\u1ea4T<\/span><\/h3>\n<p style=\"text-align: left;\"><span style=\"color: #000000; font-size: 105%;\">G\u1ed3m nh\u1eefng d\u00f2ng s\u1ea3n ph\u1ea9m ph\u1ee5c v\u1ee5 cho vi\u1ec7c x\u1eed l\u00fd n\u01b0\u1edbc th\u1ea3i v\u00e0 m\u00f4i tr\u01b0\u1eddng nh\u01b0: B\u01a1m m\u00e0ng kh\u00ed n\u00e9n, b\u01a1m d\u1eabn \u0111\u1ed9ng t\u1eeb v\u00e0 b\u01a1m ly t\u00e2m t\u1ef1 m\u1ed3i\u2026<\/span><\/p>\n\t\t\t<\/div>\n\t\t<\/div>\n\t<\/div>\n\t\n\t<div id=\"gap-2038838678\" class=\"gap-element clearfix\" style=\"display:block; height:auto;\">\n\t\t\n<style>\n#gap-2038838678 {\n  padding-top: 30px;\n}\n<\/style>\n\t<\/div>\n\t\n\t\t<\/div>\n\t\t\t\t\t<\/div>\n\n\t\n\n\t<div id=\"col-601902241\" class=\"col medium-4 small-12 large-4\"  >\n\t\t\t\t<div class=\"col-inner\"  >\n\t\t\t\n\t\t\t\n\t<div class=\"box has-hover   has-hover box-text-bottom\" >\n\n\t\t<div class=\"box-image\" >\n\t\t\t<a href=\"\/tu-khoa\/khop-noi-lo-xo-chong-rung\/\"  >\t\t\t<div class=\"\" >\n\t\t\t\t<img width=\"800\" height=\"500\" src=\"https:\/\/demo.bmconnect.vn\/gioithieucongty2\/wp-content\/uploads\/2018\/11\/khop-noi-lo-xo-chong-rung-1.jpg\" class=\"attachment-original size-original\" alt=\"\" loading=\"lazy\" srcset=\"https:\/\/demo.bmconnect.vn\/gioithieucongty2\/wp-content\/uploads\/2018\/11\/khop-noi-lo-xo-chong-rung-1.jpg 800w, https:\/\/demo.bmconnect.vn\/gioithieucongty2\/wp-content\/uploads\/2018\/11\/khop-noi-lo-xo-chong-rung-1-600x375.jpg 600w, https:\/\/demo.bmconnect.vn\/gioithieucongty2\/wp-content\/uploads\/2018\/11\/khop-noi-lo-xo-chong-rung-1-300x188.jpg 300w, https:\/\/demo.bmconnect.vn\/gioithieucongty2\/wp-content\/uploads\/2018\/11\/khop-noi-lo-xo-chong-rung-1-768x480.jpg 768w\" sizes=\"(max-width: 800px) 100vw, 800px\" \/>\t\t\t\t\t\t\t\t\t\t\t<\/div>\n\t\t\t<\/a>\t\t<\/div>\n\n\t\t<div class=\"box-text text-left\" style=\"padding:10px 0px 0px 0px;\">\n\t\t\t<div class=\"box-text-inner\">\n\t\t\t\t\n<h3 style=\"text-align: left;\"><span style=\"color: #000000;\">KH\u1edaP N\u1ed0I, L\u00d2 XO CH\u1ed0NG RUNG<\/span><\/h3>\n<p style=\"text-align: left;\"><span style=\"color: #000000; font-size: 105%;\">C\u00e1c thi\u1ebft b\u1ecb ph\u1ee5c v\u1ee5 cho vi\u1ec7c ch\u1ed1ng rung c\u00e1c h\u1ec7 th\u1ed1ng m\u00e1y l\u1edbn nh\u1ecf bao g\u1ed3m: L\u00f2 xo ch\u1ed1ng rung, kh\u1edbp n\u1ed1i cao su m\u1ec1m v\u00e0 \u0111\u1ec7m ch\u1ed1ng rung&#8230;<\/span><\/p>\n\t\t\t<\/div>\n\t\t<\/div>\n\t<\/div>\n\t\n\t<div id=\"gap-977497663\" class=\"gap-element clearfix\" style=\"display:block; height:auto;\">\n\t\t\n<style>\n#gap-977497663 {\n  padding-top: 30px;\n}\n<\/style>\n\t<\/div>\n\t\n\t\t<\/div>\n\t\t\t\t\t<\/div>\n\n\t\n\n\t<div id=\"col-123573947\" class=\"col medium-4 small-12 large-4\"  >\n\t\t\t\t<div class=\"col-inner\"  >\n\t\t\t\n\t\t\t\n\t<div class=\"box has-hover   has-hover box-text-bottom\" >\n\n\t\t<div class=\"box-image\" >\n\t\t\t<a href=\"\/tu-khoa\/tinh-bot-san\/\"  >\t\t\t<div class=\"\" >\n\t\t\t\t<img width=\"800\" height=\"500\" src=\"https:\/\/demo.bmconnect.vn\/gioithieucongty2\/wp-content\/uploads\/2018\/11\/tinh-bot-san-1-1.jpg\" class=\"attachment-original size-original\" alt=\"\" loading=\"lazy\" srcset=\"https:\/\/demo.bmconnect.vn\/gioithieucongty2\/wp-content\/uploads\/2018\/11\/tinh-bot-san-1-1.jpg 800w, https:\/\/demo.bmconnect.vn\/gioithieucongty2\/wp-content\/uploads\/2018\/11\/tinh-bot-san-1-1-600x375.jpg 600w, https:\/\/demo.bmconnect.vn\/gioithieucongty2\/wp-content\/uploads\/2018\/11\/tinh-bot-san-1-1-300x188.jpg 300w, https:\/\/demo.bmconnect.vn\/gioithieucongty2\/wp-content\/uploads\/2018\/11\/tinh-bot-san-1-1-768x480.jpg 768w\" sizes=\"(max-width: 800px) 100vw, 800px\" \/>\t\t\t\t\t\t\t\t\t\t\t<\/div>\n\t\t\t<\/a>\t\t<\/div>\n\n\t\t<div class=\"box-text text-left\" style=\"padding:10px 0px 0px 0px;\">\n\t\t\t<div class=\"box-text-inner\">\n\t\t\t\t\n<h3 style=\"text-align: left;\"><span style=\"color: #000000;\">TINH B\u1ed8T S\u1eaeN<\/span><\/h3>\n<p style=\"text-align: left;\"><span style=\"color: #000000; font-size: 105%;\">Thi\u1ebft b\u1ecb ly t\u00e2m ch\u1ee7 y\u1ebfu ph\u1ee5c v\u1ee5 cho vi\u1ec7c t\u00e1ch l\u1ecdc l\u00e0m gi\u1ea3m \u0111\u1ed9 \u1ea9m t\u1ed1i \u0111a c\u1ee7a b\u1ed9t sau khi \u00e9p. V\u1edbi 2 d\u00f2ng s\u1ea3n ph\u1ea9m ch\u00ednh l\u00e0 separator v\u00e0 decanter.<\/span><\/p>\n\t\t\t<\/div>\n\t\t<\/div>\n\t<\/div>\n\t\n\t\t<\/div>\n\t\t\t\t\t<\/div>\n\n\t\n\n\t<div id=\"col-43257263\" class=\"col medium-4 small-12 large-4\"  >\n\t\t\t\t<div class=\"col-inner\"  >\n\t\t\t\n\t\t\t\n\t<div class=\"box has-hover   has-hover box-text-bottom\" >\n\n\t\t<div class=\"box-image\" >\n\t\t\t<a href=\"\/tu-khoa\/xu-ly-nuoc-thai\/\"  >\t\t\t<div class=\"\" >\n\t\t\t\t<img width=\"800\" height=\"500\" src=\"https:\/\/demo.bmconnect.vn\/gioithieucongty2\/wp-content\/uploads\/2018\/11\/xu-ly-nuoc-thai.jpg\" class=\"attachment-original size-original\" alt=\"\" loading=\"lazy\" srcset=\"https:\/\/demo.bmconnect.vn\/gioithieucongty2\/wp-content\/uploads\/2018\/11\/xu-ly-nuoc-thai.jpg 800w, https:\/\/demo.bmconnect.vn\/gioithieucongty2\/wp-content\/uploads\/2018\/11\/xu-ly-nuoc-thai-600x375.jpg 600w, https:\/\/demo.bmconnect.vn\/gioithieucongty2\/wp-content\/uploads\/2018\/11\/xu-ly-nuoc-thai-300x188.jpg 300w, https:\/\/demo.bmconnect.vn\/gioithieucongty2\/wp-content\/uploads\/2018\/11\/xu-ly-nuoc-thai-768x480.jpg 768w\" sizes=\"(max-width: 800px) 100vw, 800px\" \/>\t\t\t\t\t\t\t\t\t\t\t<\/div>\n\t\t\t<\/a>\t\t<\/div>\n\n\t\t<div class=\"box-text text-left\" style=\"padding:10px 0px 0px 0px;\">\n\t\t\t<div class=\"box-text-inner\">\n\t\t\t\t\n<h3 style=\"text-align: left;\"><span style=\"color: #000000;\">X\u1eec L\u00dd N\u01af\u1edaC TH\u1ea2I<\/span><\/h3>\n<p style=\"text-align: left;\"><span style=\"color: #000000; font-size: 105%;\">T\u1eadp h\u1ee3p nh\u1eefng d\u00f2ng s\u1ea3n ph\u1ea9m ph\u1ee5c v\u1ee5 ri\u00eang cho vi\u1ec7c x\u1eed l\u00fd n\u01b0\u1edbc th\u1ea3i c\u00f4ng nghi\u1ec7p nh\u01b0: M\u00e1y b\u01a1m ch\u00ecm n\u01b0\u1edbc th\u1ea3i, m\u00e1y b\u01a1m m\u00e0ng kh\u00ed n\u00e9n v\u00e0 c\u00e1c lo\u1ea1i m\u00e1y th\u1ed5i kh\u00ed\u2026<\/span><\/p>\n\t\t\t<\/div>\n\t\t<\/div>\n\t<\/div>\n\t\n\t\t<\/div>\n\t\t\t\t\t<\/div>\n\n\t\n\n\t<div id=\"col-474097219\" class=\"col medium-4 small-12 large-4\"  >\n\t\t\t\t<div class=\"col-inner\"  >\n\t\t\t\n\t\t\t\n\t<div class=\"box has-hover   has-hover box-text-bottom\" >\n\n\t\t<div class=\"box-image\" >\n\t\t\t<a href=\"\/tu-khoa\/xu-ly-bun\/\"  >\t\t\t<div class=\"\" >\n\t\t\t\t<img width=\"800\" height=\"500\" src=\"https:\/\/demo.bmconnect.vn\/gioithieucongty2\/wp-content\/uploads\/2018\/11\/xu-ly-bun-1.jpg\" class=\"attachment-original size-original\" alt=\"\" loading=\"lazy\" srcset=\"https:\/\/demo.bmconnect.vn\/gioithieucongty2\/wp-content\/uploads\/2018\/11\/xu-ly-bun-1.jpg 800w, https:\/\/demo.bmconnect.vn\/gioithieucongty2\/wp-content\/uploads\/2018\/11\/xu-ly-bun-1-600x375.jpg 600w, https:\/\/demo.bmconnect.vn\/gioithieucongty2\/wp-content\/uploads\/2018\/11\/xu-ly-bun-1-300x188.jpg 300w, https:\/\/demo.bmconnect.vn\/gioithieucongty2\/wp-content\/uploads\/2018\/11\/xu-ly-bun-1-768x480.jpg 768w\" sizes=\"(max-width: 800px) 100vw, 800px\" \/>\t\t\t\t\t\t\t\t\t\t\t<\/div>\n\t\t\t<\/a>\t\t<\/div>\n\n\t\t<div class=\"box-text text-left\" style=\"padding:10px 0px 0px 0px;\">\n\t\t\t<div class=\"box-text-inner\">\n\t\t\t\t\n<h3 style=\"text-align: left;\"><span style=\"color: #000000;\">X\u1eec L\u00dd B\u00d9N<\/span><\/h3>\n<p style=\"text-align: left;\"><span style=\"color: #000000; font-size: 105%;\">C\u00e1c thi\u1ebft b\u1ecb \u0111\u01b0\u1ee3c s\u1eed d\u1ee5ng trong vi\u1ec7c x\u1eed l\u00fd b\u00f9n, t\u00e1ch ch\u1ea5t th\u1ea3i r\u1eafn trong n\u01b0\u1edbc th\u1ea3i c\u00f4ng nghi\u1ec7p v\u1edbi 3 d\u00f2ng s\u1ea3n ph\u1ea9m ch\u00ednh l\u00e0: M\u00e1y \u00e9p b\u00f9n khung b\u1ea3n, m\u00e1y \u00e9p b\u00f9n b\u0103ng t\u1ea3i, m\u00e1y \u00e9p b\u00f9n ly t\u00e2m<\/span><\/p>\n\t\t\t<\/div>\n\t\t<\/div>\n\t<\/div>\n\t\n\t\t<\/div>\n\t\t\t\t\t<\/div>\n\n\t\n<\/div>\n\t\t<\/div>\n\n\t\t\n<style>\n#section_387581046 {\n  padding-top: 30px;\n  padding-bottom: 30px;\n}\n<\/style>\n\t<\/section>\n\t\n\t<div id=\"gap-1768397316\" class=\"gap-element clearfix\" style=\"display:block; height:auto;\">\n\t\t\n<style>\n#gap-1768397316 {\n  padding-top: 30px;\n}\n<\/style>\n\t<\/div>\n\t\n","protected":false},"excerpt":{"rendered":"","protected":false},"author":1,"featured_media":0,"parent":0,"menu_order":0,"comment_status":"closed","ping_status":"closed","template":"page-blank-featured.php","meta":[],"_links":{"self":[{"href":"https:\/\/demo.bmconnect.vn\/gioithieucongty2\/wp-json\/wp\/v2\/pages\/67"}],"collection":[{"href":"https:\/\/demo.bmconnect.vn\/gioithieucongty2\/wp-json\/wp\/v2\/pages"}],"about":[{"href":"https:\/\/demo.bmconnect.vn\/gioithieucongty2\/wp-json\/wp\/v2\/types\/page"}],"author":[{"embeddable":true,"href":"https:\/\/demo.bmconnect.vn\/gioithieucongty2\/wp-json\/wp\/v2\/users\/1"}],"replies":[{"embeddable":true,"href":"https:\/\/demo.bmconnect.vn\/gioithieucongty2\/wp-json\/wp\/v2\/comments?post=67"}],"version-history":[{"count":15,"href":"https:\/\/demo.bmconnect.vn\/gioithieucongty2\/wp-json\/wp\/v2\/pages\/67\/revisions"}],"predecessor-version":[{"id":589,"href":"https:\/\/demo.bmconnect.vn\/gioithieucongty2\/wp-json\/wp\/v2\/pages\/67\/revisions\/589"}],"wp:attachment":[{"href":"https:\/\/demo.bmconnect.vn\/gioithieucongty2\/wp-json\/wp\/v2\/media?parent=67"}],"curies":[{"name":"wp","href":"https:\/\/api.w.org\/{rel}","templated":true}]}}