{"id":63,"date":"2018-11-17T10:57:46","date_gmt":"2018-11-17T03:57:46","guid":{"rendered":"http:\/\/demo.bmconnect.vn\/gioithieucongty2\/?page_id=63"},"modified":"2018-11-18T12:53:32","modified_gmt":"2018-11-18T05:53:32","slug":"lien-he","status":"publish","type":"page","link":"https:\/\/demo.bmconnect.vn\/gioithieucongty2\/lien-he\/","title":{"rendered":"Li\u00ean h\u1ec7"},"content":{"rendered":"<div class=\"row row-lien-he\"  id=\"row-1912079969\">\n\n\t<div id=\"col-80072014\" class=\"col medium-6 small-12 large-6\"  >\n\t\t\t\t<div class=\"col-inner\"  >\n\t\t\t\n\t\t\t\n<h3><span style=\"color: #000000;\"><strong>Th\u00f4ng tin li\u00ean h\u1ec7:<\/strong><\/span><\/h3>\n<ul>\n<li><span style=\"color: #000000;\"><strong>Li\u00ean h\u1ec7:<\/strong>\u00a0L\u00ea V\u0103n Thi\u1ec7n<\/span><\/li>\n<li><span style=\"color: #000000;\"><strong>Phone:<\/strong>\u00a00972939830<\/span><\/li>\n<li><span style=\"color: #000000;\"><strong>Email:<\/strong>\u00a0giuselethien@gmail.com<\/span><\/li>\n<li><span style=\"color: #000000;\"><strong>Website:<\/strong>\u00a0www.giuseart.com<\/span><\/li>\n<li><span style=\"color: #000000;\"><strong>Flickr:<\/strong><a style=\"color: #000000;\" href=\"http:\/\/www.flickr.com\/photos\/77493237@N07\/albums\">\u00a0www.flickr.com\/photos\/77493237@N07\/albums<\/a><\/span><\/li>\n<li><span style=\"color: #000000;\"><strong>Behance:<\/strong>\u00a0<a style=\"color: #000000;\" href=\"https:\/\/www.behance.net\/giuselethien\">https:\/\/www.behance.net\/giuselethien<\/a><\/span><\/li>\n<li><span style=\"color: #000000;\"><strong>I<\/strong><\/span><span style=\"color: #000000;\"><strong>ntesest:<\/strong><a style=\"color: #000000;\" href=\"https:\/\/www.pinterest.com\/giuselethien\/pins\/\">\u00a0https:\/\/www.pinterest.com\/giuselethien\/pins\/<\/a><\/span><\/li>\n<\/ul>\n<h3><span style=\"color: #000000;\">Chi nh\u00e1nh H\u00e0 N\u1ed9i<\/span><\/h3>\n<ul>\n<li><span style=\"color: #000000;\"><strong>\u0110\u1ecba ch\u1ec9:<\/strong> S\u1ed1 19 ng\u00f5 18 L\u01b0\u01a1ng Ng\u1ecdc Quy\u1ebfn, V\u0103n Qu\u00e1n, H\u00e0 \u0110\u00f4ng, H\u00e0 N\u1ed9i<\/span><\/li>\n<li><span style=\"color: #000000;\"><strong>\u0110i\u1ec7n tho\u1ea1i: <span style=\"color: #ff0000;\">0972939830 &#8211; 01324.567.890<\/span><\/strong><\/span><\/li>\n<li><span style=\"color: #000000;\"><strong>Email:<\/strong> giuselethien@gmail.com<\/span><\/li>\n<\/ul>\n\t\t<\/div>\n\t\t\t\t\t<\/div>\n\n\t\n\n\t<div id=\"col-1158617952\" class=\"col medium-6 small-12 large-6\"  >\n\t\t\t\t<div class=\"col-inner\"  >\n\t\t\t\n\t\t\t\n<div role=\"form\" class=\"wpcf7\" id=\"wpcf7-f294-o1\" lang=\"vi\" dir=\"ltr\">\n<div class=\"screen-reader-response\"><p role=\"status\" aria-live=\"polite\" aria-atomic=\"true\"><\/p> <ul><\/ul><\/div>\n<form action=\"\/gioithieucongty2\/wp-json\/wp\/v2\/pages\/63#wpcf7-f294-o1\" method=\"post\" class=\"wpcf7-form init\" novalidate=\"novalidate\" data-status=\"init\">\n<div style=\"display: none;\">\n<input type=\"hidden\" name=\"_wpcf7\" value=\"294\" \/>\n<input type=\"hidden\" name=\"_wpcf7_version\" value=\"5.4.2\" \/>\n<input type=\"hidden\" name=\"_wpcf7_locale\" value=\"vi\" \/>\n<input type=\"hidden\" name=\"_wpcf7_unit_tag\" value=\"wpcf7-f294-o1\" \/>\n<input type=\"hidden\" name=\"_wpcf7_container_post\" value=\"0\" \/>\n<input type=\"hidden\" name=\"_wpcf7_posted_data_hash\" value=\"\" \/>\n<\/div>\n<p><span class=\"wpcf7-form-control-wrap text-456\"><input type=\"text\" name=\"text-456\" value=\"\" size=\"40\" class=\"wpcf7-form-control wpcf7-text wpcf7-validates-as-required\" aria-required=\"true\" aria-invalid=\"false\" placeholder=\"T\u00ean c\u1ee7a b\u1ea1n...\" \/><\/span><br \/>\n<span class=\"wpcf7-form-control-wrap email-853\"><input type=\"email\" name=\"email-853\" value=\"\" size=\"40\" class=\"wpcf7-form-control wpcf7-text wpcf7-email wpcf7-validates-as-required wpcf7-validates-as-email\" aria-required=\"true\" aria-invalid=\"false\" placeholder=\"\u0110\u1ecba ch\u1ec9 email...\" \/><\/span><br \/>\n<span class=\"wpcf7-form-control-wrap tel-899\"><input type=\"tel\" name=\"tel-899\" value=\"\" size=\"40\" class=\"wpcf7-form-control wpcf7-text wpcf7-tel wpcf7-validates-as-required wpcf7-validates-as-tel\" aria-required=\"true\" aria-invalid=\"false\" placeholder=\"S\u1ed1 \u0111i\u1ec7n tho\u1ea1i...\" \/><\/span><br \/>\n<span class=\"wpcf7-form-control-wrap textarea-883\"><textarea name=\"textarea-883\" cols=\"40\" rows=\"10\" class=\"wpcf7-form-control wpcf7-textarea\" aria-invalid=\"false\" placeholder=\"N\u1ed9i dung li\u00ean h\u1ec7...\"><\/textarea><\/span><br \/>\n<input type=\"submit\" value=\"G\u1eedi y\u00eau c\u1ea7u\" class=\"wpcf7-form-control wpcf7-submit\" \/><\/p>\n<div class=\"wpcf7-response-output\" aria-hidden=\"true\"><\/div><\/form><\/div>\n\t\t<\/div>\n\t\t\t\t\t<\/div>\n\n\t\n\n\t<div id=\"col-2119182170\" class=\"col small-12 large-12\"  >\n\t\t\t\t<div class=\"col-inner\"  >\n\t\t\t\n\t\t\t\n<p><iframe loading=\"lazy\" style=\"border: 0;\" src=\"https:\/\/www.google.com\/maps\/embed?pb=!1m18!1m12!1m3!1d3725.2130170374944!2d105.79226011521641!3d20.984096594676814!2m3!1f0!2f0!3f0!3m2!1i1024!2i768!4f13.1!3m3!1m2!1s0x3135acc6066cb537%3A0x4fc1c256d7cdb4d!2zR2l1c2VBcnQgLSBUaGnhur90IGvhur8gxJHhu5MgaOG7jWEgdsOgIHdlYnNpdGUgY2h1ecOqbiBuZ2hp4buHcA!5e0!3m2!1svi!2s!4v1542520387575\" width=\"100%\" height=\"250\" frameborder=\"0\" allowfullscreen=\"allowfullscreen\"><\/iframe><\/p>\n\t\t<\/div>\n\t\t\t\t\t<\/div>\n\n\t\n<\/div>\n","protected":false},"excerpt":{"rendered":"","protected":false},"author":1,"featured_media":0,"parent":0,"menu_order":0,"comment_status":"closed","ping_status":"closed","template":"page-blank-featured.php","meta":[],"_links":{"self":[{"href":"https:\/\/demo.bmconnect.vn\/gioithieucongty2\/wp-json\/wp\/v2\/pages\/63"}],"collection":[{"href":"https:\/\/demo.bmconnect.vn\/gioithieucongty2\/wp-json\/wp\/v2\/pages"}],"about":[{"href":"https:\/\/demo.bmconnect.vn\/gioithieucongty2\/wp-json\/wp\/v2\/types\/page"}],"author":[{"embeddable":true,"href":"https:\/\/demo.bmconnect.vn\/gioithieucongty2\/wp-json\/wp\/v2\/users\/1"}],"replies":[{"embeddable":true,"href":"https:\/\/demo.bmconnect.vn\/gioithieucongty2\/wp-json\/wp\/v2\/comments?post=63"}],"version-history":[{"count":0,"href":"https:\/\/demo.bmconnect.vn\/gioithieucongty2\/wp-json\/wp\/v2\/pages\/63\/revisions"}],"wp:attachment":[{"href":"https:\/\/demo.bmconnect.vn\/gioithieucongty2\/wp-json\/wp\/v2\/media?parent=63"}],"curies":[{"name":"wp","href":"https:\/\/api.w.org\/{rel}","templated":true}]}}