{"id":208,"date":"2019-03-19T16:33:52","date_gmt":"2019-03-19T16:33:52","guid":{"rendered":"https:\/\/demo.bmconnect.vn\/giacongcokhi\/?post_type=product&#038;p=208"},"modified":"2019-03-19T16:33:52","modified_gmt":"2019-03-19T16:33:52","slug":"cua-cong-dep-sat-kem-sp-48535-2","status":"publish","type":"product","link":"https:\/\/demo.bmconnect.vn\/giacongcokhi\/san-pham\/cua-cong-dep-sat-kem-sp-48535-2\/","title":{"rendered":"C\u1eeda C\u1ed5ng \u0110\u1eb9p S\u1eaft K\u1ebdm SP-48535"},"content":{"rendered":"<p><strong>C\u00f3 r\u1ea5t nhi\u1ec1u kh\u00f4ng gian ph\u00f2ng c\u00f3 th\u1ec3 s\u1eed d\u1ee5ng v\u00e1ch ng\u0103n nh\u00f4m k\u00ednh. Tuy nhi\u00ean c\u0169ng t\u00f9y v\u00e0o nh\u1eefng kh\u00f4ng gian ph\u00f9 h\u1ee3p v\u1edbi v\u00e1ch ng\u0103n nh\u00f4m k\u00ednh. V\u1eady nh\u1eefng kh\u00f4ng gian n\u00e0o ph\u00f9 h\u1ee3p v\u1edbi v\u00e1ch ng\u0103n nh\u00f4m k\u00ednh? D\u01b0\u1edbi \u0111\u00e2y, Nh\u00f4m k\u00ednh Ti\u00ean Phong s\u1ebd cung c\u1ea5p cho c\u00e1c b\u1ea1n nh\u1eefng kh\u00f4ng gian ph\u00f2ng ph\u00f9 h\u1ee3p v\u1edbi v\u00e1ch ng\u0103n nh\u00f4m k\u00ednh.<\/strong><\/p>\n<h1><strong>C\u1ea5u t\u1ea1o c\u1ee7a v\u00e1ch ng\u0103n ph\u00f2ng nh\u00f4m k\u00ednh<\/strong><\/h1>\n<p>V\u00e1ch ng\u0103n v\u0103n ph\u00f2ng nh\u00f4m k\u00ednh\u00a0v\u1edbi t\u1ea5m v\u00e1ch l\u00e0m b\u1eb1ng khung nh\u00f4m cao c\u1ea5p \u0111\u1ecbnh h\u00ecnh. K\u00edch th\u01b0\u1edbc v\u00e1ch ng\u0103n k\u00ednh c\u00f3 th\u1ec3 thay \u0111\u1ed5i cho ph\u00f9 h\u1ee3p t\u1eebng v\u0103n ph\u00f2ng.<\/p>\n<p>V\u00e1ch ng\u0103n k\u00ednh khung nh\u00f4m\u00a0\u0111\u1ecbnh h\u00ecnh\u00a0v\u1edbi c\u00e1c m\u00e0u s\u01a1n t\u0129nh \u0111i\u1ec7n kh\u00e1c nhau, tr\u1eafng s\u1eefa, v\u00e2n g\u1ed7, \u0111en.<\/p>\n<p>K\u00ednh trong, k\u00ednh m\u1edd, ho\u1eb7c d\u00e1n \u0111\u1ec1 can m\u1edd, c\u00e1c lo\u1ea1i\u00a05mm, 8mm, 10mm, 12mm.<\/p>\n<p>V\u00e1ch ng\u0103n v\u0103n ph\u00f2ng nh\u00f4m k\u00ednh\u00a0v\u1edbi t\u1ea5m v\u00e1ch l\u00e0m b\u1eb1ng khung nh\u00f4m cao c\u1ea5p \u0111\u1ecbnh h\u00ecnh. K\u00edch th\u01b0\u1edbc v\u00e1ch ng\u0103n k\u00ednh c\u00f3 th\u1ec3 thay \u0111\u1ed5i cho ph\u00f9 h\u1ee3p t\u1eebng v\u0103n ph\u00f2ng.<\/p>\n<p>V\u00e1ch ng\u0103n k\u00ednh khung nh\u00f4m\u00a0\u0111\u1ecbnh h\u00ecnh\u00a0v\u1edbi c\u00e1c m\u00e0u s\u01a1n t\u0129nh \u0111i\u1ec7n kh\u00e1c nhau, tr\u1eafng s\u1eefa, v\u00e2n g\u1ed7, \u0111en.<\/p>\n<p>K\u00ednh trong, k\u00ednh m\u1edd, ho\u1eb7c d\u00e1n \u0111\u1ec1 can m\u1edd, c\u00e1c lo\u1ea1i\u00a05mm, 8mm, 10mm, 12mm.<\/p>\n<p><a href=\"http:\/\/lamcuanhomgiare.com\/wp-content\/uploads\/2017\/12\/vach-ngan-phong-ngu-bang-nhom-kinh-02.jpg\"><img loading=\"lazy\" class=\"size-medium wp-image-366 aligncenter\" src=\"http:\/\/lamcuanhomgiare.com\/wp-content\/uploads\/2017\/12\/vach-ngan-phong-ngu-bang-nhom-kinh-02-300x200.jpg\" sizes=\"(max-width: 300px) 100vw, 300px\" srcset=\"http:\/\/lamcuanhomgiare.com\/wp-content\/uploads\/2017\/12\/vach-ngan-phong-ngu-bang-nhom-kinh-02-300x200.jpg 300w, http:\/\/lamcuanhomgiare.com\/wp-content\/uploads\/2017\/12\/vach-ngan-phong-ngu-bang-nhom-kinh-02.jpg 500w\" alt=\"\" width=\"300\" height=\"200\" \/><\/a><\/p>\n<h1><strong>Nh\u1eefng kh\u00f4ng gian n\u00ean l\u00e0m v\u00e1ch ng\u0103n ph\u00f2ng nh\u00f4m k\u00ednh<\/strong><\/h1>\n<ul>\n<li>\u2013 V\u00e1ch ng\u0103n nh\u00f4m k\u00ednh cho v\u0103n ph\u00f2ng: ph\u00f2ng s\u1ebfp, ph\u00f2ng nh\u00e2n vi\u00ean, ph\u00f2ng h\u1ecdp\u2026<\/li>\n<\/ul>\n<p>\u0110\u1ed1i v\u1edbi ph\u00f2ng h\u1ecdp n\u1ebfu l\u00e0 ph\u00f2ng h\u1ecdp \u1edf nh\u1eefng t\u00f2a nh\u00e0 nh\u1ecf, b\u00ecnh th\u01b0\u1eddng hay th\u01b0\u01a1ng hi\u1ec7u c\u00f4ng ty kh\u00f4ng n\u1ed5i b\u1eadt th\u00ec r\u1ea5t ph\u00f9 h\u1ee3p v\u1edbi v\u00e1ch ng\u0103n nh\u00f4m k\u00ednh. B\u1edfi v\u00e1ch ng\u0103n nh\u00f4m k\u00ednh th\u01b0\u1eddng s\u1ebd ph\u00f9 h\u1ee3p v\u1edbi nh\u1eefng kh\u00f4ng gian v\u0103n ph\u00f2ng kh\u00f4ng qu\u00e1 sang tr\u1ecdng, kh\u00f4ng cao c\u1ea5p. Th\u01b0\u1eddng s\u1ebd l\u00e0 \u1edf t\u1ea7m trung b\u1edfi v\u1eadt li\u1ec7u nh\u00f4m k\u00ednh gi\u00e1 th\u00e0nh r\u1ebb n\u00ean ph\u00f9 h\u1ee3p v\u1edbi nh\u1eefng c\u00f4ng ty nh\u1ecf khi c\u1ea7n chia ph\u00f2ng l\u00e0m vi\u1ec7c.<\/p>\n<ul>\n<li>\u2013 V\u00e1ch ng\u0103n nh\u00f4m k\u00ednh cho gia \u0111\u00ecnh: v\u00e1ch k\u00ednh khung nh\u00f4m cho ph\u00f2ng kh\u00e1ch, ph\u00f2ng ng\u1ee7, nh\u00e0 t\u1eafm\u2026<\/li>\n<\/ul>\n<p>V\u00e1ch ng\u0103n nh\u00f4m k\u00ednh cho gia \u0111\u00ecnh th\u01b0\u1eddng ph\u00f9 h\u1ee3p v\u1edbi nh\u1eefng kh\u00f4ng gian nh\u00e0 nh\u01b0: nh\u00e0 ph\u1ed1, nh\u00e0 c\u1ea5p b\u1ed1n, kh\u00f4ng gian nh\u00e0 m\u00e1i t\u00f4n, \u2026 b\u1edfi nh\u1eefng kh\u00f4ng gian nh\u00e0 nh\u01b0 th\u1ebf n\u00e0y lu\u00f4n kh\u00f4ng ch\u00fa tr\u1ecdng nhi\u1ec1u \u0111\u1ebfn th\u1ea9m m\u1ef9, ch\u1ec9 ch\u00fa \u00fd \u0111\u1ebfn s\u1ef1 ti\u1ec7n nghi, \u0111a n\u0103ng. V\u00e1ch ng\u0103n nh\u00f4m k\u00ednh lu\u00f4n ph\u00f9 h\u1ee3p \u0111\u1ed1i v\u1edbi h\u1ed9 gia \u0111\u00ecnh nh\u1ecf, nh\u1eefng gia \u0111\u00ecnh \u1edf th\u00e0nh ph\u1ed1 ch\u1eadt ch\u1ed9i, nh\u1eefng ng\u00f4i nh\u00e0 \u1edf ven s\u00f4ng,\u2026<\/p>\n<ul>\n<li>\u2013 V\u00e1ch ng\u0103n k\u00ednh khung nh\u00f4m cho trung t\u00e2m th\u01b0\u01a1ng m\u1ea1i: ng\u0103n c\u00e1c gian h\u00e0ng, ng\u0103n m\u1eb7t ch\u00ednh.<\/li>\n<\/ul>\n<p>V\u1edbi trung t\u00e2m th\u01b0\u01a1ng m\u1ea1i th\u00ec v\u00e1ch nh\u00f4m k\u00ednh r\u1ea5t ph\u00f9 h\u1ee3p, b\u1edfi n\u00f3 r\u1ea5t \u0111a di n\u0103ng, m\u00e0 \u1edf trung t\u00e2m th\u01b0\u01a1ng m\u1ea1i th\u01b0\u1eddng hay di d\u1eddi c\u00e1c k\u00ed \u1ed1t theo c\u00e1c v\u1ecb tr\u00ed kh\u00e1c nhau.<\/p>\n<p><a href=\"http:\/\/lamcuanhomgiare.com\/wp-content\/uploads\/2017\/11\/vachngan2.jpg\"><img loading=\"lazy\" class=\"size-medium wp-image-265 aligncenter\" src=\"http:\/\/lamcuanhomgiare.com\/wp-content\/uploads\/2017\/11\/vachngan2-300x185.jpg\" sizes=\"(max-width: 300px) 100vw, 300px\" srcset=\"http:\/\/lamcuanhomgiare.com\/wp-content\/uploads\/2017\/11\/vachngan2-300x185.jpg 300w, http:\/\/lamcuanhomgiare.com\/wp-content\/uploads\/2017\/11\/vachngan2.jpg 520w\" alt=\"\" width=\"300\" height=\"185\" \/><\/a><\/p>\n<h1><strong>T\u1ea1i sao v\u00e1ch nh\u00f4m k\u00ednh \u0111\u01b0\u1ee3c \u1ee9ng d\u1ee5ng nhi\u1ec1u<\/strong><\/h1>\n<ul>\n<li>\u2013 Ti\u1ebft ki\u1ec7m chi ph\u00ed<\/li>\n<\/ul>\n<p>V\u00e1ch ng\u0103n nh\u00f4m k\u00ednh th\u01b0\u1eddng c\u00f3 chi ph\u00ed gi\u00e1 th\u00e0nh th\u1ea5p, l\u1eafp \u0111\u1eb7t g\u1ecdn nh\u1eb9 m\u00e0 ng\u01b0\u1eddi d\u00f9ng l\u1ea1i d\u1ec5 d\u00e0ng s\u1eed d\u1ee5ng.<\/p>\n<ul>\n<li>\u2013 \u0110\u1ed9 b\u1ec1n cao<\/li>\n<\/ul>\n<p>V\u00e1ch ng\u0103n nh\u00f4m k\u00ednh c\u00f3 \u0111\u1ed9 b\u1ec1n cao b\u1edfi n\u00f3 th\u00edch h\u1ee3p v\u1edbi m\u1ecdi \u0111i\u1ec1u ki\u1ec7n thay \u0111\u1ed5i c\u1ee7a th\u1eddi ti\u1ebft do t\u00ednh ch\u1ea5t ch\u1ed1ng nhi\u1ec7t ch\u1ed1ng n\u01b0\u1edbc. V\u00e1ch ng\u0103n nh\u00f4m k\u00ednh c\u00f3 tu\u1ed5i th\u1ecd r\u1ea5t cao do v\u1eadt li\u1ec7u n\u00e0y kh\u00f4ng b\u1ecb \u00f4xy ho\u00e1, kh\u00f4ng b\u1ecb l\u00e3o ho\u00e1 hay v\u00e0ng trong \u0111i\u1ec1u ki\u1ec7n b\u1ee9c x\u1ea1 m\u1eb7t tr\u1eddi v\u00e0 m\u01b0a axit. V\u00e1ch ng\u0103n \u0111\u01b0\u1ee3c l\u00e0m t\u1eeb nh\u00f4m k\u00ednh c\u00f3 t\u00ednh \u1ed5n \u0111\u1ecbnh cao h\u01a1n so v\u1edbi v\u00e1ch ng\u0103n l\u00e0m t\u1eeb c\u00e1c v\u1eadt li\u1ec7u kh\u00e1c b\u1edfi c\u1eeda nh\u00f4m k\u00ednh lu\u00f4n gi\u1eef \u0111\u01b0\u1ee3c \u0111\u1ed9 chu\u1ea9n x\u00e1c c\u1ee7a c\u1ea5u tr\u00fac v\u00e0 v\u1ebb \u0111\u1eb9p ban \u0111\u1ea7u trong su\u1ed1t th\u1eddi gian s\u1eed d\u1ee5ng. S\u1ef1 \u0103n kh\u1edbp gi\u1eefa khu\u00f4n v\u00e0 v\u00e1ch lu\u00f4n \u0111\u1ea3m b\u1ea3o \u0111\u1ed9 k\u00edn, kh\u00edt, kh\u00f4ng gi\u1ed1ng nh\u01b0 v\u00e1ch \u0111\u01b0\u1ee3c l\u00e0m t\u1eeb g\u1ed7 s\u1ebd r\u1ea5y d\u1ec5 b\u1ecb cong v\u00eanh, co r\u00fat l\u1ea1i sau m\u1ed9t th\u1eddi gian s\u1eed d\u1ee5ng trong \u0111i\u1ec1u ki\u1ec7n kh\u00ed h\u1eadu \u1edf Vi\u1ec7t Nam.<\/p>\n<ul>\n<li>\u2013 An to\u00e0n h\u01a1n c\u00e1c ch\u1ea5t li\u1ec7u kh\u00e1c<\/li>\n<\/ul>\n<p>\u0110\u01b0\u1ee3c bi\u1ebft t\u00ecnh tr\u1ea1ng ch\u00e1y n\u1ed5 \u1edf Vi\u1ec7t Nam ng\u00e0y c\u00e0ng di\u1ec5n bi\u1ebfn ph\u1ee9c t\u1ea1p n\u00ean l\u1ef1a ch\u1ecdn h\u00e0ng \u0111\u1ea7u khi \u0111\u1eb7t mua c\u00e1c lo\u1ea1i v\u00e1ch ng\u0103n ch\u00ednh l\u00e0 v\u1eadt li\u1ec7u ch\u1ed1ng ch\u00e1y kh\u00f3 b\u1ecb ph\u00e2n h\u1ee7y ho\u1eb7c ch\u00e1y.<\/p>\n<p>\u0110\u00e1p \u1ee9ng \u0111\u1ea7y \u0111\u1ee7 m\u1ee5c ti\u00eau \u0111\u00f3 n\u00ean v\u00e1ch ng\u0103n nh\u00f4m k\u00ednh \u0111\u01b0\u1ee3c \u01b0a chu\u1ed9ng. C\u1ea3 ph\u1ea7n khung v\u00e0 k\u00ednh \u0111\u1ec1u c\u00f3 th\u1ec3 ch\u1ecbu \u1edf nhi\u1ec7t \u0111\u1ed9 r\u1ea5t cao m\u00e0 kh\u00f4ng b\u1ecb n\u00f3ng ch\u1ea3y. L\u00e0m gi\u1ea3m t\u1ed1i \u0111a s\u1ef1 lan truy\u1ec1n c\u1ee7a ng\u1ecdn l\u1eeda khi c\u00f3 bi\u1ebfn c\u1ed1 x\u1ea3y ra.<\/p>\n<p>V\u1edbi nhi\u1ec7t \u0111\u1ed9 g\u1ea7n 1000oC, thanh nh\u00f4m ch\u1ec9 bi\u1ebfn d\u1ea1ng m\u00e0 kh\u00f4ng b\u00e9n ch\u00e1y, k\u00ednh kh\u00f4ng b\u1ecb t\u00e1c \u0111\u1ed9ng b\u1edfi nhi\u1ec7t \u0111\u1ed9 n\u00e0y lo\u1ea1i b\u1ecf h\u1eb3n qu\u00e1 tr\u00ecnh ph\u00e1t t\u00e1n ng\u1ecdn l\u1eeda qua c\u1eeda.<\/p>\n<p>Ngo\u00e0i ra v\u1edbi t\u00ednh ch\u1ea5t ch\u1ed1ng oxi h\u00f3a tr\u00e1nh c\u00e1c t\u00e1c \u0111\u1ed9ng t\u1eeb b\u00ean ngo\u00e0i v\u00e1ch nh\u00f4m k\u00ednh r\u1ea5t an to\u00e0n khi s\u1eed d\u1ee5ng.<\/p>\n<ul>\n<li>\u2013 Ti\u1ec7n l\u1ee3i khi s\u1eed d\u1ee5ng<\/li>\n<\/ul>\n<p>Do t\u00ednh ch\u1ea5t \u0111\u1eb7c \u0111i\u1ec3m c\u1ee7a hai lo\u1ea1i v\u1eadt li\u1ec7u nh\u00f4m v\u00e0 k\u00ednh m\u00e0 v\u00e1ch ng\u0103n nh\u00f4m k\u00ednh r\u1ea5t ti\u1ec7n l\u1ee3i trong vi\u1ec7c lau ch\u00f9i h\u00e0ng ng\u00e0y. Nh\u00f4m k\u00ednh c\u00f3 kh\u1ea3 n\u0103ng ch\u1ed1ng b\u00e1m b\u1ea9n c\u00e1c v\u1ebft b\u1ea9n b\u00e1m tr\u00ean c\u1eeda r\u1ea5t d\u1ec5 lau ch\u00f9i.<\/p>\n<p>Trong vi\u1ec7c s\u1eeda ch\u1eefa, th\u00f4ng th\u01b0\u1eddng v\u00e1ch ng\u0103n nh\u00f4m k\u00ednh h\u01b0 h\u1ecfng l\u00e0 do t\u00e1c nh\u00e2n v\u1eadt l\u00fd m\u00e0 c\u1ee5 th\u1ec3 l\u00e0 l\u1ef1c m\u1ea1nh tr\u1ef1c ti\u1ebfp t\u00e1c \u0111\u1ed9ng v\u00e0o l\u00e0m bi\u1ebfn d\u1ea1ng khung nh\u00f4m ho\u1eb7c v\u1ee1 n\u1ee9t k\u00ednh. Tuy nhi\u00ean vi\u1ec7c thay th\u1ec3 s\u1eeda ch\u00fang r\u1ea5t \u0111\u01a1n gi\u1ea3n. V\u1edbi k\u00ednh ch\u1ec9 c\u1ea7n thay ph\u1ea7n \u00f4 b\u1ecb h\u1ecfng v\u1ee1 l\u00e0 c\u00f3 th\u1ec3 s\u1eed d\u1ee5ng ti\u1ebfp, c\u00f2n v\u1edbi ph\u1ea7n nh\u00f4m n\u1ebfu b\u1ecb bi\u1ebfn d\u1ea1ng c\u00f3 th\u1ec3 g\u00f2 l\u1ea1i ho\u1eb7c thay th\u1ebf. \u0110\u00e2y l\u00e0 t\u00ednh ch\u1ea5t n\u1ed5i b\u1eadt c\u1ee7a c\u1eeda nh\u00f4m k\u00ednh kh\u00e1c bi\u1ec7t ho\u00e0n to\u00e0n v\u1edbi c\u1eeda l\u00e0m t\u1eeb v\u1eadt li\u1ec7u kh\u00e1c.<\/p>\n<p>\u0110\u1ec3 c\u00f3 nh\u1eefng th\u00f4ng tin ch\u00ednh x\u00e1c c\u0169ng nh\u01b0 d\u1ecbch v\u1ee5 t\u01b0 v\u1ea5n mi\u1ec5n ph\u00ed c\u00f9ng v\u1edbi c\u00e1c m\u1eabu m\u00e3 thi\u1ebft k\u1ebf,\u00a0<strong>d\u1ecbch v\u1ee5 l\u00e0m v\u00e1ch ng\u0103n nh\u00f4m k\u00ednh<\/strong>\u00a0t\u1ea1i Nh\u00f4m k\u00ednh Ti\u00ean Phong, h\u00e3y li\u00ean h\u1ec7 v\u1edbi ch\u00fang t\u00f4i. Ch\u00fang t\u00f4i lu\u00f4n cam k\u1ebft mang l\u1ea1i nh\u1eefng d\u1ecbch v\u1ee5 t\u1ed1t nh\u1ea5t cho qu\u00fd kh\u00e1ch h\u00e0ng.\u00a0 M\u1ecdi th\u00f4ng tin chi ti\u1ebft xin vui l\u00f2ng li\u00ean h\u1ec7 v\u1edbi Nh\u00f4m k\u00ednh Ti\u00ean Phong:<\/p>\n<p>+ Hotline k\u1ef9 thu\u1eadt: 0977 009 353<\/p>\n<p>+ Hotline kinh doanh: 0931 077 704<\/p>\n<p>+ \u0110\u1ecba ch\u1ec9: S\u1ed1 39A, \u0110\u01b0\u1eddng 23,Ph\u01b0\u1eddng Hi\u1ec7p B\u00ecnh Ch\u00e1nh, Qu\u1eadn Th\u1ee7 \u0110\u1ee9c, Tp. HCM<\/p>\n","protected":false},"excerpt":{"rendered":"<p><strong>Ch\u1ea5t Li\u1ec7u:\u00a0<\/strong>S\u1eaft nh\u1eadp, s\u1ea3n ph\u1ea9m \u0111\u01b0\u1ee3c m\u1ea1 K\u1ebdm, s\u01a1n hai th\u00e0nh ph\u1ea7n(Lo\u1ea1i S\u01a1n T\u1ea7u Bi\u1ec3n) kh\u00f4ng s\u00e9t r\u1ec9 ,m\u1ea7u lu\u00f4n lu\u00f4n m\u1edbi, kh\u00f4ng phai m\u1ea7u&#8230;<\/p>\n<p><strong>Ki\u1ec3u d\u00e1ng:<\/strong>\u00a0Hi\u1ec7n \u0111\u1ea1i, \u0111\u01a1n gi\u1ea3n, \u0111\u1ed9c \u0111\u00e1o, ph\u00e1 c\u00e1ch .<\/p>\n<p><strong>M\u00e0u s\u1eafc:\u00a0<\/strong>T\u00f9y theo s\u1ef1 ch\u1ecdn l\u1ef1a c\u1ee7a Ch\u1ee7 \u0110\u1ea7u T\u01b0<\/p>\n<p><strong>S\u1ea3n xu\u1ea5t :<\/strong>C\u01a1 Kh\u00ed X\u00e2y D\u1ef1ng Th\u1ee7 \u0110\u00f4<\/p>\n","protected":false},"featured_media":209,"comment_status":"open","ping_status":"closed","template":"","meta":[],"product_cat":[44,36],"product_tag":[],"_links":{"self":[{"href":"https:\/\/demo.bmconnect.vn\/giacongcokhi\/wp-json\/wp\/v2\/product\/208"}],"collection":[{"href":"https:\/\/demo.bmconnect.vn\/giacongcokhi\/wp-json\/wp\/v2\/product"}],"about":[{"href":"https:\/\/demo.bmconnect.vn\/giacongcokhi\/wp-json\/wp\/v2\/types\/product"}],"replies":[{"embeddable":true,"href":"https:\/\/demo.bmconnect.vn\/giacongcokhi\/wp-json\/wp\/v2\/comments?post=208"}],"wp:featuredmedia":[{"embeddable":true,"href":"https:\/\/demo.bmconnect.vn\/giacongcokhi\/wp-json\/wp\/v2\/media\/209"}],"wp:attachment":[{"href":"https:\/\/demo.bmconnect.vn\/giacongcokhi\/wp-json\/wp\/v2\/media?parent=208"}],"wp:term":[{"taxonomy":"product_cat","embeddable":true,"href":"https:\/\/demo.bmconnect.vn\/giacongcokhi\/wp-json\/wp\/v2\/product_cat?post=208"},{"taxonomy":"product_tag","embeddable":true,"href":"https:\/\/demo.bmconnect.vn\/giacongcokhi\/wp-json\/wp\/v2\/product_tag?post=208"}],"curies":[{"name":"wp","href":"https:\/\/api.w.org\/{rel}","templated":true}]}}