{"id":206,"date":"2019-03-19T16:32:51","date_gmt":"2019-03-19T16:32:51","guid":{"rendered":"https:\/\/demo.bmconnect.vn\/giacongcokhi\/?post_type=product&#038;p=206"},"modified":"2019-03-19T16:32:52","modified_gmt":"2019-03-19T16:32:52","slug":"hang-rao-sat-nha-xe","status":"publish","type":"product","link":"https:\/\/demo.bmconnect.vn\/giacongcokhi\/san-pham\/hang-rao-sat-nha-xe\/","title":{"rendered":"H\u00e0ng r\u00e0o s\u1eaft nh\u00e0 xe"},"content":{"rendered":"<p>K\u1ef9 ngh\u1ec7\u00a0S\u1eaft\u00a0Thanh Tuy\u1ebfn.\u00a0Nh\u00e0\u00a0V\u00f2m. Lan Can. C\u1eeda\u00a0S\u1eaft. C\u1ea7u Thang. Tay V\u1ecbn Lan Can.\u00a0H\u00e0ng R\u00e0o S\u1eaft. M\u00e1i T\u00f4n. X\u00e2y d\u1ef1ng\u00a0nh\u00e0\u00a0\u1edf. C\u1eeda nh\u00f4m. c\u1eeda k\u00ednh c\u01b0\u1eddng\u00a0&#8230;<\/p>\n<p>H\u00e0ng r\u00e0o s\u1eaft\u00a0nh\u00e0 xe, \u0111\u01b0\u1ee3c l\u00e0m t\u1eeb ch\u1ea5t li\u1ec7u s\u1eaft h\u1ed9p v\u1eeba \u0111\u1ea3m b\u1ea3o s\u1ef1 an to\u00e0n cho ng\u00f4i\u00a0nh\u00e0\u00a0v\u1eeba l\u00e0 \u0111i\u1ec3m nh\u1ea5n b\u00ean ngo\u00e0i, thu h\u00fat s\u1ef1 ch\u00fa \u00fd c\u1ee7a m\u1ecdi ng\u01b0\u1eddi.<\/p>\n","protected":false},"excerpt":{"rendered":"<p>H\u00e0ng r\u00e0o s\u1eaft\u00a0nh\u00e0 xe, \u0111\u01b0\u1ee3c l\u00e0m t\u1eeb ch\u1ea5t li\u1ec7u s\u1eaft h\u1ed9p v\u1eeba \u0111\u1ea3m b\u1ea3o s\u1ef1 an to\u00e0n cho ng\u00f4i\u00a0nh\u00e0\u00a0v\u1eeba l\u00e0 \u0111i\u1ec3m nh\u1ea5n b\u00ean ngo\u00e0i, thu h\u00fat s\u1ef1 ch\u00fa \u00fd c\u1ee7a m\u1ecdi ng\u01b0\u1eddi.<\/p>\n","protected":false},"featured_media":207,"comment_status":"open","ping_status":"closed","template":"","meta":[],"product_cat":[44],"product_tag":[],"_links":{"self":[{"href":"https:\/\/demo.bmconnect.vn\/giacongcokhi\/wp-json\/wp\/v2\/product\/206"}],"collection":[{"href":"https:\/\/demo.bmconnect.vn\/giacongcokhi\/wp-json\/wp\/v2\/product"}],"about":[{"href":"https:\/\/demo.bmconnect.vn\/giacongcokhi\/wp-json\/wp\/v2\/types\/product"}],"replies":[{"embeddable":true,"href":"https:\/\/demo.bmconnect.vn\/giacongcokhi\/wp-json\/wp\/v2\/comments?post=206"}],"wp:featuredmedia":[{"embeddable":true,"href":"https:\/\/demo.bmconnect.vn\/giacongcokhi\/wp-json\/wp\/v2\/media\/207"}],"wp:attachment":[{"href":"https:\/\/demo.bmconnect.vn\/giacongcokhi\/wp-json\/wp\/v2\/media?parent=206"}],"wp:term":[{"taxonomy":"product_cat","embeddable":true,"href":"https:\/\/demo.bmconnect.vn\/giacongcokhi\/wp-json\/wp\/v2\/product_cat?post=206"},{"taxonomy":"product_tag","embeddable":true,"href":"https:\/\/demo.bmconnect.vn\/giacongcokhi\/wp-json\/wp\/v2\/product_tag?post=206"}],"curies":[{"name":"wp","href":"https:\/\/api.w.org\/{rel}","templated":true}]}}